NOAA-Style Climate Reports

Select a Year or Month report
2022: Tam Hel Maa Huh Tou Kes Hei Elo Syy Lok Mar Jou
2021: Tam Hel Maa Huh Tou Kes Hei Elo Syy Lok Mar Jou
2020: Tam Hel Maa Huh Tou Kes Hei Elo Syy Lok Mar Jou
2019: Tam Hel Maa Huh Tou Kes Hei Elo Syy Lok Mar Jou
2018: Tam Hel Maa Huh Tou Kes Hei Elo Syy Lok Mar Jou
2017: Tam Hel Maa Huh Tou Kes Hei Elo Syy Lok Mar Jou

Raportti 2017 Kesäkuu
                   Monthly Climatological Summary for Jun 2017

Name: Weatherstation Konginkangas   City: Konginkangas   State: Keski-Suomi
Elevation: 104 m  Lat: N 62 45 28   Lon: E 025 47 49

                  Temperature (¬°C), Rain (mm), Wind Speed (m/s)

                                      Heat  Cool        Avg
    Mean                              Deg   Deg         Wind                 Dom
Day Temp  High   Time   Low    Time   Days  Days  Rain  Speed High   Time    Dir
----------------------------------------------------------------------------------
02   6.8  10.2   18:14   5.1   23:35   2.9   0.0   0.0   1.2   8.2   18:15   NNW
03   6.4  11.4   16:11   0.6   23:58  11.9   0.0   0.0   1.2   6.1   16:29   NNW
04   9.5  20.3   16:44  -2.6   03:36   8.9   0.0   0.0   1.0   6.5   10:50   SSW
05  10.9  17.2   11:58   2.2   04:39   7.4   0.0   0.9   1.1   7.1   17:17    SE
06  14.9  23.9   16:19   9.4   01:47   4.1   0.7   0.3   0.9   4.4   11:06   SSE
07  17.1  24.4   14:03   6.7   04:29   2.9   1.8   0.0   1.5   6.8   18:51   ENE
08  16.0  21.0   13:04   6.0   03:38   3.0   0.6   0.0   2.3   8.2   14:22   ENE
09  14.0  18.6   18:56   8.6   04:53   4.3   0.0   0.0   0.5   3.7   12:48     E
10  15.9  24.5   14:40   6.0   04:45   3.5   1.1   0.0   0.5   2.7   08:28   ENE
11  15.8  23.4   14:39  11.9   00:17   3.1   0.6   1.8   0.6   5.1   15:56     S
12  14.5  18.3   12:09  12.3   23:46   3.8   0.0   1.2   0.1   5.0   11:54    SE
13  10.8  12.8   19:50   6.9   23:58   7.5   0.0   0.6   0.6   8.0   14:02     N
14  12.3  19.4   17:13   3.7   04:51   6.1   0.1   0.2   0.6   9.0   11:16   NNW
15  15.1  23.3   17:49   4.9   04:22   4.4   1.2   0.2   0.2   4.0   14:07   ENE
16  17.6  26.3   16:32   8.5   05:13   2.8   2.1   0.0   0.2   6.0   18:48    SE
17  19.2  24.8   17:00  13.8   01:14   1.3   2.2   0.0   0.5   7.0   18:34    SW
18  16.2  20.7   17:45  13.6   07:38   2.3   0.2   5.0   0.3   7.0   17:44    SW
19  15.7  19.3   16:03  12.4   04:59   2.6   0.1   0.0   1.1  11.0   13:47   WSW
20  10.9  12.8   00:00   9.5   23:55   7.4   0.0   6.6   0.2   4.0   04:14    SW
21  12.4  16.8   15:57   8.8   05:25   5.9   0.0   0.2   0.7   9.0   16:56   WNW
22  10.8  14.8   16:33   6.7   04:32   7.5   0.0   0.0   0.4   8.0   13:14   WNW
23  11.3  17.4   16:03   4.8   01:52   7.0   0.0   0.0   0.6   4.4   09:39     E
24  12.2  18.0   11:26   3.5   03:15   6.1   0.0   0.3   0.5   3.7   14:24   SSE
25  12.9  22.0   17:13  10.3   07:30   5.7   0.3   4.5   0.9   7.1   19:12   ESE
26  12.5  20.4   16:49   9.0   23:56   5.8   0.0   5.7   0.5   4.8   08:57   SSE
27  12.8  19.4   14:38   7.1   03:10   5.5   0.0   5.1   0.6   5.8   13:19    SE
28  14.9  21.5   18:15   8.9   23:59   3.7   0.3   0.3   0.9   6.1   16:45   ESE
29  14.9  25.4   17:47   4.2   04:08   4.4   1.0   0.0   1.0   5.1   11:19    NE
30  16.1  21.9   17:52   6.4   03:41   3.1   0.9   0.0   4.1  10.5   15:25    NE
----------------------------------------------------------------------------------
    14.7  25.4    29    -2.6     4   102.7   7.3  45.9   0.7  10.5    30       E

Max >=  27.0  0
Max <=   0.0  0
Min <=   0.0  1
Min <= -18.0  0
Max Rain: 26.7 on day 22
Days of Rain: 10 (>= 0.2 mm)  4 (>= 2.0 mm)  1 (>= 20.0 mm)
Heat Base: 18.3  Cool Base: 18.3  Method: Integration