NOAA-Style Climate Reports

Select a Year or Month report
2022: Tam Hel Maa Huh Tou Kes Hei Elo Syy Lok Mar Jou
2021: Tam Hel Maa Huh Tou Kes Hei Elo Syy Lok Mar Jou
2020: Tam Hel Maa Huh Tou Kes Hei Elo Syy Lok Mar Jou
2019: Tam Hel Maa Huh Tou Kes Hei Elo Syy Lok Mar Jou
2018: Tam Hel Maa Huh Tou Kes Hei Elo Syy Lok Mar Jou
2017: Tam Hel Maa Huh Tou Kes Hei Elo Syy Lok Mar Jou

Raportti 2017 Syyskuu
                   Monthly Climatological Summary for Sep 2017

Name: Weatherstation Konginkangas   City: Konginkangas   State: Keski-Suomi
Elevation: 104 m  Lat: N 62 45 28   Lon: E 025 47 49

                  Temperature (¬°C), Rain (mm), Wind Speed (m/s)

                                      Heat  Cool        Avg
    Mean                              Deg   Deg         Wind                 Dom
Day Temp  High   Time   Low    Time   Days  Days  Rain  Speed High   Time    Dir
----------------------------------------------------------------------------------
01  13.8  17.2   10:32   7.8   22:55   4.5   0.0   1.8   0.6   5.0   12:10   WNW
02  10.5  18.2   17:21   3.8   04:12   7.8   0.0   0.0   0.2   2.0   13:25    NW
03  10.2  19.2   16:50   4.0   06:22   8.1   0.0   0.0   0.6   4.0   14:57     E
04   8.2  14.5   16:45   1.0   05:40  10.1   0.0   0.0   1.9   9.0   10:44     E
05   7.8  15.3   16:24   0.1   05:37  10.5   0.0   0.0   1.3   7.0   10:26     E
06   7.6  15.8   16:46  -0.2   04:11  10.7   0.0   0.0   1.1   6.0   16:06     E
07   8.7  11.2   11:30   2.4   06:09   9.6   0.0   1.5   1.5   6.0   19:50   ESE
08  10.8  12.5   16:38   9.4   06:13   7.5   0.0   3.0   1.2   4.0   00:02     E
09  11.4  14.1   12:43   8.5   05:34   6.9   0.0   1.5   0.7   5.0   16:59   ESE
10  13.8  15.9   17:46  12.2   00:00   4.5   0.0  17.7   0.9   6.0   09:48    SE
11  13.3  19.7   16:52   9.4   05:59   5.0   0.0   0.9   0.3   5.0   15:47   WNW
12  11.3  13.6   16:23   7.2   02:28   7.0   0.0  17.1   0.6   5.0   11:51   ESE
13  12.5  17.2   16:12   8.6   23:46   5.8   0.0   0.0   0.1   2.0   08:31   NNW
14  11.5  15.3   13:08   8.3   00:22   6.8   0.0   7.5   0.2   6.0   11:32     E
15   8.8  11.0   10:48   5.2   23:32   9.5   0.0   0.9   0.3   4.0   10:44   WNW
16   5.4  11.3   14:40   0.0   14:43  12.9   0.0   0.0   0.1   2.0   00:20     W
17   8.9  12.8   15:00   5.8   03:49   9.4   0.0   0.3   0.1   2.0   17:59   SSW
18   9.3  12.2   11:39   7.4   05:17   9.0   0.0   0.3   0.9   8.0   21:59   ESE
19   7.4   8.8   00:00   6.1   08:58  11.4   0.0   2.7   1.9   9.0   05:04   ESE
20   7.7   8.8   12:35   6.5   05:19  10.9   0.0   2.1   1.9   5.0   13:24   ESE
21  10.0  12.2   15:26   8.7   00:00   8.1   0.0   0.6   1.2   4.0   04:28   ESE
22   9.8  11.5   15:55   7.1   06:02   8.5   0.0   0.0   1.4   5.0   19:57   ESE
23  10.6  15.5   16:21   6.4   23:59   7.7   0.0   0.0   0.6   4.0   01:23   ESE
24   8.9  19.3   16:27   0.0   05:34   9.3   0.0   0.0   0.3   2.0   11:55    NE
25   8.5  20.2   16:32   2.8   07:00   9.9   0.0   0.0   0.2   2.0   13:29   NNW
26   7.6  12.4   15:48   2.6   05:03  10.7   0.0   0.0   0.2   2.0   14:44   SSE
27   9.4  13.9   16:06   7.4   19:59   9.1   0.0   0.3   0.2   2.0   11:54     E
28   8.9  11.8   15:53   7.1   23:52   9.4   0.0   0.0   0.2   2.0   16:09   ESE
29   7.5   9.7   13:24   5.7   05:15  10.8   0.0   0.0   0.6   4.0   07:06     E
30   6.6   7.7   00:00   5.5   07:44  11.7   0.0   0.3   0.3   3.0   01:32   ESE
----------------------------------------------------------------------------------
     9.6  20.2    25    -0.2     6   263.1   0.0  58.5   0.7   9.0     4     ESE

Max >=  27.0  0
Max <=   0.0  0
Min <=   0.0  3
Min <= -18.0  0
Max Rain: 17.7 on day 10
Days of Rain: 16 (>= 0.2 mm)  6 (>= 2.0 mm)  0 (>= 20.0 mm)
Heat Base: 18.3  Cool Base: 18.3  Method: Integration