NOAA-Style Climate Reports

Select a Year or Month report
2022: Tam Hel Maa Huh Tou Kes Hei Elo Syy Lok Mar Jou
2021: Tam Hel Maa Huh Tou Kes Hei Elo Syy Lok Mar Jou
2020: Tam Hel Maa Huh Tou Kes Hei Elo Syy Lok Mar Jou
2019: Tam Hel Maa Huh Tou Kes Hei Elo Syy Lok Mar Jou
2018: Tam Hel Maa Huh Tou Kes Hei Elo Syy Lok Mar Jou
2017: Tam Hel Maa Huh Tou Kes Hei Elo Syy Lok Mar Jou

Raportti 2018 Helmikuu
                   Monthly Climatological Summary for Feb 2018

Name: Weatherstation Konginkangas   City: Konginkangas   State: Keski-Suomi
Elevation: 104 m  Lat: N 62 45 28   Lon: E 025 47 49

                  Temperature (¬°C), Rain (mm), Wind Speed (m/s)

                                      Heat  Cool        Avg
    Mean                              Deg   Deg         Wind                 Dom
Day Temp  High   Time   Low    Time   Days  Days  Rain  Speed High   Time    Dir
----------------------------------------------------------------------------------
01  -9.5   0.0   20:19 -15.0   08:42  27.7   0.0   0.0   1.2   8.0   16:03   ENE
02  -9.4   0.0   00:00 -10.7   23:32  27.6   0.0   0.0   1.9   6.0   07:00   ENE
03 -13.3 -10.5   12:09 -18.0   23:59  31.6   0.0   0.0   0.4   5.0   00:29   ENE
04 -13.9  -7.4   22:58 -21.4   06:39  32.2   0.0   0.0   0.2   2.0   18:10     W
05 -11.9  -7.6   00:15 -15.4   22:21  30.2   0.0   0.0   0.1   2.0   00:14   WSW
06 -10.5  -8.4   11:59 -14.3   01:06  28.7   0.0   0.0   0.7   4.0   15:07   ENE
07 -11.1  -8.6   14:51 -14.3   09:01  29.4   0.0   0.0   0.2   2.0   00:11     E
08  -8.4  -2.6   19:15 -16.9   06:05  26.6   0.0   0.0   0.1   2.0   19:46   SSE
09  -5.3  -3.5   02:11  -7.0   22:21  23.6   0.0   0.0   0.5   2.0   12:11    SE
10  -6.2  -4.7   10:19  -7.0   23:51  24.5   0.0   0.0   0.2   2.0   01:45    SE
11  -6.3  -5.2   13:09  -7.3   00:25  24.6   0.0   0.0   0.4   3.0   14:06     E
12  -3.7  -2.0   13:18  -5.8   02:10  22.0   0.0   0.0   0.8   4.0   15:30   ESE
13  -1.1   0.6   13:46  -3.4   00:00  19.4   0.0   0.0   1.3   5.0   19:02    SE
14   0.2   1.6   14:51  -0.4   03:15  18.1   0.0   0.0   0.9   4.0   00:27    SE
15  -1.2   0.3   12:31  -4.8   23:27  19.5   0.0   0.0   0.9   4.0   21:55    SE
16  -8.9  -4.8   00:00 -12.8   18:37  27.2   0.0   0.0   0.2   3.0   01:11   ESE
17 -10.1  -4.7   14:56 -14.6   23:47  28.4   0.0   0.0   0.1   1.0   11:17   ENE
18 -13.9  -8.6   12:45 -20.3   23:47  32.2   0.0   0.0   0.0   1.0   02:12    SE
19 -16.2  -7.0   14:55 -23.3   07:25  34.5   0.0   0.0   0.1   2.0   15:09     W
20 -17.9  -9.7   13:54 -25.0   07:46  36.1   0.0   0.0   0.0   1.0   13:01     W
21 -15.5  -9.0   15:30 -20.5   23:58  33.7   0.0   0.0   0.0   1.0   17:39   ESE
22 -16.2  -6.0   12:47 -26.1   07:20  34.5   0.0   0.0   0.0   1.0   11:17   SSE
23 -16.3 -11.0   13:55 -21.6   07:40  34.5   0.0   0.0   0.2   2.0   13:59    NE
24 -16.5  -8.5   13:55 -25.8   07:46  34.8   0.0   0.0   0.1   2.0   15:34   NNW
25  -7.9  -3.2   12:37 -12.1   00:00  26.1   0.0   0.0   0.4   4.0   12:48   NNE
26  -9.7  -7.9   15:04 -15.8   23:58  28.0   0.0   0.0   1.9  10.0   21:26   ENE
27 -18.3 -13.8   13:56 -24.1   23:57  36.6   0.0   0.0   0.9   7.0   00:24   ENE
28 -21.2 -12.7   12:38 -28.0   06:55  39.4   0.0   0.0   0.2   3.0   12:23     E
----------------------------------------------------------------------------------
   -10.7   1.6    14   -28.0    28   811.7   0.0   0.0   0.5  10.0    26       E

Max >=  27.0  0
Max <=   0.0 25
Min <=   0.0 28
Min <= -18.0 11
Max Rain: 0.0 on day 0
Days of Rain: 0 (>= 0.2 mm)  0 (>= 2.0 mm)  0 (>= 20.0 mm)
Heat Base: 18.3  Cool Base: 18.3  Method: Integration