NOAA-Style Climate Reports

Select a Year or Month report
2022: Tam Hel Maa Huh Tou Kes Hei Elo Syy Lok Mar Jou
2021: Tam Hel Maa Huh Tou Kes Hei Elo Syy Lok Mar Jou
2020: Tam Hel Maa Huh Tou Kes Hei Elo Syy Lok Mar Jou
2019: Tam Hel Maa Huh Tou Kes Hei Elo Syy Lok Mar Jou
2018: Tam Hel Maa Huh Tou Kes Hei Elo Syy Lok Mar Jou
2017: Tam Hel Maa Huh Tou Kes Hei Elo Syy Lok Mar Jou

Raportti 2018 Syyskuu
                   Monthly Climatological Summary for Sep 2018

Name: Weatherstation Konginkangas   City: Konginkangas   State: Keski-Suomi
Elevation: 104 m  Lat: N 62 45 28   Lon: E 025 47 49

                  Temperature (¬°C), Rain (mm), Wind Speed (m/s)

                                      Heat  Cool        Avg
    Mean                              Deg   Deg         Wind                 Dom
Day Temp  High   Time   Low    Time   Days  Days  Rain  Speed High   Time    Dir
----------------------------------------------------------------------------------
01  15.7  21.9   13:36  10.9   06:34   3.2   0.6   0.3   0.4   3.0   13:47   ENE
02  16.4  23.4   12:28  10.8   06:48   2.9   1.0   0.0   0.3   2.0   11:45     E
03  15.6  24.7   14:13   7.7   06:06   4.1   1.4   0.0   0.5   3.0   16:54     W
04  15.6  23.0   12:32   8.6   04:33   3.6   0.9   0.0   0.7   4.0   13:41     E
05  14.8  21.3   16:08  10.2   00:24   3.8   0.3   0.0   0.4   2.0   14:36   ESE
06  14.9  20.5   15:30  11.4   00:13   3.5   0.1   0.0   0.2   2.0   15:32   ESE
07  15.0  22.0   15:52  10.0   06:56   3.6   0.3   0.3   0.5   3.0   18:11     E
08  14.3  18.0   12:17  10.9   01:20   4.0   0.0   0.0   1.6   7.0   14:15     E
09  16.0  20.7   15:06  13.0   23:56   2.5   0.2   0.0   1.2   5.0   14:27     E
10  14.0  15.9   16:37  12.1   00:29   4.3   0.0   0.0   0.8   4.0   10:53     E
11  14.4  17.5   12:18  11.7   23:58   3.9   0.0   7.5   0.8   5.0   13:07   ESE
12  11.2  13.6   12:47   7.4   08:04   7.1   0.0  19.8   0.6   5.0   16:23   WSW
13  11.1  17.5   15:11   7.8   01:07   7.2   0.0   1.5   0.7   5.0   12:54   WSW
14  10.3  16.7   13:25   5.6   06:08   8.0   0.0   0.9   0.4   4.0   13:25     W
15  10.8  14.1   14:24   8.0   00:46   7.5   0.0   8.7   0.5   5.0   14:30     W
16   8.6  16.8   15:20   4.3   04:44   9.7   0.0   0.9   0.3   5.0   12:39   WSW
17   4.3   9.1   10:34   0.0   14:50  14.0   0.0   7.2   0.2   4.0   13:53     E
18   9.3  15.5   14:58   0.0   00:00   9.0   0.0   1.2   0.2   3.0   16:57   WSW
19  14.0  15.5   14:10  10.8   00:00   4.3   0.0   0.6   0.4   5.0   22:09     W
20  14.4  20.5   15:06  11.1   03:16   4.0   0.1   0.0   1.0   8.0   13:36     W
21  12.3  16.4   23:54   7.9   05:58   6.0   0.0   0.9   0.9   6.0   12:59     W
22  14.0  17.8   02:37   9.1   23:30   4.3   0.0   1.2   1.5   8.0   14:31     W
23   8.4  12.5   15:06   4.2   23:58   9.9   0.0   5.1   0.8   5.0   11:10     W
24   0.8   4.2   00:00   0.0   07:21  17.5   0.0   0.0   0.0   1.0   00:05    SW
25   5.4  12.9   15:27   0.0   00:00  12.9   0.0   0.0   0.4   4.0   11:06    SW
26   7.4   8.8   16:32   5.7   01:44  10.7   0.0   4.8   0.8   6.0   21:46     W
27   5.8   7.5   12:50   0.0   01:24  12.5   0.0   0.3   0.9   7.0   12:16     W
28   2.2  10.0   15:14  -1.8   04:49  16.1   0.0   0.0   0.5   4.0   11:49   WSW
29   0.5   6.3   20:59  -2.5   01:15  17.7   0.0   0.9   0.2   5.0   23:33     W
30   7.0  12.6   15:22   3.7   00:55  11.3   0.0   3.3   0.6   4.0   03:10     W
----------------------------------------------------------------------------------
    10.8  24.7     3    -2.5    29   229.1   4.9  65.4   0.6   8.0    20     WSW

Max >=  27.0  0
Max <=   0.0  0
Min <=   0.0  7
Min <= -18.0  0
Max Rain: 19.8 on day 12
Days of Rain: 18 (>= 0.2 mm)  7 (>= 2.0 mm)  0 (>= 20.0 mm)
Heat Base: 18.3  Cool Base: 18.3  Method: Integration