NOAA-Style Climate Reports

Select a Year or Month report
2022: Tam Hel Maa Huh Tou Kes Hei Elo Syy Lok Mar Jou
2021: Tam Hel Maa Huh Tou Kes Hei Elo Syy Lok Mar Jou
2020: Tam Hel Maa Huh Tou Kes Hei Elo Syy Lok Mar Jou
2019: Tam Hel Maa Huh Tou Kes Hei Elo Syy Lok Mar Jou
2018: Tam Hel Maa Huh Tou Kes Hei Elo Syy Lok Mar Jou
2017: Tam Hel Maa Huh Tou Kes Hei Elo Syy Lok Mar Jou

Raportti 2018 Marraskuu
                   Monthly Climatological Summary for Nov 2018

Name: Weatherstation Konginkangas   City: Konginkangas   State: Keski-Suomi
Elevation: 104 m  Lat: N 62 45 28   Lon: E 025 47 49

                  Temperature (¬°C), Rain (mm), Wind Speed (m/s)

                                      Heat  Cool        Avg
    Mean                              Deg   Deg         Wind                 Dom
Day Temp  High   Time   Low    Time   Days  Days  Rain  Speed High   Time    Dir
----------------------------------------------------------------------------------
01   5.7   7.7   13:26  -0.3   23:59  12.6   0.0   0.9   0.6   5.0   07:08   WSW
02   3.6   8.0   23:59  -0.8   00:47  14.7   0.0   2.7   0.8   4.0   12:09   ESE
03   5.8   8.4   01:57  -0.1   22:30  12.5   0.0   0.9   0.6   4.0   06:08   WSW
04   3.6   6.2   20:21   0.4   00:00  14.6   0.0   0.0   0.3   3.0   00:11   SSW
05   4.3   7.0   12:46   2.4   03:06  14.0   0.0   0.3   0.6   5.0   12:33   WSW
06   5.1   5.7   11:59   4.2   00:00  13.2   0.0   0.3   0.3   4.0   06:09   SSW
07   4.6   5.6   12:45   3.8   01:29  13.7   0.0   0.6   0.2   3.0   17:26     E
08   5.4   6.3   20:35   4.6   01:16  12.9   0.0   0.3   0.2   3.0   00:18     E
09   5.0   6.0   00:00   4.0   23:12  13.3   0.0   0.6   0.4   5.0   20:41   ESE
10   3.0   4.0   00:00   2.2   13:10  15.3   0.0   1.5   1.6   6.0   10:19     E
11   3.3   3.9   23:59   2.9   00:00  15.0   0.0   0.6   1.5   5.0   16:37    SE
12   3.9   4.6   10:46   2.6   20:01  14.4   0.0   5.7   1.4   7.0   12:57    SE
13   5.4   6.3   12:14   3.8   00:00  12.9   0.0   0.3   0.5   4.0   00:40   SSE
14   4.3   5.2   00:01   2.7   22:33  14.0   0.0   0.3   0.1   2.0   04:15   WSW
15   5.2   7.4   23:17   2.5   00:24  13.1   0.0   0.3   0.6   5.0   18:30   WSW
16   8.0   9.5   12:51   7.0   23:46  10.3   0.0   0.3   0.8   5.0   21:08   WSW
17   4.8   7.0   00:00   3.0   16:25  13.5   0.0   0.0   0.6   6.0   22:49     W
18   2.0   5.2   00:43  -2.7   23:55  16.3   0.0   0.0   1.2   9.0   13:01   ENE
19  -4.9   0.0   08:38  -7.2   08:52  23.2   0.0   0.0   0.1   1.0   02:39     W
20  -2.1   1.0   12:47  -5.8   00:00  20.3   0.0   0.0   0.1   3.0   09:25   WSW
21  -4.2  -3.2   00:00  -4.2   01:41  22.4   0.0   0.0   0.0   1.0   00:00     W
22  -2.6  -0.3   12:28  -5.8   23:01  20.9   0.0   0.0   0.0   1.0   02:12   WSW
23  -3.3  -0.6   14:45  -6.7   07:25  21.6   0.0   0.0   0.0   2.0   15:45   WSW
24  -3.8   1.1   13:03  -6.4   22:33  22.1   0.0   0.0   0.0   1.0   11:16   SSE
25  -7.0  -6.1   13:25  -12.2  05:22  21.0   0.0   0.0   0.0   1.0   13:23   WSW
26  -6.1  -6.0   14:55  -15.6  04:31  23.0   0.0   0.0   0.0   3.0   14:44   WSW
27  -6.1  -6.0   00:01  -8.4   04:31  22.4   0.0   0.0   0.0   1.0   11:40   SSE
28  -6.4  -3.8   17:22  -8.6   04:32  19.1   0.0   0.0   0.0   1.0   08:42   SSE
29  -0.9   1.5   21:34  -5.5   00:01  17.1   0.0   0.0   1.5   9.0   22:01   SSE
30   1.2   2.1   14:43  -0.2   04:00  17.1   0.0   0.0   1.5   3.0   16:39   WSW
----------------------------------------------------------------------------------
     1.2   9.5    16    -15.6    26   496.5  0.0  15.6   0.5   9.0    18     SSE

Max >=  27.0  0
Max <=   0.0  7
Min <=   0.0 16
Min <= -18.0  0
Max Rain: 5.7 on day 12
Days of Rain: 15 (>= 0.2 mm)  2 (>= 2.0 mm)  0 (>= 20.0 mm)
Heat Base: 18.3  Cool Base: 18.3  Method: Integration