NOAA-Style Climate Reports

Select a Year or Month report
2022: Tam Hel Maa Huh Tou Kes Hei Elo Syy Lok Mar Jou
2021: Tam Hel Maa Huh Tou Kes Hei Elo Syy Lok Mar Jou
2020: Tam Hel Maa Huh Tou Kes Hei Elo Syy Lok Mar Jou
2019: Tam Hel Maa Huh Tou Kes Hei Elo Syy Lok Mar Jou
2018: Tam Hel Maa Huh Tou Kes Hei Elo Syy Lok Mar Jou
2017: Tam Hel Maa Huh Tou Kes Hei Elo Syy Lok Mar Jou

Raportti 2019 Kesäkuu
                   Monthly Climatological Summary for Jun 2019

Name: Weatherstation Konginkangas   City: Konginkangas   State: Keski-Suomi
Elevation: 104 m  Lat: N 62 45 28   Lon: E 025 47 48

                  Temperature (¬°C), Rain (mm), Wind Speed (m/s)

                                      Heat  Cool        Avg
    Mean                              Deg   Deg         Wind                 Dom
Day Temp  High   Time   Low    Time   Days  Days  Rain  Speed High   Time    Dir
----------------------------------------------------------------------------------
01  10.8  18.8   14:52   4.9   04:45   7.5   0.0   3.8   0.4   6.0   13:04   WSW
02  11.1  16.7   15:29   5.6   23:58   7.2   0.0   5.2   0.3   5.0   16:49    SE
03  11.7  18.4   12:44   3.3   02:45   6.5   0.0   1.6   0.2   4.0   11:26   SSW
04  16.3  24.3   16:55   9.7   02:36   3.2   1.3   0.0   0.4   6.0   16:02   WSW
05  17.5  25.8   16:48   5.7   03:46   3.4   2.6   0.0   0.2   4.0   10:44     N
06  22.6  30.9   16:24  11.7   04:47   1.4   5.8   0.0   0.3   4.0   15:49   ESE
07  22.8  30.6   15:54  13.5   04:40   0.9   5.4   0.0   0.3   4.0   13:26     E
08  22.0  30.2   16:25  15.2   04:08   0.3   4.0   2.2   0.3   6.0   11:09    SE
09  18.6  22.9   15:23  13.7   23:59   0.9   1.2  11.2   0.4   7.0   13:08   WSW
10  15.5  19.0   18:09  11.8   02:01   2.9   0.0   0.0   0.6   6.0   07:38     W
11  13.0  16.2   16:26   7.2   23:59   5.3   0.0   0.0   0.6   5.0   16:19   ESE
12  10.6  14.9   17:59   3.6   03:09   7.7   0.0   0.0   1.5   6.0   11:36     E
13  11.3  13.3   19:30   5.3   02:27   7.0   0.0   0.0   1.3   6.0   14:35     E
14  14.3  18.2   15:55  10.7   04:31   4.0   0.0   2.0   0.7   5.0   10:09     E
15  15.2  21.2   18:21  12.0   02:44   3.4   0.3   1.4   0.2   3.0   10:44     E
16  18.1  25.8   16:21   7.8   04:25   2.5   2.4   0.0   0.1   3.0   10:39    NE
17  19.0  26.5   14:33  11.5   02:56   1.9   2.5   3.6   0.2   3.0   11:32   SSE
18  19.5  27.2   15:41   9.9   04:15   2.0   3.2   0.0   0.4   5.0   10:48    SW
19  19.5  25.2   14:29  13.7   02:49   1.2   2.4   0.0   0.5   8.0   16:24   WSW
20  18.7  24.6   16:49   9.1   04:14   2.0   2.4   0.0   0.3   4.0   16:55     E
21  21.4  26.9   14:11  14.7   04:19   0.5   3.6   2.8   0.3   5.0   10:51    SW
22  15.0  20.3   13:07  10.9   04:37   3.4   0.1   2.0   0.5   8.0   11:50   WSW
23  15.3  20.8   14:33   9.2   04:04   3.3   0.4   0.0   0.6   7.0   12:20    SW
24  14.4  20.0   10:49   6.7   02:45   4.0   0.1   0.0   0.2   4.0   10:45   SSE
25  13.1  20.6   10:28   6.4   02:42   5.3   0.1   3.0   0.2   4.0   10:50   SSE
26  14.2  18.3   14:27   8.6   04:55   4.1   0.0   0.0   0.1   3.0   14:47    SE
27  14.3  18.2   15:06   9.7   23:59   4.0   0.0   2.4   0.3   8.0   17:45     S
28  13.2  18.8   14:50   6.3   23:59   5.1   0.0   0.0   0.5   5.0   15:33     S
29  12.2  17.8   10:56   3.2   03:07   6.1   0.0   0.0   0.1   4.0   16:56    SW
30  15.0  20.4   17:02   7.8   04:55   3.5   0.2   0.0   0.2   4.0   09:41    SE
----------------------------------------------------------------------------------
    15.9  30.9     6     3.2    29   110.5  38.0  41.2   0.4   8.0    19     SSE

Max >=  27.0  4
Max <=   0.0  0
Min <=   0.0  0
Min <= -18.0  0
Max Rain: 11.2 on day 9
Days of Rain: 12 (>= 0.2 mm)  10 (>= 2.0 mm)  0 (>= 20.0 mm)
Heat Base: 18.3  Cool Base: 18.3  Method: Integration