NOAA-Style Climate Reports

Select a Year or Month report
2022: Tam Hel Maa Huh Tou Kes Hei Elo Syy Lok Mar Jou
2021: Tam Hel Maa Huh Tou Kes Hei Elo Syy Lok Mar Jou
2020: Tam Hel Maa Huh Tou Kes Hei Elo Syy Lok Mar Jou
2019: Tam Hel Maa Huh Tou Kes Hei Elo Syy Lok Mar Jou
2018: Tam Hel Maa Huh Tou Kes Hei Elo Syy Lok Mar Jou
2017: Tam Hel Maa Huh Tou Kes Hei Elo Syy Lok Mar Jou

Raportti 2019 Elokuu
                   Monthly Climatological Summary for Aug 2019

Name: Weatherstation Konginkangas   City: Konginkangas   State: Keski-Suomi
Elevation: 104 m  Lat: N 62 45 28   Lon: E 025 47 48

                  Temperature (¬°C), Rain (mm), Wind Speed (m/s)

                                      Heat  Cool        Avg
    Mean                              Deg   Deg         Wind                 Dom
Day Temp  High   Time   Low    Time   Days  Days  Rain  Speed High   Time    Dir
----------------------------------------------------------------------------------
01  13.2  17.4   18:47   9.9   04:51   5.1   0.0   0.0   0.3   5.0   11:46    SE
02  12.3  14.5   15:52   9.1   05:18   6.0   0.0   0.0   0.8   8.0   10:47    SE
03  10.9  14.3   16:39   8.1   03:38   7.3   0.0   0.6   0.5   5.0   00:00    SE
04  11.3  17.7   16:34   4.5   02:23   7.0   0.0   0.0   0.5   7.0   17:04     S
05  13.3  20.4   15:57   5.6   03:11   5.3   0.3   0.0   0.4   6.0   13:14     N
06  11.0  18.1   17:05   1.6   05:12   7.2   0.0   0.0   0.9   5.0   11:04    NE
07  13.9  20.9   14:52   4.7   03:11   4.9   0.5   0.0   0.3   4.0   11:28   NNE
08  15.2  20.4   17:09  11.3   06:23   3.4   0.3   2.6   0.2   3.0   13:28     N
09  15.0  22.1   16:17   6.0   05:39   4.0   0.7   0.0   0.5   5.0   15:06   NNE
10  14.9  22.3   17:23   5.4   05:14   4.2   0.7   0.0   0.3   2.0   12:51     N
11  16.1  20.3   14:32   9.7   05:08   2.5   0.3   0.8   0.6   7.0   17:30     N
12  16.3  20.0   16:27  13.7   23:55   2.1   0.2  13.0   0.2   4.0   16:43   ENE
13  15.7  18.9   12:58  12.3   04:30   2.6   0.0   2.2   0.1   4.0   12:00     N
14  13.3  19.3   13:16   8.4   05:22   5.0   0.0   4.0   0.2   4.0   14:06     N
15  12.6  15.1   16:36  10.9   05:32   5.7   0.0   4.8   0.1   4.0   11:56     N
16  15.8  22.1   16:15  10.8   06:17   3.1   0.7   0.0   0.2   4.0   11:33     N
17  18.2  23.4   15:21  13.6   00:00   1.6   1.4   0.0   0.3   9.0   14:14     N
18  18.8  23.1   13:46  14.8   05:27   0.9   1.4   0.0   0.3   5.0   12:14     N
19  16.0  18.7   18:22  11.7   23:59   2.3   0.0   3.8   0.4   5.0   13:23     N
20  15.6  22.3   16:06  10.0   02:57   3.4   0.7   0.0   0.4   7.0   15:36     N
21  14.8  21.1   14:25  10.7   23:55   3.8   0.3   5.2   0.2   5.0   08:20     N
22  13.1  20.3   16:38   7.1   04:22   5.4   0.1   0.0   0.2   5.0   15:24     N
23  11.9  16.9   15:40   4.9   03:52   6.3   0.0   1.6   0.2   5.0   14:04     N
24  13.3  17.4   15:08   8.5   23:56   4.9   0.0   0.0   0.1   4.0   14:11     N
25  13.0  20.0   16:16   4.5   05:24   5.5   0.2   0.0   0.2   5.0   16:29     N
26  15.6  19.0   15:57   9.8   23:49   2.8   0.0   0.0   0.0   4.0   03:11     N
27  16.0  25.1   16:32   7.2   04:04   3.9   1.6   0.0   0.1   3.0   14:01     N
28  17.8  26.3   16:44  10.2   05:53   2.6   2.2   0.0   0.2   5.0   16:51     N
29  18.9  25.6   16:43  11.1   06:43   1.7   2.3   0.0   0.3   4.0   12:15     N
30  15.8  19.1   18:20  10.3   05:17   2.5   0.1   1.0   0.0   2.0   07:47     N
31  16.2  22.6   16:29   9.5   04:37   3.1   1.0   0.0   0.3   6.0   11:46     N
----------------------------------------------------------------------------------
    14.7  26.3    28     1.6     6   126.1  15.0  39.6   0.3   9.0    17     NNE

Max >=  27.0  0
Max <=   0.0  0
Min <=   0.0  0
Min <= -18.0  0
Max Rain: 13.0 on day 12
Days of Rain: 11 (>= 0.2 mm)  7 (>= 2.0 mm)  0 (>= 20.0 mm)
Heat Base: 18.3  Cool Base: 18.3  Method: Integration