NOAA-Style Climate Reports

Select a Year or Month report
2022: Tam Hel Maa Huh Tou Kes Hei Elo Syy Lok Mar Jou
2021: Tam Hel Maa Huh Tou Kes Hei Elo Syy Lok Mar Jou
2020: Tam Hel Maa Huh Tou Kes Hei Elo Syy Lok Mar Jou
2019: Tam Hel Maa Huh Tou Kes Hei Elo Syy Lok Mar Jou
2018: Tam Hel Maa Huh Tou Kes Hei Elo Syy Lok Mar Jou
2017: Tam Hel Maa Huh Tou Kes Hei Elo Syy Lok Mar Jou

Raportti 2019 Syyskuu
                   Monthly Climatological Summary for Sep 2019

Name: Weatherstation Konginkangas   City: Konginkangas   State: Keski-Suomi
Elevation: 104 m  Lat: N 62 45 28   Lon: E 025 47 48

                  Temperature (¬°C), Rain (mm), Wind Speed (m/s)

                                      Heat  Cool        Avg
    Mean                              Deg   Deg         Wind                 Dom
Day Temp  High   Time   Low    Time   Days  Days  Rain  Speed High   Time    Dir
----------------------------------------------------------------------------------
01  15.6  22.9   16:25   9.2   06:13   3.5   0.8   0.0   0.3   4.0   09:44     N
02  17.3  23.6   15:39   9.6   05:59   2.5   1.5   5.0   0.4   6.0   11:49     N
03  13.4  17.9   16:04  10.4   23:59   4.8   0.0   2.2   0.0   3.0   13:07     N
04  11.8  17.4   16:10   5.0   06:28   6.5   0.0   0.0   0.3   5.0   14:59     N
05  12.3  16.1   14:18   5.8   01:16   6.0   0.0   0.4   0.5   5.0   12:00     N
06  13.0  17.1   16:34   7.7   22:45   5.3   0.0   1.0   0.2   4.0   00:06     N
07  10.7  16.5   15:49   2.3   06:34   7.6   0.0   4.0   0.2   5.0   11:35     N
08  13.8  19.2   16:17   9.1   23:59   4.5   0.0   0.0   0.1   4.0   15:06     N
09  12.0  16.8   16:08   4.7   04:33   6.3   0.0   3.6   0.8   4.0   13:02     N
10  15.2  17.9   17:41  10.6   23:41   3.1   0.0   2.0   0.1   3.0   10:14     N
11  14.1  19.3   14:37   8.6   04:16   4.3   0.1   0.4   0.5   5.0   16:58     N
12  13.7  16.4   15:31  11.2   23:59   4.6   0.0   1.4   0.5   6.0   17:33     N
13  11.0  14.5   15:58   6.8   23:59   7.2   0.0   3.8   0.1   6.0   16:57     N
14   7.8  13.4   16:15   1.7   23:57  10.5   0.0   0.0   0.2   4.0   10:22     N
15   6.5   9.3   17:17   1.7   00:00  11.7   0.0   9.6   0.3   6.0   13:01     N
16   7.9  10.6   15:35   5.8   23:42  10.4   0.0   8.6   0.1   5.0   07:46     N
17   7.1  10.3   16:32   5.5   04:27  11.2   0.0   3.4   0.0   4.0   16:36     N
18   4.3   9.6   16:05  -1.1   23:50  14.0   0.0   0.0   0.3   4.0   16:14     N
19   1.7   6.3   11:57  -2.2   05:36  16.6   0.0   1.4   0.1   5.0   18:42     N
20   3.1   9.2   13:47  -1.1   05:44  15.1   0.0   0.0   0.0   4.0   14:55     N
21   3.9   8.6   15:41  -0.3   02:11  14.4   0.0   0.6   0.1   4.0   20:20     N
22   2.4   7.8   16:00  -1.6   23:39  15.8   0.0   0.0   0.3   4.0   12:40     N
23   2.6   7.7   14:10  -1.3   00:00  15.7   0.0   0.0   0.2   5.0   12:03     N
24   1.9   7.9   16:19  -2.4   05:49  16.3   0.0   0.0   0.1   3.0   13:05     N
25   1.5   7.6   16:09  -2.6   01:06  16.7   0.0   0.0   0.2   3.0   11:02   NNW
26   6.6  10.4   15:19   1.6   00:00  11.6   0.0   0.0   0.0   2.0   09:33     N
27   8.9  12.5   13:34   6.3   07:37   9.3   0.0   0.0   0.0   1.0   10:22     N
28   9.0  11.7   16:32   6.7   07:26   9.3   0.0   0.0   0.0   2.0   12:20     N
29   8.4  10.2   19:16   6.3   04:41   9.9   0.0   3.4   0.1   4.0   14:49     N
30   9.2  11.0   16:50   6.8   02:25   9.0   0.0   0.6   0.0   3.0   18:09   NNE
----------------------------------------------------------------------------------
     8.9  23.6     2    -2.6    25   283.7   2.4  51.4   0.2   6.0     2       N

Max >=  27.0  0
Max <=   0.0  0
Min <=   0.0  8
Min <= -18.0  0
Max Rain: 9.6 on day 15
Days of Rain: 17 (>= 0.2 mm)  10 (>= 2.0 mm)  0 (>= 20.0 mm)
Heat Base: 18.3  Cool Base: 18.3  Method: Integration