NOAA-Style Climate Reports

Select a Year or Month report
2022: Tam Hel Maa Huh Tou Kes Hei Elo Syy Lok Mar Jou
2021: Tam Hel Maa Huh Tou Kes Hei Elo Syy Lok Mar Jou
2020: Tam Hel Maa Huh Tou Kes Hei Elo Syy Lok Mar Jou
2019: Tam Hel Maa Huh Tou Kes Hei Elo Syy Lok Mar Jou
2018: Tam Hel Maa Huh Tou Kes Hei Elo Syy Lok Mar Jou
2017: Tam Hel Maa Huh Tou Kes Hei Elo Syy Lok Mar Jou

Raportti 2019 Lokakuu
                   Monthly Climatological Summary for Oct 2019

Name: Weatherstation Konginkangas   City: Konginkangas   State: Keski-Suomi
Elevation: 104 m  Lat: N 62 45 28   Lon: E 025 47 48

                  Temperature (¬°C), Rain (mm), Wind Speed (m/s)

                                      Heat  Cool        Avg
    Mean                              Deg   Deg         Wind                 Dom
Day Temp  High   Time   Low    Time   Days  Days  Rain  Speed High   Time    Dir
----------------------------------------------------------------------------------
01   7.9  10.5   00:04   3.7   23:52  10.4   0.0  33.2   0.6   7.0   10:35     N
02   4.0   5.1   07:22   3.0   02:11  14.2   0.0   5.8   1.5   9.0   07:04     N
03   3.3   4.3   00:00   1.9   09:02  14.9   0.0   0.0   3.0   8.0   17:56     N
04   1.2   2.8   01:05   0.1   23:56  17.0   0.0   1.4   0.7   7.0   01:08   NNE
05   0.3   3.6   16:30  -2.2   22:49  17.9   0.0   1.0   0.1   4.0   15:46     S
06   2.3   6.1   13:46  -1.3   00:00  15.9   0.0   0.8   0.0   3.0   14:02     N
07   3.2   4.5   11:55   1.9   00:35  15.1   0.0   1.6   0.0   3.0   12:55     N
08   2.2   3.6   14:46  -1.0   23:56  16.1   0.0   0.2   0.7   5.0   06:25     E
09  -0.5   4.2   14:41  -3.7   08:04  18.8   0.0   0.0   0.0   2.0   12:42     N
10  -0.3   3.6   23:54  -5.7   04:55  18.6   0.0   0.0   0.0   2.0   12:33     N
11   7.0   9.2   15:01   3.6   00:00  11.2   0.0   2.0   0.0   3.0   05:27     N
12   6.1   8.6   14:39   2.1   23:51  12.2   0.0   0.4   0.0   3.0   16:34     N
13   1.9   4.1   15:04  -0.3   20:22  16.3   0.0   0.2   0.0   2.0   13:43   NNE
14   1.2   3.7   15:06  -1.9   21:16  17.0   0.0   0.0   0.1   3.0   15:35     N
15   0.4   3.5   14:24  -2.6   08:28  17.9   0.0   0.0   0.0   2.0   14:01     N
16   2.4   3.1   21:15   1.4   03:55  15.8   0.0   1.2   1.1   6.0   22:21     N
17   1.7   2.8   00:00   1.0   19:01  16.5   0.0   4.4   2.6   7.0   10:29     N
18   3.4   5.8   23:44   1.4   00:00  14.9   0.0   1.8   0.0   2.0   01:49     N
19   8.0  10.4   16:41   5.8   00:00  10.3   0.0  13.2   0.1   4.0   18:42     N
20   2.6   8.8   00:00   0.6   23:24  15.6   0.0   1.8   0.7   5.0   05:06   ENE
21   0.7   2.0   13:40  -0.2   19:36  17.5   0.0   2.8   0.1   3.0   01:01    NE
22   4.8   7.5   15:07   0.5   00:00  13.4   0.0   0.2   0.7   6.0   18:44     N
23   4.7   7.6   15:27  -0.4   23:59  13.5   0.0   0.0   0.1   5.0   15:53     N
24   6.5   9.4   15:28  -0.9   00:59  11.8   0.0   0.2   0.1   4.0   15:16     N
25  10.0  11.2   12:13   8.4   02:52   8.3   0.0   0.2   0.7  10.0   21:53   NNW
26   5.4   8.6   00:00   1.6   21:49  12.9   0.0   0.2   0.7   8.0   00:11     N
27   0.7   2.4   00:00  -0.9   20:38  18.2   0.0   0.8   0.3   5.0   10:46     N
28  -2.0  -0.2   12:33  -4.2   20:00  20.2   0.0   0.0   0.0   1.0   05:09     N
29  -2.4  -0.1   12:39  -4.6   23:07  20.6   0.0   0.0   0.0   4.0   13:05     N
30  -3.9  -1.6   23:58  -6.5   04:08  22.1   0.0   0.0   0.0   3.0   23:28    NW
31   0.5   2.3   11:09  -1.6   00:00  17.7   0.0   0.8   0.1   5.0   01:53   WNW
----------------------------------------------------------------------------------
     2.7  11.2    25    -6.5    30   482.8   0.0  74.2   0.5  10.0    25       N

Max >=  27.0  0
Max <=   0.0  3
Min <=   0.0 16
Min <= -18.0  0
Max Rain: 33.2 on day 1
Days of Rain: 22 (>= 0.2 mm)  6 (>= 2.0 mm)  1 (>= 20.0 mm)
Heat Base: 18.3  Cool Base: 18.3  Method: Integration