NOAA-Style Climate Reports

Select a Year or Month report
2022: Tam Hel Maa Huh Tou Kes Hei Elo Syy Lok Mar Jou
2021: Tam Hel Maa Huh Tou Kes Hei Elo Syy Lok Mar Jou
2020: Tam Hel Maa Huh Tou Kes Hei Elo Syy Lok Mar Jou
2019: Tam Hel Maa Huh Tou Kes Hei Elo Syy Lok Mar Jou
2018: Tam Hel Maa Huh Tou Kes Hei Elo Syy Lok Mar Jou
2017: Tam Hel Maa Huh Tou Kes Hei Elo Syy Lok Mar Jou

Raportti 2020 Huhtikuu
                   Monthly Climatological Summary for Apr 2020

Name: Weatherstation Konginkangas   City: Konginkangas   State: Keski-Suomi
Elevation: 104 m  Lat: N 62 45 28   Lon: E 025 47 48

                  Temperature (¬°C), Rain (mm), Wind Speed (m/s)

                                      Heat  Cool        Avg
    Mean                              Deg   Deg         Wind                 Dom
Day Temp  High   Time   Low    Time   Days  Days  Rain  Speed High   Time    Dir
----------------------------------------------------------------------------------
01  -0.7   3.8   15:52  -5.8   23:48  18.9   0.0   3.8   0.3   7.0   17:34     N
02  -2.7   2.2   17:35  -9.4   03:47  20.9   0.0   0.2   0.3   4.0   11:45     N
03   0.3   3.9   12:50  -2.6   23:44  18.0   0.0   5.2   0.5   6.0   05:20     N
04  -2.0   4.2   15:04  -7.6   06:45  20.2   0.0   0.4   0.3   5.0   13:35     N
05  -2.0   3.8   16:47  -7.2   06:28  20.2   0.0   0.2   0.4   5.0   10:48     N
06  -1.5   2.1   14:19  -8.4   03:27  19.7   0.0   0.0   0.5   5.0   16:01     N
07   5.7  15.6   15:51  -0.7   06:40  12.6   0.0   1.4   0.3   5.0   13:46   NNW
08   4.9  11.6   15:20  -1.8   05:49  13.3   0.0   0.0   0.5   9.0   14:51     N
09   3.2   6.6   14:16  -2.1   23:59  15.1   0.0   1.0   0.3   5.0   15:48     N
10   0.1   5.5   14:29  -3.7   03:08  18.1   0.0   0.2   0.2   4.0   17:59     N
11   0.3   6.8   16:44  -4.3   23:56  18.0   0.0   0.2   0.2   4.0   08:20     N
12  -0.5   4.0   23:50  -6.8   03:54  18.7   0.0   3.2   0.7   6.0   13:54     N
13   1.7   4.2   14:40  -2.0   23:21  16.6   0.0   1.8   0.3   5.0   13:03     N
14   0.1   5.1   15:10  -3.0   23:56  18.1   0.0   1.4   0.2   5.0   15:18     N
15  -0.4   2.4   13:18  -3.9   02:02  18.6   0.0   0.2   0.3   3.0   09:57     N
16   1.5   8.3   15:48  -2.1   23:57  16.8   0.0   0.0   0.4   6.0   17:14     N
17   0.8   3.6   17:41  -2.8   05:03  17.4   0.0   0.0   0.6   7.0   12:53     N
18   3.0   5.8   11:19   1.5   05:37  15.3   0.0   0.0   0.7   7.0   12:55     N
19   3.7   8.3   14:38  -2.2   05:11  14.5   0.0   0.0   0.2   4.0   13:32     N
20   5.3  10.4   14:10   0.3   04:57  13.0   0.0   0.0   0.0   4.0   15:54     N
21   6.6  14.8   15:50  -2.2   05:17  11.6   0.0   0.0   0.2   5.0   18:58     N
22   5.4  13.1   16:14  -2.9   06:10  12.9   0.0   0.0   0.3   4.0   17:16     N
23   4.4  10.1   16:47  -2.7   05:14  13.9   0.0   0.0   0.4   4.0   12:38     N
24   3.0   7.9   15:46  -2.6   23:57  15.3   0.0   0.2   0.4   7.0   17:05     N
25   1.4   7.4   16:45  -4.6   05:18  16.8   0.0   0.0   0.4   6.0   13:47     N
26   1.9   5.7   14:42  -2.7   23:41  16.4   0.0   0.0   0.3   5.0   12:22     N
27   1.9   6.8   16:36  -4.1   04:51  16.4   0.0   0.0   0.3   4.0   12:14     N
28   1.4   5.2   15:55  -1.3   05:26  16.8   0.0   0.0   0.5   4.0   16:40     N
29   1.1   4.2   10:54  -3.2   23:58  17.1   0.0   0.0   0.9   7.0   13:56     N
30   0.3   5.1   16:56  -4.9   02:56  18.0   0.0   0.0   0.4   4.0   12:02     N
----------------------------------------------------------------------------------
     1.6  15.6     7    -9.4     2   499.2   0.0  19.4   0.4   9.0     8       N

Max >=  27.0  0
Max <=   0.0  0
Min <=   0.0 28
Min <= -18.0  0
Max Rain: 5.2 on day 3
Days of Rain: 14 (>= 0.2 mm)  3 (>= 2.0 mm)  0 (>= 20.0 mm)
Heat Base: 18.3  Cool Base: 18.3  Method: Integration