NOAA-Style Climate Reports

Select a Year or Month report
2022: Tam Hel Maa Huh Tou Kes Hei Elo Syy Lok Mar Jou
2021: Tam Hel Maa Huh Tou Kes Hei Elo Syy Lok Mar Jou
2020: Tam Hel Maa Huh Tou Kes Hei Elo Syy Lok Mar Jou
2019: Tam Hel Maa Huh Tou Kes Hei Elo Syy Lok Mar Jou
2018: Tam Hel Maa Huh Tou Kes Hei Elo Syy Lok Mar Jou
2017: Tam Hel Maa Huh Tou Kes Hei Elo Syy Lok Mar Jou

Raportti 2020 Toukokuu
                   Monthly Climatological Summary for May 2020

Name: Weatherstation Konginkangas   City: Konginkangas   State: Keski-Suomi
Elevation: 104 m  Lat: N 62 45 28   Lon: E 025 47 48

                  Temperature (¬°C), Rain (mm), Wind Speed (m/s)

                                      Heat  Cool        Avg
    Mean                              Deg   Deg         Wind                 Dom
Day Temp  High   Time   Low    Time   Days  Days  Rain  Speed High   Time    Dir
----------------------------------------------------------------------------------
01   2.9   8.9   15:32  -6.8   04:48  15.4   0.0   0.0   0.6   5.0   14:59     N
02   9.4  15.6   14:47   3.2   05:47   8.9   0.0   0.0   1.0   8.0   12:55     N
03   7.0  10.2   17:03   4.1   23:59  11.2   0.0   2.2   0.0   4.0   00:28     N
04   6.7  15.1   16:14  -1.1   04:20  11.6   0.0   0.2   0.4   4.0   14:04     N
05   7.3  16.9   16:34  -3.1   04:36  11.0   0.0   0.0   0.4   4.0   14:59     N
06   6.6  15.1   16:20  -2.3   04:57  11.7   0.0   0.0   0.4   5.0   13:03     N
07   5.1  10.9   16:19  -2.4   03:08  13.2   0.0   0.0   0.3   5.0   12:09     N
08   5.4  11.7   16:46  -3.8   05:39  12.9   0.0   0.0   0.4   8.0   16:51     N
09   4.6   8.5   13:51  -2.3   23:58  13.6   0.0   2.0   0.4   5.0   12:39     N
10   7.2  15.7   14:54  -5.2   04:56  11.0   0.0   0.0   1.2   8.0   16:40     N
11   2.5  11.7   00:00  -0.8   23:58  15.7   0.0   6.6   0.2   6.0   00:00     N
12   4.0  11.1   16:07  -3.2   03:56  14.1   0.0   0.0   0.4   5.0   14:01     N
13   4.4  10.7   15:32  -4.2   04:39  13.8   0.0   0.0   0.4   4.0   10:48     N
14   4.7  11.4   13:00  -2.4   03:29  13.3   0.0   0.0   0.4   5.0   16:42     N
15   2.7   8.9   15:17  -3.3   03:51  15.5   0.0   1.4   0.4   6.0   10:58     N
16   2.7   6.5   17:49  -1.6   03:47  15.6   0.0   1.8   0.4   3.0   08:29     N
17   4.2   8.2   15:05   0.5   04:29  14.0   0.0   0.6   0.1   4.0   14:59     N
18   6.0  11.1   14:10   1.2   04:45  12.3   0.0   1.0   0.3   5.0   15:06     N
19   5.1  10.2   15:37  -0.3   05:38  13.1   0.0   2.0   0.4   5.0   16:09     N
20   6.3  11.6   14:51  -0.2   03:52  11.9   0.0   0.2   0.5   5.0   11:14     N
21   8.4  13.7   16:47   4.0   04:49   9.9   0.0   0.0   0.6   6.0   15:15     N
22   8.8  15.6   17:05  -1.7   04:49   9.5   0.0   0.0   0.9   5.0   12:43     N
23  12.2  20.2   16:09  -1.4   04:07   6.4   0.3   0.0   0.6   5.0   12:43     N
24  13.2  17.8   16:08   5.7   23:59   5.0   0.0   0.0   0.8   6.0   16:31     N
25  12.6  20.3   16:05   0.5   04:08   5.9   0.2   0.0   0.6   6.0   14:57     N
26  15.2  21.9   17:08   4.6   04:06   4.0   0.8   0.0   0.6   5.0   10:48    NE
27  12.9  20.3   10:27   4.8   04:18   5.7   0.3   9.4   0.2   7.0   15:36   NNW
28  11.5  16.7   15:08   4.5   23:59   6.8   0.0   0.2   0.3   5.0   17:29     N
29  10.8  16.8   13:00   1.1   04:05   7.4   0.0   0.0   0.1   4.0   10:12     N
30  12.7  18.3   17:58   3.8   04:18   5.5   0.0   0.0   1.0   6.0   12:52     N
31  13.5  20.0   16:52   3.7   04:11   4.9   0.1   0.0   1.1   7.0   17:16     N
----------------------------------------------------------------------------------
     7.6  21.9    26    -6.8     1   330.8   1.7  27.6   0.5   8.0     2       N

Max >=  27.0  0
Max <=   0.0  0
Min <=   0.0 18
Min <= -18.0  0
Max Rain: 9.4 on day 27
Days of Rain: 12 (>= 0.2 mm)  5 (>= 2.0 mm)  0 (>= 20.0 mm)
Heat Base: 18.3  Cool Base: 18.3  Method: Integration