NOAA-Style Climate Reports

Select a Year or Month report
2022: Tam Hel Maa Huh Tou Kes Hei Elo Syy Lok Mar Jou
2021: Tam Hel Maa Huh Tou Kes Hei Elo Syy Lok Mar Jou
2020: Tam Hel Maa Huh Tou Kes Hei Elo Syy Lok Mar Jou
2019: Tam Hel Maa Huh Tou Kes Hei Elo Syy Lok Mar Jou
2018: Tam Hel Maa Huh Tou Kes Hei Elo Syy Lok Mar Jou
2017: Tam Hel Maa Huh Tou Kes Hei Elo Syy Lok Mar Jou

Raportti 2020 Kesäkuu
                   Monthly Climatological Summary for Jun 2020

Name: Weatherstation Konginkangas   City: Konginkangas   State: Keski-Suomi
Elevation: 104 m  Lat: N 62 45 28   Lon: E 025 47 48

                  Temperature (¬°C), Rain (mm), Wind Speed (m/s)

                                      Heat  Cool        Avg
    Mean                              Deg   Deg         Wind                 Dom
Day Temp  High   Time   Low    Time   Days  Days  Rain  Speed High   Time    Dir
----------------------------------------------------------------------------------
01  15.6  20.2   16:28   9.5   02:34   2.9   0.2   0.0   1.2   6.0   20:37     N
02  15.0  21.2   16:46   4.6   04:23   3.9   0.5   0.0   0.5   4.0   14:47     N
03  15.7  20.7   16:23   7.2   03:46   3.1   0.5   0.0   0.4   4.0   11:43     N
04  14.2  21.0   15:27   2.1   04:27   4.6   0.5   0.0   1.1   8.0   16:13     N
05  13.5  15.6   16:08  12.0   04:39   4.8   0.0   1.8   1.1   6.0   01:56   NNE
06  14.6  20.3   11:19   9.9   23:34   3.8   0.2   4.6   0.7   7.0   15:36     N
07  14.2  19.1   15:31   9.8   02:36   4.2   0.0   0.0   1.1  11.0   06:55     N
08  15.3  20.3   12:42   8.3   04:50   3.5   0.5   0.0   0.2   4.0   11:27     N
09  16.3  21.4   17:45  11.7   04:02   2.4   0.5   0.0   0.2   2.0   18:33     N
10  16.4  22.4   16:32   8.3   05:11   2.7   0.8   0.0   0.5   4.0   10:22     N
11  16.6  22.4   16:37   7.2   04:59   2.7   1.0   0.0   1.1   5.0   13:33     N
12  16.7  23.8   16:43   6.3   04:39   3.1   1.6   0.0   0.3   4.0   12:28   NNE
13  18.3  26.0   16:48   6.6   04:21   2.9   2.9   0.0   0.5   3.0   14:01   NNW
14  20.1  27.1   16:53   9.1   04:24   2.0   3.8   0.0   0.3   4.0   12:30     N
15  21.0  28.7   17:04   9.2   04:36   1.8   4.5   0.0   0.2   4.0   12:37   NNW
16  20.1  25.6   17:04  10.9   04:49   1.3   3.1   0.0   1.1   7.0   13:49    SE
17  20.6  25.9   15:34  13.6   01:53   0.7   3.0   0.0   1.2   5.0   05:47   ESE
18  19.8  25.2   15:51  13.5   23:59   0.4   1.9   3.4   0.3   6.0   15:52     N
19  17.5  23.8   18:06  10.8   03:04   2.1   1.3   0.0   0.4   5.0   16:14   ESE
20  18.1  21.7   16:00  11.8   04:04   1.3   1.1   0.0   1.1   5.0   13:36     N
21  17.6  22.2   15:45   9.3   04:41   2.0   1.2   0.0   0.7   6.0   11:11    NE
22  17.8  25.9   17:03   5.8   03:59   3.1   2.6   0.0   0.5   4.0   13:49   NNW
23  21.9  29.4   17:07  10.7   02:57   1.5   5.1   0.0   0.3   4.0   13:41   NNE
24  23.2  30.8   16:22  11.9   04:33   1.0   5.9   0.0   0.3   5.0   13:17   NNW
25  24.1  32.8   16:24  12.1   04:42   1.1   6.9   0.0   0.3   4.0   16:51    NW
26  25.1  32.6   16:04  14.8   04:43   0.4   7.1   0.0   0.3   5.0   12:29   NNW
27  21.6  25.2   16:50  16.8   05:07   0.1   3.5   0.0   1.3   6.0   13:12    NE
28  18.1  23.0   16:29   8.8   04:14   1.7   1.5   0.0   1.5   6.0   13:00     E
29  19.4  22.8   15:10  14.6   04:34   0.6   1.8   0.0   0.5   5.0   14:18    NE
30  14.1  18.4   00:00  11.7   20:59   4.2   0.0  45.6   0.1   4.0   22:17     N
----------------------------------------------------------------------------------
    18.1  32.8    25     2.1     4    69.9  63.5  55.4   0.6  11.0     7     NNE

Max >=  27.0  6
Max <=   0.0  0
Min <=   0.0  0
Min <= -18.0  0
Max Rain: 45.6 on day 30
Days of Rain: 4 (>= 0.2 mm)  3 (>= 2.0 mm)  1 (>= 20.0 mm)
Heat Base: 18.3  Cool Base: 18.3  Method: Integration