NOAA-Style Climate Reports

Select a Year or Month report
2022: Tam Hel Maa Huh Tou Kes Hei Elo Syy Lok Mar Jou
2021: Tam Hel Maa Huh Tou Kes Hei Elo Syy Lok Mar Jou
2020: Tam Hel Maa Huh Tou Kes Hei Elo Syy Lok Mar Jou
2019: Tam Hel Maa Huh Tou Kes Hei Elo Syy Lok Mar Jou
2018: Tam Hel Maa Huh Tou Kes Hei Elo Syy Lok Mar Jou
2017: Tam Hel Maa Huh Tou Kes Hei Elo Syy Lok Mar Jou

Raportti 2020 Heinäkuu
                   Monthly Climatological Summary for Jul 2020

Name: Weatherstation Konginkangas   City: Konginkangas   State: Keski-Suomi
Elevation: 104 m  Lat: N 62 45 28   Lon: E 025 47 48

                  Temperature (¬°C), Rain (mm), Wind Speed (m/s)

                                      Heat  Cool        Avg
    Mean                              Deg   Deg         Wind                 Dom
Day Temp  High   Time   Low    Time   Days  Days  Rain  Speed High   Time    Dir
----------------------------------------------------------------------------------
01  15.1  19.5   14:18  11.7   23:59   3.3   0.0   0.6   0.5   6.0   02:53   NNW
02  15.0  20.8   15:48   7.1   04:16   3.7   0.4   0.0   0.3   4.0   10:09   NNW
03  15.6  20.6   17:03  10.4   23:59   2.9   0.2   3.6   0.5   6.0   13:30    NW
04  13.6  18.9   10:42   9.5   03:15   4.7   0.0   6.4   0.3   8.0   13:06   NNE
05  14.4  20.9   16:42   7.6   04:12   4.2   0.3   5.0   0.4   5.0   13:47     N
06  15.6  19.8   15:44  12.4   00:11   2.7   0.1  12.4   0.9   9.0   13:32   NNE
07  14.4  18.6   15:18  12.1   23:41   3.9   0.0   8.8   0.4   7.0   07:16     N
08  15.2  21.7   17:14   9.9   05:06   3.4   0.4   0.6   0.3   5.0   16:09   NNW
09  12.7  18.1   14:53   7.4   03:23   5.6   0.0   0.2   0.4   6.0   15:37     N
10  12.5  18.8   13:19   7.9   04:25   5.8   0.0   3.2   0.2   5.0   12:08     N
11  12.8  17.9   17:51   5.8   04:08   5.5   0.0   2.2   0.6   4.0   11:11     N
12  14.3  20.8   14:47   8.2   04:20   4.2   0.3   0.8   0.1   4.0   15:29     N
13  13.0  19.4   14:33   7.4   04:35   5.3   0.0   0.2   0.2   4.0   15:35     N
14  13.6  20.3   15:57   5.6   05:06   4.9   0.2   0.0   0.2   4.0   10:17     N
15  14.7  22.1   16:24   5.5   03:03   4.1   0.5   0.0   0.3   3.0   08:42   NNE
16  17.4  23.1   17:16  10.1   04:31   2.2   1.3   0.0   0.7   5.0   13:39     N
17  18.9  26.7   16:02   8.6   04:20   2.4   3.0   0.0   0.2   4.0   13:50   NNW
18  20.4  27.2   16:28  12.8   03:27   1.3   3.4   0.0   0.3   5.0   14:55     N
19  20.3  26.9   16:27  11.9   05:00   1.2   3.2   0.0   0.1   4.0   10:47     N
20  19.7  25.0   12:58  13.8   05:09   1.1   2.5   0.0   0.1   4.0   14:05   NNE
21  18.1  23.4   13:26  14.4   05:06   1.3   1.1   5.2   0.2   5.0   13:58     E
22  15.1  18.9   12:05  12.6   04:23   3.2   0.0   0.2   0.1   4.0   14:40   NNW
23  13.4  16.6   15:32  11.9   22:47   4.9   0.0   0.2   0.1   4.0   00:08     N
24  12.7  16.8   11:18   9.5   02:13   5.6   0.0   1.6   0.5   5.0   14:17   NNE
25  13.4  15.6   16:43  10.8   00:29   4.8   0.0   9.0   0.2   4.0   06:12   NNE
26  15.5  21.7   16:32   8.7   05:20   3.2   0.4   2.0   0.2   4.0   14:39   NNE
27  17.6  23.7   16:44   8.6   05:03   2.6   1.9   0.0   0.4   4.0   13:26    NE
28  16.0  21.7   11:48  10.0   05:14   2.6   0.3   7.8   0.1   3.0   15:30   ESE
29  17.0  21.1   15:03  14.3   23:55   1.8   0.6  13.6   0.3   4.0   17:08   NNE
30  15.4  20.1   17:16  11.7   03:32   3.1   0.2   1.0   0.1   4.0   23:12     N
31  15.1  17.7   16:16   9.2   23:57   3.2   0.0   0.0   1.6   7.0   10:23    NE
----------------------------------------------------------------------------------
    15.4  27.2    18     5.5    15   108.7  20.3  84.6   0.3   9.0     6     NNE

Max >=  27.0  1
Max <=   0.0  0
Min <=   0.0  0
Min <= -18.0  0
Max Rain: 13.6 on day 29
Days of Rain: 21 (>= 0.2 mm)  12 (>= 2.0 mm)  0 (>= 20.0 mm)
Heat Base: 18.3  Cool Base: 18.3  Method: Integration