NOAA-Style Climate Reports

Select a Year or Month report
2022: Tam Hel Maa Huh Tou Kes Hei Elo Syy Lok Mar Jou
2021: Tam Hel Maa Huh Tou Kes Hei Elo Syy Lok Mar Jou
2020: Tam Hel Maa Huh Tou Kes Hei Elo Syy Lok Mar Jou
2019: Tam Hel Maa Huh Tou Kes Hei Elo Syy Lok Mar Jou
2018: Tam Hel Maa Huh Tou Kes Hei Elo Syy Lok Mar Jou
2017: Tam Hel Maa Huh Tou Kes Hei Elo Syy Lok Mar Jou

Raportti 2020 Syyskuu
                   Monthly Climatological Summary for Sep 2020

Name: Weatherstation Konginkangas   City: Konginkangas   State: Keski-Suomi
Elevation: 104 m  Lat: N 62 45 28   Lon: E 025 47 48

                  Temperature (¬°C), Rain (mm), Wind Speed (m/s)

                                      Heat  Cool        Avg
    Mean                              Deg   Deg         Wind                 Dom
Day Temp  High   Time   Low    Time   Days  Days  Rain  Speed High   Time    Dir
----------------------------------------------------------------------------------
01  10.0  18.1   16:41   3.3   05:53   8.3   0.0   0.0   0.5   4.0   09:43     N
02   9.4  18.6   14:28  -0.3   06:34   8.8   0.0   0.0   0.5   5.0   14:58    NW
03  11.2  16.1   17:37   3.1   03:46   7.1   0.0   0.2   0.5   5.0   11:49   NNE
04  16.1  18.3   16:21  13.7   23:03   2.2   0.0   0.8   0.3   6.0   21:03     N
05  15.0  17.7   15:22  12.6   23:57   3.3   0.0   3.4   0.3   5.0   13:54     N
06  12.7  16.3   16:02   8.4   23:37   5.6   0.0   1.2   0.1   4.0   08:23     N
07  10.6  17.3   16:38   4.8   06:41   7.7   0.0   2.2   0.1   4.0   11:17     N
08   9.6  13.7   13:39   4.2   04:46   8.7   0.0   7.2   0.1   5.0   13:26     N
09  11.6  17.2   16:04   7.2   06:43   6.6   0.0   4.4   0.1   4.0   16:16     N
10   9.8  12.3   16:18   5.8   23:58   8.4   0.0  14.6   0.5   6.0   18:26     N
11   7.6  12.9   15:00   2.9   23:26  10.7   0.0   2.0   0.1   4.0   12:03     N
12  10.4  14.2   14:54   3.8   00:00   7.9   0.0   3.4   0.3   6.0   11:43     N
13  10.7  15.0   16:20   8.4   23:57   7.6   0.0   4.2   0.4   7.0   17:29     N
14   9.1  14.7   16:19   4.8   06:53   9.2   0.0   0.0   0.3   7.0   12:14     N
15   8.2  15.3   16:00   3.0   23:45  10.1   0.0   0.0   0.1   3.0   10:54     N
16   8.8  13.2   19:46   3.1   00:00   9.4   0.0  14.6   0.4   5.0   10:11     N
17   7.6   9.6   00:00   5.6   07:20  10.7   0.0   9.0   1.1   8.0   11:22     N
18   7.4  14.4   15:46   0.3   06:45  10.9   0.0   0.2   0.2   5.0   18:19     N
19   7.5  12.6   16:20   3.2   23:40  10.8   0.0   0.0   0.2   6.0   11:01     N
20   7.5  12.6   15:11   1.5   05:52  10.7   0.0   0.0   0.2   6.0   11:35     N
21   9.6  13.9   13:37   4.2   06:57   8.6   0.0   0.0   0.4   6.0   16:51     N
22   9.6  13.2   12:25   1.7   22:18   8.7   0.0   0.0   0.3   5.0   10:39     N
23   9.7  14.1   17:09   3.2   00:08   8.6   0.0   0.0   0.0   4.0   10:44     N
24  11.7  14.6   15:57   6.6   06:02   6.5   0.0   0.0   0.0   4.0   15:27     N
25  13.4  17.6   16:21   8.0   22:56   4.9   0.0   0.0   0.1   3.0   09:12     N
26  12.7  17.9   14:18   8.8   05:58   5.6   0.0   0.2   0.2   2.0   10:51     N
27  11.4  18.9   15:37   6.3   05:55   6.9   0.0   0.0   0.1   2.0   12:09     N
28   9.1  16.6   15:34   4.1   07:25   9.1   0.0   0.0   0.2   3.0   13:17     N
29   9.5  14.4   13:54   4.0   01:39   8.8   0.0   0.0   0.0   3.0   14:24     N
30  11.8  13.4   15:13  10.9   04:26   6.4   0.0   0.0   0.0   2.0   15:22     N
----------------------------------------------------------------------------------
    10.3  18.9    27    -0.3     2   238.8   0.0  67.6   0.2   8.0    17       N

Max >=  27.0  0
Max <=   0.0  0
Min <=   0.0  1
Min <= -18.0  0
Max Rain: 14.6 on day 10
Days of Rain: 15 (>= 0.2 mm)  10 (>= 2.0 mm)  0 (>= 20.0 mm)
Heat Base: 18.3  Cool Base: 18.3  Method: Integration