NOAA-Style Climate Reports

Select a Year or Month report
2022: Tam Hel Maa Huh Tou Kes Hei Elo Syy Lok Mar Jou
2021: Tam Hel Maa Huh Tou Kes Hei Elo Syy Lok Mar Jou
2020: Tam Hel Maa Huh Tou Kes Hei Elo Syy Lok Mar Jou
2019: Tam Hel Maa Huh Tou Kes Hei Elo Syy Lok Mar Jou
2018: Tam Hel Maa Huh Tou Kes Hei Elo Syy Lok Mar Jou
2017: Tam Hel Maa Huh Tou Kes Hei Elo Syy Lok Mar Jou

Raportti 2020 Lokakuu
                   Monthly Climatological Summary for Oct 2020

Name: Weatherstation Konginkangas   City: Konginkangas   State: Keski-Suomi
Elevation: 104 m  Lat: N 62 45 28   Lon: E 025 47 48

                  Temperature (¬°C), Rain (mm), Wind Speed (m/s)

                                      Heat  Cool        Avg
    Mean                              Deg   Deg         Wind                 Dom
Day Temp  High   Time   Low    Time   Days  Days  Rain  Speed High   Time    Dir
----------------------------------------------------------------------------------
01  10.6  13.8   15:23   5.3   23:59   7.7   0.0   0.0   0.2   3.0   16:47     N
02   8.2  12.9   16:16   3.8   04:42  10.1   0.0   0.0   0.7   4.0   09:38     N
03   8.1  14.1   16:08   0.9   06:06  10.2   0.0   0.0   0.9   5.0   19:15     N
04  11.9  14.1   15:03   9.9   05:49   6.4   0.0   0.0   1.4   7.0   23:13     N
05  11.5  15.4   16:02   5.2   23:57   6.8   0.0   1.4   0.7   6.0   02:19     N
06  10.1  13.3   12:04   3.0   02:50   8.2   0.0   1.2   1.3   7.0   08:15     N
07  11.9  13.6   14:36  10.8   05:13   6.3   0.0   0.8   0.3   4.0   14:36     N
08  11.9  13.3   15:28  11.0   23:20   6.3   0.0   0.6   0.2   4.0   13:48     N
09  10.9  12.2   14:54   8.4   23:59   7.3   0.0   0.8   0.4   4.0   19:05     N
10   9.3  11.3   15:26   7.2   23:58   9.0   0.0   0.8   0.2   5.0   06:21     N
11   7.4   9.3   12:05   3.9   03:21  10.9   0.0   0.8   0.2   4.0   12:08     N
12   6.5   8.3   15:42   3.1   08:01  11.8   0.0   0.8   0.0   2.0   13:47     N
13   6.6   7.4   16:28   5.3   07:23  11.6   0.0   1.0   0.0   2.0   15:02     N
14   3.7   6.7   00:00  -1.6   23:57  14.6   0.0   1.0   0.0   2.0   03:28     N
15   1.2   5.3   14:39  -2.7   04:11  17.1   0.0  11.8   0.0   4.0   12:45     N
16   0.8   5.7   14:00  -1.9   07:11  17.5   0.0   0.4   0.1   4.0   12:33     N
17   3.5   6.4   14:54  -0.6   02:27  14.8   0.0   2.8   0.1   4.0   12:19     N
18   2.6   4.6   01:01   0.0   20:25  15.6   0.0   1.0   0.0   2.0   01:00     N
19   0.9   2.4   12:16  -0.3   06:05  17.3   0.0   1.0   0.1   5.0   12:51     N
20  -0.2   0.9   13:19  -1.3   21:29  18.5   0.0   0.0   0.0   4.0   00:04     N
21   0.3   2.3   23:59  -0.8   00:00  17.9   0.0   7.4   0.7   5.0   18:32     N
22   5.9   7.6   13:42   2.2   00:00  12.3   0.0   8.2   0.4   4.0   03:30     N
23   2.7   6.4   05:37  -1.9   20:38  15.6   0.0   1.6   0.0   4.0   15:33     N
24   0.3   3.1   13:33  -2.0   23:58  17.9   0.0   0.2   0.0   4.0   14:11     N
25  -0.4   4.1   23:47  -4.8   07:50  19.4   0.0   0.4   0.1   4.0   22:08     N
26   8.8  11.3   13:30   4.0   00:01   9.4   0.0   0.8   0.9   6.0   13:04     N
27   9.3  10.8   14:39   7.0   23:04   9.0   0.0   2.0   0.5   5.0   14:11     N
28   8.0   8.9   20:23   6.6   08:05  10.3   0.0   1.6   0.4   7.0   13:55     N
29   7.9   9.7   13:19   5.8   23:28  10.4   0.0   0.4   0.4   5.0   00:42     N
30   5.3   7.9   12:44  -1.4   23:39  12.9   0.0   0.2   0.0   3.0   18:35     N
31   1.4   4.8   23:53  -1.4   00:19  16.8   0.0   0.0   0.4   4.0   05:50     N
----------------------------------------------------------------------------------
     6.0  15.4     5    -4.8    25   379.9   0.0  49.0   0.3   7.0     4       N

Max >=  27.0  0
Max <=   0.0  0
Min <=   0.0 13
Min <= -18.0  0
Max Rain: 11.8 on day 15
Days of Rain: 25 (>= 0.2 mm)  5 (>= 2.0 mm)  0 (>= 20.0 mm)
Heat Base: 18.3  Cool Base: 18.3  Method: Integration