NOAA-Style Climate Reports

Select a Year or Month report
2022: Tam Hel Maa Huh Tou Kes Hei Elo Syy Lok Mar Jou
2021: Tam Hel Maa Huh Tou Kes Hei Elo Syy Lok Mar Jou
2020: Tam Hel Maa Huh Tou Kes Hei Elo Syy Lok Mar Jou
2019: Tam Hel Maa Huh Tou Kes Hei Elo Syy Lok Mar Jou
2018: Tam Hel Maa Huh Tou Kes Hei Elo Syy Lok Mar Jou
2017: Tam Hel Maa Huh Tou Kes Hei Elo Syy Lok Mar Jou

Raportti 2020 Marraskuu
                   Monthly Climatological Summary for Nov 2020

Name: Weatherstation Konginkangas   City: Konginkangas   State: Keski-Suomi
Elevation: 104 m  Lat: N 62 45 28   Lon: E 025 47 48

                  Temperature (¬°C), Rain (mm), Wind Speed (m/s)

                                      Heat  Cool        Avg
    Mean                              Deg   Deg         Wind                 Dom
Day Temp  High   Time   Low    Time   Days  Days  Rain  Speed High   Time    Dir
----------------------------------------------------------------------------------
01   6.9   8.1   12:30   4.8   00:00  11.4   0.0   0.2   0.5   5.0   22:13     N
02   6.4   8.2   23:59   5.4   12:27  11.8   0.0   3.2   2.0  10.0   13:33     N
03   8.8  10.9   06:47   5.9   23:58   9.4   0.0   4.2   0.5   7.0   00:55     N
04   5.4   7.7   13:03   3.2   20:01  12.9   0.0   0.0   0.3   7.0   03:40     N
05   5.0   6.1   10:30   3.2   01:34  13.3   0.0   1.6   0.8   8.0   09:54     N
06   6.0   9.8   21:07   2.5   08:27  12.3   0.0   0.0   0.3   5.0   19:04     N
07   7.2  10.6   14:48   1.7   23:57  11.0   0.0   0.0   0.2   7.0   18:10     N
08  -1.0   1.7   00:00  -2.8   23:05  19.2   0.0   0.0   0.0   1.0   11:21     N
09   0.2   3.4   13:55  -2.3   00:00  18.1   0.0   0.2   0.0   4.0   06:31     N
10  -2.8  -0.9   12:59  -4.1   08:41  21.0   0.0   0.0   0.0   1.0   13:08     N
11   0.6   2.4   23:14  -2.8   00:00  17.6   0.0   0.4   0.0   2.0   13:26     N
12   3.9   5.4   14:52   2.0   00:04  14.3   0.0   0.2   0.0   2.0   12:53     N
13   3.2   3.7   12:34   2.8   23:24  15.1   0.0   0.2   0.0   3.0   22:44     N
14   2.9   3.3   14:53   2.3   05:35  15.3   0.0   0.0   0.5   4.0   16:20     N
15   2.6   3.5   14:17   2.0   10:17  15.6   0.0   0.0   1.0   5.0   23:57     N
16   2.7   3.4   23:51   2.3   01:25  15.5   0.0   0.0   1.1   6.0   07:01     N
17   4.3   4.7   08:41   3.4   00:00  14.0   0.0   3.8   1.0   6.0   17:53     N
18   5.3   9.1   23:59   2.2   16:54  13.0   0.0  10.6   0.4   7.0   03:34     N
19   6.1   9.9   02:45  -0.9   00:00  12.2   0.0   5.6   1.4  13.0   15:45     N
20  -1.7   0.5   19:41  -4.3   07:00  19.7   0.0   0.2   0.0   5.0   02:30     N
21  -2.1   2.0   23:54  -7.0   07:53  20.4   0.0   0.0   0.4   7.0   16:54     N
22   2.2   2.9   23:32   1.4   17:50  16.0   0.0   1.2   0.1   5.0   00:49     N
23   2.2   3.4   10:49   0.1   23:58  16.1   0.0   1.0   0.2   4.0   03:33     N
24   0.0   1.0   12:44  -1.6   21:41  18.2   0.0   0.4   0.0   4.0   12:18     N
25  -1.7   2.1   23:59  -3.2   07:18  20.0   0.0   0.0   0.5   6.0   19:07     N
26   1.0   3.5   03:20  -1.1   23:43  17.2   0.0   5.2   0.1   5.0   21:34     N
27  -0.5   0.2   23:41  -1.4   01:41  18.8   0.0   0.0   0.1   6.0   23:38     N
28  -0.3   0.2   00:59  -0.9   18:46  18.5   0.0   0.0   0.6   6.0   00:31     N
29  -0.4   0.4   12:18  -0.9   20:43  18.6   0.0   0.0   0.0   2.0   00:03     N
30  -0.7   0.8   22:28  -1.4   09:41  18.9   0.0   0.0   0.3   4.0   22:45     N
----------------------------------------------------------------------------------
     2.4  10.9     3    -7.0    21   475.4   0.0  38.2   0.4  13.0    19       N

Max >=  27.0  0
Max <=   0.0  1
Min <=   0.0 14
Min <= -18.0  0
Max Rain: 10.6 on day 18
Days of Rain: 16 (>= 0.2 mm)  6 (>= 2.0 mm)  0 (>= 20.0 mm)
Heat Base: 18.3  Cool Base: 18.3  Method: Integration