NOAA-Style Climate Reports

Select a Year or Month report
2022: Tam Hel Maa Huh Tou Kes Hei Elo Syy Lok Mar Jou
2021: Tam Hel Maa Huh Tou Kes Hei Elo Syy Lok Mar Jou
2020: Tam Hel Maa Huh Tou Kes Hei Elo Syy Lok Mar Jou
2019: Tam Hel Maa Huh Tou Kes Hei Elo Syy Lok Mar Jou
2018: Tam Hel Maa Huh Tou Kes Hei Elo Syy Lok Mar Jou
2017: Tam Hel Maa Huh Tou Kes Hei Elo Syy Lok Mar Jou

Raportti 2020 Joulukuu
                   Monthly Climatological Summary for Dec 2020

Name: Weatherstation Konginkangas   City: Konginkangas   State: Keski-Suomi
Elevation: 104 m  Lat: N 62 45 28   Lon: E 025 47 48

                  Temperature (¬°C), Rain (mm), Wind Speed (m/s)

                                      Heat  Cool        Avg
    Mean                              Deg   Deg         Wind                 Dom
Day Temp  High   Time   Low    Time   Days  Days  Rain  Speed High   Time    Dir
----------------------------------------------------------------------------------
01   0.3   0.8   13:56  -1.1   23:52  18.0   0.0   0.0   0.4   5.0   01:32     N
02  -0.1   1.8   19:11  -1.7   07:04  18.3   0.0   0.2   0.2   5.0   20:54     N
03  -0.8   0.6   00:00  -1.7   21:42  19.0   0.0   0.0   0.9   5.0   10:32     N
04  -0.7   0.4   13:29  -1.6   00:00  18.9   0.0   0.0   0.9   4.0   12:38     N
05   1.3   2.6   23:43  -0.3   00:04  17.0   0.0   2.2   0.5   4.0   02:29     N
06   2.3   2.6   00:25   2.1   22:51  15.9   0.0   2.2   0.2   4.0   22:34     N
07   0.0   2.2   00:04  -3.1   20:57  18.2   0.0   0.0   0.2   4.0   01:08     N
08  -2.8  -1.6   16:55  -4.4   09:29  21.1   0.0   0.0   0.3   4.0   16:22     N
09  -3.3  -1.8   22:00  -5.3   08:16  21.6   0.0   0.0   0.3   4.0   12:00     N
10  -2.8  -1.6   03:26  -3.7   11:15  21.1   0.0   0.0   0.2   3.0   06:06     N
11  -5.2  -3.3   00:00  -7.2   16:09  23.4   0.0   0.0   0.7   4.0   06:04     N
12  -2.6  -0.6   21:22  -5.5   00:00  20.8   0.0   0.0   0.0   2.0   00:03     N
13  -2.5  -0.7   00:32  -3.6   09:49  20.8   0.0   0.0   0.1   4.0   01:22     N
14  -3.1  -2.6   13:33  -3.6   20:23  21.3   0.0   0.0   0.0   1.0   17:23     N
15  -1.9   1.2   23:17  -3.6   00:00  20.1   0.0   0.0   0.1   4.0   21:02     N
16   0.5   1.2   04:20   0.1   22:05  17.7   0.0   2.8   0.1   4.0   02:05     N
17  -1.7   0.2   02:41  -3.6   23:50  19.9   0.0   0.2   0.1   2.0   21:24     N
18  -2.8  -1.6   23:50  -4.3   02:48  21.0   0.0   0.0   0.1   3.0   18:39     N
19  -0.2   1.2   23:35  -1.7   00:00  18.5   0.0   0.0   0.0   2.0   00:01     N
20   2.6   3.8   23:59   1.0   00:01  15.7   0.0   9.2   0.1   4.0   11:06     N
21   2.9   4.7   07:19   0.4   18:31  15.4   0.0   5.8   0.2   4.0   10:48     N
22   2.6   3.4   06:09   1.9   00:00  15.6   0.0   1.0   0.0   3.0   22:32     N
23   0.4   2.7   00:00  -0.8   21:03  17.9   0.0   0.2   0.6   5.0   02:29     N
24   0.0   0.4   13:05  -0.7   00:00  18.2   0.0   0.0   0.0   1.0   23:44     N
25  -1.4   0.2   02:34  -3.8   23:58  19.6   0.0   0.2   0.6   4.0   17:27     N
26  -5.3  -3.7   00:11  -5.9   08:55  23.5   0.0   0.0   0.2   4.0   04:28     N
27  -2.0  -0.3   17:23  -4.7   00:00  20.2   0.0   0.0   0.9   8.0   13:38     N
28  -1.4  -0.1   01:48  -2.6   20:12  19.6   0.0   0.0   1.4   8.0   08:48     N
29  -1.7  -1.1   23:47  -2.2   15:04  20.0   0.0   0.0   1.2   6.0   15:01     N
30  -0.7   1.9   23:58  -2.2   11:03  19.0   0.0   0.0   1.0   6.0   22:47     N
31   0.7   2.1   00:13  -0.2   23:59  17.5   0.0   8.0   0.6   6.0   03:32     N
----------------------------------------------------------------------------------
    -0.9   4.7    21    -7.2    11   594.8   0.0  32.0   0.4   8.0    27       N

Max >=  27.0  0
Max <=   0.0 12
Min <=   0.0 26
Min <= -18.0  0
Max Rain: 9.2 on day 20
Days of Rain: 11 (>= 0.2 mm)  6 (>= 2.0 mm)  0 (>= 20.0 mm)
Heat Base: 18.3  Cool Base: 18.3  Method: Integration