NOAA-Style Climate Reports

Select a Year or Month report
2022: Tam Hel Maa Huh Tou Kes Hei Elo Syy Lok Mar Jou
2021: Tam Hel Maa Huh Tou Kes Hei Elo Syy Lok Mar Jou
2020: Tam Hel Maa Huh Tou Kes Hei Elo Syy Lok Mar Jou
2019: Tam Hel Maa Huh Tou Kes Hei Elo Syy Lok Mar Jou
2018: Tam Hel Maa Huh Tou Kes Hei Elo Syy Lok Mar Jou
2017: Tam Hel Maa Huh Tou Kes Hei Elo Syy Lok Mar Jou

Raportti 2021 Tammikuu
                   Monthly Climatological Summary for Jan 2021

Name: Weatherstation Konginkangas   City: Konginkangas   State: Keski-Suomi
Elevation: 104 m  Lat: N 62 45 28   Lon: E 025 47 48

                  Temperature (¬°C), Rain (mm), Wind Speed (m/s)

                                      Heat  Cool        Avg
    Mean                              Deg   Deg         Wind                 Dom
Day Temp  High   Time   Low    Time   Days  Days  Rain  Speed High   Time    Dir
----------------------------------------------------------------------------------
01  -0.6   0.1   12:28  -1.4   06:24  18.8   0.0   0.2   0.0   0.0   22:01     N
02  -2.6  -1.3   00:00  -3.8   23:58  20.8   0.0   0.0   0.0   0.0   00:00     N
03  -4.7  -3.7   00:00  -6.1   20:51  22.9   0.0   0.0   0.0   0.0   00:00     N
04  -7.0  -4.9   03:10  -9.3   19:39  25.2   0.0   0.0   0.0   0.0   00:00     N
05 -13.0  -9.3   00:00 -15.5   16:43  31.2   0.0   0.0   0.0   0.0   00:00     N
06  -9.6  -6.4   23:46 -12.8   01:04  27.8   0.0   0.0   0.0   0.0   00:00     N
07  -6.5  -5.7   05:29  -7.1   22:45  24.7   0.0   0.0   0.0   0.0   00:00     N
08  -7.6  -7.1   00:00  -8.6   23:54  25.8   0.0   0.0   0.0   0.0   00:00     N
09 -11.3  -8.6   00:00 -15.3   22:03  29.5   0.0   0.0   0.0   0.0   00:00     N
10 -11.5  -7.2   22:40 -16.8   02:59  29.7   0.0   0.0   0.0   0.0   00:00     N
11  -7.3  -6.4   23:00  -8.3   06:37  25.5   0.0   0.0   0.0   0.0   00:00     N
12  -8.5  -6.4   00:02 -11.8   23:27  26.7   0.0   0.0   1.6   9.0   21:53     N
13 -16.0 -11.8   00:00 -21.7   23:51  34.2   0.0   0.0   3.1   8.0   06:54     N
14 -24.9 -21.4   02:11 -28.9   23:59  43.1   0.0   0.0   0.2   3.0   01:26    NE
15 -20.7 -10.3   23:50 -30.1   04:11  38.8   0.0   0.0   0.0   1.0   21:40   ENE
16 -12.4  -7.7   23:48 -16.1   12:30  30.6   0.0   0.0   0.1   2.0   01:59   ESE
17  -4.9  -3.3   13:52  -7.7   00:00  23.1   0.0   0.0   0.0   1.0   11:12     N
18  -5.5  -4.0   01:45  -6.6   18:31  23.7   0.0   0.0   0.0   1.0   06:22     N
19  -3.0  -1.8   14:21  -5.2   00:00  21.2   0.0   0.0   0.0   1.0   01:26     N
20  -3.5  -1.8   01:46  -8.1   21:06  21.7   0.0   0.0   0.0   1.0   14:58     N
21  -7.5  -6.3   00:37  -9.0   19:30  25.7   0.0   0.0   1.5   8.0   16:48     N
22  -7.7  -6.4   16:18  -8.9   02:51  25.9   0.0   0.0   1.3   8.0   20:35     N
23  -1.1   1.9   18:02  -7.1   00:00  19.3   0.0  10.6   0.5   6.0   15:22   NNW
24   0.6   1.2   02:38   0.1   17:45  17.7   0.0   2.8   0.0   2.0   00:59     N
25   0.3   0.7   20:46   0.1   02:14  17.9   0.0   1.0   0.1   3.0   18:37     N
26  -0.6   0.4   02:14  -2.1   18:07  18.8   0.0   0.2   0.0   2.0   02:00     N
27  -1.8  -0.9   00:00  -2.9   23:26  20.0   0.0   0.0   0.0   2.0   11:27     N
28  -4.5  -2.9   00:00  -6.3   23:32  22.8   0.0   0.0   0.0   1.0   15:21     N
29  -7.1  -6.2   13:47  -8.0   05:37  25.3   0.0   0.0   0.0   2.0   20:09     N
30  -8.2  -6.9   00:35  -9.1   20:52  26.4   0.0   0.0   0.0   2.0   12:38     N
31  -8.5  -6.9   13:36 -11.3   23:12  26.7   0.0   0.0   0.0   1.0   12:38     N
----------------------------------------------------------------------------------
    -7.3   1.9    23   -30.1    15   791.5   0.0  14.8   0.3   9.0    12       N

Max >=  27.0  0
Max <=   0.0 26
Min <=   0.0 29
Min <= -18.0  3
Max Rain: 10.6 on day 23
Days of Rain: 5 (>= 0.2 mm)  2 (>= 2.0 mm)  0 (>= 20.0 mm)
Heat Base: 18.3  Cool Base: 18.3  Method: Integration