NOAA-Style Climate Reports

Select a Year or Month report
2022: Tam Hel Maa Huh Tou Kes Hei Elo Syy Lok Mar Jou
2021: Tam Hel Maa Huh Tou Kes Hei Elo Syy Lok Mar Jou
2020: Tam Hel Maa Huh Tou Kes Hei Elo Syy Lok Mar Jou
2019: Tam Hel Maa Huh Tou Kes Hei Elo Syy Lok Mar Jou
2018: Tam Hel Maa Huh Tou Kes Hei Elo Syy Lok Mar Jou
2017: Tam Hel Maa Huh Tou Kes Hei Elo Syy Lok Mar Jou

Raportti 2021 Maaliskuu
                   Monthly Climatological Summary for Mar 2021

Name: Weatherstation Konginkangas   City: Konginkangas   State: Keski-Suomi
Elevation: 104 m  Lat: N 62 45 28   Lon: E 025 47 48

                  Temperature (¬°C), Rain (mm), Wind Speed (m/s)

                                      Heat  Cool        Avg
    Mean                              Deg   Deg         Wind                 Dom
Day Temp  High   Time   Low    Time   Days  Days  Rain  Speed High   Time    Dir
----------------------------------------------------------------------------------
01   2.2   6.8   12:21  -1.1   03:26  16.0   0.0   1.0   0.4   7.0   15:39     N
02   0.6   4.3   14:17  -2.7   23:53  17.7   0.0   0.0   0.3   5.0   11:56     N
03  -1.7   2.5   14:23  -5.1   23:20  19.9   0.0   0.0   0.1   5.0   16:28     N
04  -5.7  -2.8   14:34 -10.5   23:58  23.9   0.0   0.0   0.1   4.0   15:29     N
05  -9.7  -3.6   14:41 -14.6   07:57  27.9   0.0   0.0   0.1   4.0   16:16     N
06  -7.2   0.3   17:29 -15.8   01:56  25.4   0.0   0.0   0.2   5.0   17:49     N
07  -7.8  -4.6   14:33 -13.4   05:55  26.0   0.0   0.0   0.1   5.0   15:17     N
08 -12.4  -7.9   13:48 -17.5   21:56  30.6   0.0   0.0   0.2   2.0   01:00     N
09 -16.5 -12.6   12:43 -27.1   23:59  34.7   0.0   0.0   0.9   5.0   12:01     N
10 -22.8 -10.6   15:34 -32.6   06:46  40.9   0.0   0.0   0.1   2.0   15:32     N
11 -15.5  -6.7   21:00 -28.9   04:53  33.7   0.0   0.0   0.6   5.0   10:57     N
12  -6.1  -3.1   12:20  -9.9   04:11  24.3   0.0   0.0   0.8   5.0   14:50     N
13  -2.2   0.4   20:51  -5.2   03:47  20.5   0.0   2.4   0.1   2.0   02:11     N
14   0.7   2.9   14:00  -1.3   02:48  17.6   0.0   4.0   0.0   2.0   13:53     N
15   0.9   2.8   13:40  -0.7   23:55  17.3   0.0   1.4   0.0   2.0   14:00     N
16  -0.9   2.5   12:08  -4.0   04:19  19.1   0.0   0.4   0.0   2.0   11:14     N
17  -2.3   0.0   11:18  -9.1   23:13  20.5   0.0   1.2   0.1   2.0   07:52     N
18  -5.5  -0.8   14:35  -9.0   06:56  23.7   0.0   0.0   0.3   5.0   16:29     N
19  -8.4  -2.7   15:34 -12.7   21:17  26.6   0.0   0.0   0.4   4.0   12:20     N
20  -2.2   1.8   23:47  -9.7   00:00  20.5   0.0   1.4   0.5   5.0   03:36     N
21  -0.8   1.6   09:31  -4.7   23:57  19.1   0.0   1.0   0.6   8.0   13:03     N
22  -4.7   2.3   15:24 -12.2   23:55  22.9   0.0   0.0   0.2   5.0   11:57     N
23  -0.3   8.5   15:33 -13.7   02:20  18.5   0.0   0.2   0.2   4.0   12:41     N
24   3.8   8.9   11:37   0.2   23:55  14.4   0.0   0.0   0.5   7.0   13:15     N
25   1.5   7.6   15:19  -2.7   22:51  16.7   0.0   0.0   0.2   4.0   11:31     N
26   1.2   8.8   15:49  -4.9   06:40  17.0   0.0   0.0   0.1   3.0   15:47     N
27   1.8   7.3   15:38  -4.2   03:45  16.4   0.0   0.4   0.2   4.0   10:03     N
28   4.4  11.2   15:51  -1.3   00:05  13.8   0.0   0.0   0.4   6.0   17:29     N
29   2.7   4.3   15:14   1.2   01:29  15.6   0.0   1.6   1.0   7.0   16:06     N
30   4.3  10.0   14:37   0.4   06:55  14.0   0.0   0.6   0.4   7.0   17:48     N
31   2.8   8.7   16:33  -1.2   06:55  15.4   0.0   0.0   0.3   5.0   13:38     N
----------------------------------------------------------------------------------
    -3.4  11.2    28   -32.6    10   670.6   0.0  15.6   0.3   8.0    21       N

Max >=  27.0  0
Max <=   0.0 11
Min <=   0.0 28
Min <= -18.0  3
Max Rain: 4.0 on day 14
Days of Rain: 12 (>= 0.2 mm)  2 (>= 2.0 mm)  0 (>= 20.0 mm)
Heat Base: 18.3  Cool Base: 18.3  Method: Integration