NOAA-Style Climate Reports

Select a Year or Month report
2022: Tam Hel Maa Huh Tou Kes Hei Elo Syy Lok Mar Jou
2021: Tam Hel Maa Huh Tou Kes Hei Elo Syy Lok Mar Jou
2020: Tam Hel Maa Huh Tou Kes Hei Elo Syy Lok Mar Jou
2019: Tam Hel Maa Huh Tou Kes Hei Elo Syy Lok Mar Jou
2018: Tam Hel Maa Huh Tou Kes Hei Elo Syy Lok Mar Jou
2017: Tam Hel Maa Huh Tou Kes Hei Elo Syy Lok Mar Jou

Raportti 2021 Huhtikuu
                   Monthly Climatological Summary for Apr 2021

Name: Weatherstation Konginkangas   City: Konginkangas   State: Keski-Suomi
Elevation: 104 m  Lat: N 62 45 28   Lon: E 025 47 48

                  Temperature (¬°C), Rain (mm), Wind Speed (m/s)

                                      Heat  Cool        Avg
    Mean                              Deg   Deg         Wind                 Dom
Day Temp  High   Time   Low    Time   Days  Days  Rain  Speed High   Time    Dir
----------------------------------------------------------------------------------
01   2.2   7.9   15:41  -2.4   06:55  16.1   0.0   0.0   0.3   5.0   16:54     N
02   1.9   6.3   13:53  -2.8   06:46  16.4   0.0   0.4   0.0   3.0   11:32     N
03   2.0   6.8   14:09  -1.9   23:17  16.2   0.0   0.4   0.1   3.0   10:51     N
04   3.4   7.7   13:00  -1.8   00:00  14.8   0.0   0.0   0.4   8.0   23:41     N
05   2.3   5.8   15:47  -1.0   23:11  16.0   0.0   2.4   1.1  11.0   15:47     N
06   0.4   3.4   15:37  -1.7   05:13  17.8   0.0   0.8   0.8   6.0   04:04     N
07   1.1   3.2   14:59   0.1   23:35  17.2   0.0  12.4   0.2   6.0   13:10     N
08   0.4   6.6   13:45  -4.4   23:56  17.8   0.0   0.6   0.1   5.0   13:59     N
09  -0.7   2.1   15:54  -5.6   04:29  19.0   0.0   3.0   0.9   7.0   14:02     N
10   2.3   7.2   15:48  -1.4   23:15  15.9   0.0   1.4   0.6   6.0   09:09     N
11   2.3   9.8   16:13  -2.8   06:16  15.9   0.0   1.2   0.3   8.0   12:23     N
12   4.5  12.6   15:00  -2.2   02:46  13.7   0.0   1.6   0.5   6.0   16:51     N
13   5.1   9.8   15:43   1.8   23:59  13.1   0.0   0.0   0.3   6.0   17:12     N
14   2.2   7.7   16:33  -2.6   06:07  16.1   0.0   0.0   0.3   5.0   12:18     N
15   2.7  11.8   16:16  -4.2   05:49  15.5   0.0   0.0   0.1   4.0   14:32     N
16   3.2  11.5   16:09  -5.1   06:00  15.0   0.0   0.0   0.3   2.0   11:50     N
17   4.5  13.1   16:21  -4.2   05:58  13.8   0.0   0.0   0.3   3.0   15:31   NNE
18   5.0  15.1   16:06  -3.9   05:26  13.2   0.0   0.0   0.2   2.0   13:34   NNE
19   5.0  15.2   16:04  -3.7   05:50  13.3   0.0   0.0   0.2   2.0   12:35     N
20   3.9  11.6   12:58  -4.3   06:00  14.4   0.0   0.0   0.3   4.0   12:39     N
21   4.3  12.3   15:40  -4.6   05:46  13.9   0.0   0.0   0.4   4.0   19:21     N
22   6.6  12.9   15:41   2.8   05:49  11.6   0.0   0.4   0.3   4.0   20:52     N
23   2.0   5.1   18:05  -0.1   03:31  16.3   0.0   3.0   0.2   4.0   18:35     N
24   2.2   5.8   16:40   0.3   05:52  16.1   0.0   0.2   0.2   2.0   12:53     N
25   1.9   3.6   11:29   0.8   23:27  16.4   0.0   0.6   0.4   5.0   11:44     N
26   2.1   4.3   14:03   1.0   00:00  16.1   0.0   1.0   0.2   4.0   09:25     N
27   1.4   4.0   13:04  -1.8   23:57  16.8   0.0   0.0   0.6   5.0   10:31     N
28   1.7   6.8   14:07  -3.2   05:43  16.5   0.0   0.0   0.2   4.0   09:44     N
29   1.4   8.6   14:43  -5.4   05:28  16.8   0.0   0.0   0.3   4.0   15:25     N
30   2.1   7.6   16:38  -2.8   03:11  16.2   0.0   0.0   0.3   4.0   19:35     N
----------------------------------------------------------------------------------
     2.6  15.2    19    -5.6     9   467.9   0.0  29.4   0.4  11.0     5       N

Max >=  27.0  0
Max <=   0.0  0
Min <=   0.0 24
Min <= -18.0  0
Max Rain: 12.4 on day 7
Days of Rain: 15 (>= 0.2 mm)  4 (>= 2.0 mm)  0 (>= 20.0 mm)
Heat Base: 18.3  Cool Base: 18.3  Method: Integration