NOAA-Style Climate Reports

Select a Year or Month report
2022: Tam Hel Maa Huh Tou Kes Hei Elo Syy Lok Mar Jou
2021: Tam Hel Maa Huh Tou Kes Hei Elo Syy Lok Mar Jou
2020: Tam Hel Maa Huh Tou Kes Hei Elo Syy Lok Mar Jou
2019: Tam Hel Maa Huh Tou Kes Hei Elo Syy Lok Mar Jou
2018: Tam Hel Maa Huh Tou Kes Hei Elo Syy Lok Mar Jou
2017: Tam Hel Maa Huh Tou Kes Hei Elo Syy Lok Mar Jou

Raportti 2021 Toukokuu
                   Monthly Climatological Summary for May 2021

Name: Weatherstation Konginkangas   City: Konginkangas   State: Keski-Suomi
Elevation: 104 m  Lat: N 62 45 28   Lon: E 025 47 48

                  Temperature (¬°C), Rain (mm), Wind Speed (m/s)

                                      Heat  Cool        Avg
    Mean                              Deg   Deg         Wind                 Dom
Day Temp  High   Time   Low    Time   Days  Days  Rain  Speed High   Time    Dir
----------------------------------------------------------------------------------
01   1.4   5.9   14:23  -3.7   23:59  16.8   0.0   0.0   0.4   5.0   14:41     N
02   2.6  10.1   13:57  -6.6   05:33  15.7   0.0   0.0   0.3   4.0   17:10     N
03   4.3   9.2   15:32  -2.4   05:22  13.9   0.0   0.0   0.5   4.0   12:33     N
04   5.5   9.4   13:40   0.5   05:05  12.8   0.0   0.0   1.6   8.0   13:58     N
05   3.2   5.4   17:10  -1.3   05:26  15.1   0.0   0.0   2.8   9.0   09:11     N
06   1.6   3.1   00:00   0.6   23:58  16.6   0.0   5.4   2.1   8.0   12:01     N
07   2.5   6.1   15:14  -1.8   04:30  15.8   0.0   0.2   0.1   4.0   13:42     N
08   4.1  10.5   17:16  -2.2   05:07  14.1   0.0   0.0   0.5   6.0   18:24     N
09   6.2  12.8   12:44  -3.7   04:52  12.1   0.0   0.0   0.4   7.0   14:40     N
10   7.6  10.8   18:53   4.8   04:20  10.6   0.0   2.2   0.3   4.0   02:12     N
11  16.3  25.1   17:11   8.0   03:00   3.7   1.7   0.4   0.5   7.0   14:18     W
12  18.3  26.2   16:22   7.3   05:06   2.7   2.7   0.0   0.6   6.0   16:33   SSW
13  17.5  27.3   15:50   6.0   05:01   3.6   2.8   0.0   0.4   5.0   17:59     S
14  15.9  25.2   14:25   8.1   04:15   3.7   1.3   0.0   0.4   5.0   16:09   SSE
15  14.9  20.4   17:25   6.0   05:14   3.7   0.3   0.0   0.4   4.0   16:19    NE
16  13.4  19.2   14:49   8.6   06:00   4.9   0.0  13.2   0.1   2.0   13:46   ESE
17  15.3  22.4   15:02   6.8   04:52   3.9   0.9   1.4   0.6   7.0   21:54   NNE
18  14.3  17.7   15:08  12.2   09:35   3.9   0.0   1.0   0.2   3.0   11:31   NNE
19  14.9  21.3   16:49  10.6   23:59   3.8   0.4  10.6   0.4   4.0   23:00    NE
20  10.8  14.3   18:03   8.6   06:36   7.5   0.0  10.6   0.2   4.0   20:07   SSE
21   8.2  10.3   15:42   4.8   23:55  10.1   0.0   5.8   0.1   5.0   02:53    SW
22   5.5  10.7   16:44   2.3   05:34  12.8   0.0   3.0   0.2   4.0   03:12    NW
23   8.0  14.4   16:29   0.7   03:52  10.2   0.0   0.0   0.5   4.0   12:09   ESE
24   6.7   8.4   15:14   4.6   07:54  11.5   0.0   1.4   0.0   4.0   15:55     N
25   9.1  14.8   17:01   0.2   04:59   9.2   0.0   0.0   0.9   4.0   15:19   NNE
26   8.9  12.2   14:15   3.0   04:43   9.4   0.0   4.4   3.2  13.0   19:51     N
27   6.8  10.5   18:30   3.7   04:47  11.5   0.0   4.8   1.8   9.0   01:13     N
28  10.6  17.3   14:29   6.1   23:59   7.7   0.0   0.0   0.4   6.0   19:53     N
29   9.0  15.1   16:52   0.2   04:42   9.3   0.0   0.0   0.5   5.0   16:09     N
30   9.9  18.4   18:32  -1.3   04:26   8.4   0.0   0.0   0.6   3.0   11:32   NNE
31  10.2  16.0   11:27   6.1   23:58   8.1   0.0   0.6   0.3   6.0   15:38     N
----------------------------------------------------------------------------------
     9.1  27.3    13    -6.6     2   293.1  10.1  65.0   0.7  13.0    26       N

Max >=  27.0  1
Max <=   0.0  0
Min <=   0.0  8
Min <= -18.0  0
Max Rain: 13.2 on day 16
Days of Rain: 15 (>= 0.2 mm)  9 (>= 2.0 mm)  0 (>= 20.0 mm)
Heat Base: 18.3  Cool Base: 18.3  Method: Integration