NOAA-Style Climate Reports

Select a Year or Month report
2022: Tam Hel Maa Huh Tou Kes Hei Elo Syy Lok Mar Jou
2021: Tam Hel Maa Huh Tou Kes Hei Elo Syy Lok Mar Jou
2020: Tam Hel Maa Huh Tou Kes Hei Elo Syy Lok Mar Jou
2019: Tam Hel Maa Huh Tou Kes Hei Elo Syy Lok Mar Jou
2018: Tam Hel Maa Huh Tou Kes Hei Elo Syy Lok Mar Jou
2017: Tam Hel Maa Huh Tou Kes Hei Elo Syy Lok Mar Jou

Raportti 2021 Heinäkuu
                   Monthly Climatological Summary for Jul 2021

Name: Weatherstation Konginkangas   City: Konginkangas   State: Keski-Suomi
Elevation: 104 m  Lat: N 62 45 28   Lon: E 025 47 48

                  Temperature (¬°C), Rain (mm), Wind Speed (m/s)

                                      Heat  Cool        Avg
    Mean                              Deg   Deg         Wind                 Dom
Day Temp  High   Time   Low    Time   Days  Days  Rain  Speed High   Time    Dir
----------------------------------------------------------------------------------
01  16.5  19.7   17:02  11.9   23:59   1.9   0.1   0.0   1.4   5.0   02:38   ESE
02  18.1  24.9   17:05   7.6   04:20   2.6   2.4   0.0   0.7   4.0   15:05   ESE
03  21.5  28.6   17:06  10.4   04:24   1.7   4.9   0.0   0.5   4.0   15:50    SE
04  22.2  28.5   16:54  11.8   04:35   1.3   5.1   0.0   0.5   5.0   12:04    SE
05  22.7  30.3   16:50  11.7   04:39   1.3   5.7   0.0   0.5   4.0   14:37     S
06  22.0  27.9   16:02  13.4   03:52   0.9   4.6   0.0   0.4   4.0   12:10     E
07  24.2  29.8   17:05  19.3   01:08   0.0   5.9   0.0   0.3   4.0   12:45   NNW
08  21.1  26.9   17:17  16.4   23:57   0.1   2.9   0.6   0.1   5.0   16:39    NW
09  21.1  27.4   14:58  11.7   02:47   1.3   4.1   0.0   0.2   4.0   15:15    SE
10  20.4  26.9   14:57  13.5   03:13   1.0   3.1   2.2   0.2   2.0   10:40    NE
11  24.0  30.7   14:14  15.7   04:36   0.3   6.1   0.0   0.4   6.0   14:15   ESE
12  22.4  29.1   16:38  15.1   05:14   0.5   4.6   0.0   0.1   4.0   15:15   WNW
13  22.8  28.4   14:53  15.4   04:55   0.4   4.9   0.0   0.3   3.0   12:14   SSE
14  22.6  29.9   15:59  13.9   04:16   0.8   5.1   0.0   0.5   4.0   11:27   SSE
15  23.5  31.9   16:38  12.4   04:34   1.2   6.4   0.0   0.2   5.0   18:20    SE
16  19.9  24.1   17:03  11.8   23:57   0.4   2.0   0.0   0.4   4.0   07:11   WNW
17  19.0  26.9   17:17   8.0   03:50   2.5   3.2   0.0   0.2   4.0   13:52   NNW
18  17.4  21.9   15:49  11.6   23:59   1.7   0.8   3.0   0.3   4.0   07:43     N
19  15.3  19.7   16:00  10.5   04:44   3.0   0.1   0.0   0.3   4.0   12:07   NNW
20  14.7  18.8   17:13  10.0   23:58   3.5   0.0   0.4   0.3   5.0   12:18   NNW
21  13.5  18.6   16:11   6.8   03:17   4.7   0.0   0.0   0.3   4.0   11:52   NNW
22  14.7  18.4   15:30  11.4   00:11   3.6   0.0   0.2   0.3   6.0   11:55   NNW
23  13.8  18.1   14:54   7.9   23:59   4.5   0.0   0.2   0.4   6.0   15:51     N
24  14.9  22.6   16:37   4.2   03:34   4.2   0.9   0.0   0.3   4.0   09:41   NNW
25  19.5  27.3   17:19  11.8   00:18   1.7   2.9   0.0   0.3   4.0   12:57     N
26  20.9  29.8   15:23   9.9   05:29   2.0   4.6   0.0   0.3   4.0   13:04   SSW
27  21.3  27.9   16:50  12.3   05:09   1.3   4.3   0.0   0.7   5.0   15:51   NNW
28  20.9  27.6   14:55  11.2   05:05   1.6   4.2   0.0   0.8   5.0   12:54     N
29  18.4  20.3   00:00  17.1   10:43   0.3   0.3  11.8   0.2   4.0   08:43    SE
30  17.4  22.2   13:06  13.9   23:44   1.3   0.5   3.8   0.2   5.0   15:20     N
31  16.6  22.1   15:58  11.8   06:18   2.1   0.4   5.6   0.0   3.0   16:31     N
----------------------------------------------------------------------------------
    19.5  31.9    15     4.2    24    53.7  90.1  27.8   0.4   6.0    11     ENE

Max >=  27.0 15
Max <=   0.0  0
Min <=   0.0  0
Min <= -18.0  0
Max Rain: 11.8 on day 29
Days of Rain: 9 (>= 0.2 mm)  5 (>= 2.0 mm)  0 (>= 20.0 mm)
Heat Base: 18.3  Cool Base: 18.3  Method: Integration