NOAA-Style Climate Reports

Select a Year or Month report
2022: Tam Hel Maa Huh Tou Kes Hei Elo Syy Lok Mar Jou
2021: Tam Hel Maa Huh Tou Kes Hei Elo Syy Lok Mar Jou
2020: Tam Hel Maa Huh Tou Kes Hei Elo Syy Lok Mar Jou
2019: Tam Hel Maa Huh Tou Kes Hei Elo Syy Lok Mar Jou
2018: Tam Hel Maa Huh Tou Kes Hei Elo Syy Lok Mar Jou
2017: Tam Hel Maa Huh Tou Kes Hei Elo Syy Lok Mar Jou

Raportti 2021 Elokuu
                   Monthly Climatological Summary for Aug 2021

Name: Weatherstation Konginkangas   City: Konginkangas   State: Keski-Suomi
Elevation: 104 m  Lat: N 62 45 28   Lon: E 025 47 48

                  Temperature (¬°C), Rain (mm), Wind Speed (m/s)

                                      Heat  Cool        Avg
    Mean                              Deg   Deg         Wind                 Dom
Day Temp  High   Time   Low    Time   Days  Days  Rain  Speed High   Time    Dir
----------------------------------------------------------------------------------
01  16.7  22.1   15:52  11.0   05:08   2.4   0.8   0.4   0.3   4.0   14:33   NNW
02  16.3  20.1   15:03  13.6   02:33   2.1   0.1   1.8   0.1   3.0   12:10   NNE
03  11.3  13.9   00:00   8.4   23:58   7.0   0.0  11.0   0.1   6.0   14:15   NNW
04  13.4  20.3   17:17   6.8   05:05   5.0   0.1   0.2   0.1   4.0   11:12     N
05  13.2  20.1   15:55   4.3   05:33   5.2   0.1   0.0   0.5   4.0   16:46    NE
06  14.4  21.7   17:00   4.2   05:06   4.8   0.9   0.0   1.0   6.0   17:20     N
07  16.0  21.4   17:14   6.8   05:07   3.2   1.0   0.0   3.2  10.0   12:36    NE
08  18.2  23.0   17:12  14.6   05:55   1.1   0.9   3.2   1.3   9.0   02:01     N
09  18.0  21.3   18:12  15.8   02:45   1.0   0.7   1.2   0.1   2.0   14:08     N
10  16.2  22.2   16:15  13.8   06:11   2.3   0.2   7.8   0.2   6.0   16:13     N
11  15.9  22.2   16:59   9.6   05:20   3.0   0.6   0.0   0.2   4.0   13:30     N
12  15.5  23.1   15:07   7.9   05:24   3.7   0.9   1.0   0.4   4.0   15:16   NNE
13  16.8  24.6   16:45   8.7   05:59   3.0   1.5   0.0   0.1   3.0   12:03     N
14  15.4  18.5   17:31  11.2   05:28   2.9   0.0  11.6   0.0   4.0   15:18     N
15  14.0  17.9   16:49  11.0   23:59   4.3   0.0   1.6   0.2   4.0   13:27     N
16  14.9  21.4   16:44   9.9   01:37   3.6   0.2   0.0   0.0   3.0   10:05     N
17  16.2  20.2   17:32  12.2   02:41   2.3   0.2   5.0   1.1   6.0   22:58     N
18  15.8  17.9   14:39  12.9   21:20   2.5   0.0   6.8   1.2   6.0   01:31     N
19  14.2  17.5   15:55  12.1   05:08   4.1   0.0   5.0   0.4   5.0   13:59     N
20  13.9  17.2   16:18  11.8   05:57   4.4   0.0   1.8   0.2   5.0   17:55     N
21  13.0  15.9   13:16  10.8   23:56   5.3   0.0   8.6   0.1   4.0   10:13     N
22  12.8  16.9   15:15  10.3   23:59   5.5   0.0   0.8   0.2   5.0   13:50     N
23   8.5  10.3   00:00   7.2   19:22   9.7   0.0   5.6   0.7   7.0   16:55     N
24   8.6  10.9   13:05   5.2   23:39   9.7   0.0   0.0   0.2   4.0   00:16     N
25   9.9  11.4   19:03   5.2   00:03   8.4   0.0  17.8   1.5   8.0   20:25   SSE
26  12.0  13.7   16:14  10.9   00:27   6.3   0.0   6.4   3.6   8.0   03:43   ESE
27  12.2  14.8   16:06   9.4   23:31   6.1   0.0   0.0   2.4   7.0   11:22     N
28  12.9  18.7   17:13   8.1   06:36   5.3   0.0   0.0   0.4   4.0   13:21     N
29  11.7  19.4   16:53   4.4   05:22   6.6   0.1   0.0   0.3   3.0   11:17     N
30  10.8  18.8   16:50   3.7   06:31   7.5   0.0   0.0   0.3   2.0   11:10     N
31  12.6  19.1   16:28   6.8   00:09   5.7   0.0   0.0   0.0   3.0   11:05     N
----------------------------------------------------------------------------------
    13.9  24.6    13     3.7    30   144.0   8.3  97.6   0.7  10.0     7      NE

Max >=  27.0  0
Max <=   0.0  0
Min <=   0.0  0
Min <= -18.0  0
Max Rain: 17.8 on day 25
Days of Rain: 19 (>= 0.2 mm)  11 (>= 2.0 mm)  0 (>= 20.0 mm)
Heat Base: 18.3  Cool Base: 18.3  Method: Integration