NOAA-Style Climate Reports

Select a Year or Month report
2022: Tam Hel Maa Huh Tou Kes Hei Elo Syy Lok Mar Jou
2021: Tam Hel Maa Huh Tou Kes Hei Elo Syy Lok Mar Jou
2020: Tam Hel Maa Huh Tou Kes Hei Elo Syy Lok Mar Jou
2019: Tam Hel Maa Huh Tou Kes Hei Elo Syy Lok Mar Jou
2018: Tam Hel Maa Huh Tou Kes Hei Elo Syy Lok Mar Jou
2017: Tam Hel Maa Huh Tou Kes Hei Elo Syy Lok Mar Jou

Raportti 2021 Syyskuu
                   Monthly Climatological Summary for Sep 2021

Name: Weatherstation Konginkangas   City: Konginkangas   State: Keski-Suomi
Elevation: 104 m  Lat: N 62 45 28   Lon: E 025 47 48

                  Temperature (¬°C), Rain (mm), Wind Speed (m/s)

                                      Heat  Cool        Avg
    Mean                              Deg   Deg         Wind                 Dom
Day Temp  High   Time   Low    Time   Days  Days  Rain  Speed High   Time    Dir
----------------------------------------------------------------------------------
01   9.3  13.6   15:35   5.8   22:56   9.0   0.0   1.0   0.2   5.0   15:21     N
02   7.4  11.9   14:55   3.8   06:04  10.9   0.0   2.0   0.1   4.0   10:27     N
03   7.3  11.7   16:01   4.3   23:40  11.0   0.0   4.0   0.5   6.0   11:14     N
04   6.2  10.6   13:59   1.7   22:59  12.1   0.0   0.0   0.4   7.0   15:14     N
05   6.5  13.3   14:33   0.6   06:15  11.7   0.0   0.6   0.0   2.0   13:09   NNE
06   7.4  14.3   15:38  -0.6   05:55  10.8   0.0   0.0   0.1   4.0   13:52     N
07  10.7  15.5   15:18   5.1   02:31   7.5   0.0   0.0   0.1   5.0   13:24     N
08  14.0  18.7   16:44  10.3   23:27   4.3   0.0   0.2   0.1   4.0   00:38     N
09  10.2  13.9   13:08   4.2   23:58   8.1   0.0   0.0   0.0   2.0   11:01     N
10   7.4  15.7   16:19  -0.9   06:37  10.9   0.0   0.4   0.3   2.0   12:30     N
11  10.4  11.7   15:14   8.8   00:00   7.8   0.0   3.4   0.2   3.0   11:33     N
12  12.2  13.2   12:57  11.1   00:58   6.1   0.0   5.8   0.0   2.0   13:05     N
13   9.4  12.3   04:33   4.6   20:36   8.9   0.0   2.0   0.4   6.0   12:50     N
14   6.1   9.3   14:55   3.3   22:41  12.1   0.0   0.2   0.5   7.0   04:14     N
15   5.8   8.7   13:25   2.7   03:10  12.5   0.0   0.2   0.3   4.0   10:39     N
16   5.8   8.5   15:51   3.5   06:41  12.5   0.0   0.0   0.3   4.0   17:01     N
17   6.2   8.3   15:24   4.2   06:14  12.1   0.0   0.0   0.6   4.0   09:19     N
18   6.9  10.1   16:07   4.7   06:10  11.4   0.0   0.8   0.3   6.0   16:30     N
19   6.5   8.9   13:26   4.4   06:06  11.8   0.0   0.0   0.6   4.0   13:36     N
20   5.2   8.0   16:14  -0.7   22:36  13.1   0.0   0.0   1.7   6.0   10:40     N
21   4.2   8.1   15:16  -0.9   00:45  14.1   0.0   0.0   0.7   5.0   14:53     N
22   2.3   8.8   16:02  -2.9   06:22  15.9   0.0   0.0   0.2   2.0   12:01     N
23   5.6   9.1   15:05  -0.8   00:53  12.6   0.0   0.0   0.7   7.0   19:36     N
24   8.0   9.4   11:34   6.4   02:54  10.3   0.0   0.2   0.7   7.0   00:02     N
25   7.7   9.7   15:31   5.6   22:24  10.6   0.0   5.0   0.0   2.0   01:52     N
26   7.5  12.7   16:21   1.6   23:59  10.8   0.0   0.0   0.0   2.0   13:16     N
27   5.9  14.7   16:21  -0.9   07:21  12.4   0.0   0.0   0.1   2.0   11:41     N
28   5.0  13.1   16:20  -0.7   06:36  13.3   0.0   0.0   0.1   4.0   13:21     N
29   7.2   9.4   16:10   1.2   00:00  11.0   0.0   0.0   0.0   2.0   10:54     N
30   8.4  10.3   14:41   7.2   23:57   9.9   0.0   0.0   0.1   3.0   11:13     N
----------------------------------------------------------------------------------
     7.4  18.7     8    -2.9    22   325.5   0.0  25.8   0.3   7.0     4       N

Max >=  27.0  0
Max <=   0.0  0
Min <=   0.0  8
Min <= -18.0  0
Max Rain: 5.8 on day 12
Days of Rain: 14 (>= 0.2 mm)  6 (>= 2.0 mm)  0 (>= 20.0 mm)
Heat Base: 18.3  Cool Base: 18.3  Method: Integration