NOAA-Style Climate Reports

Select a Year or Month report
2022: Tam Hel Maa Huh Tou Kes Hei Elo Syy Lok Mar Jou
2021: Tam Hel Maa Huh Tou Kes Hei Elo Syy Lok Mar Jou
2020: Tam Hel Maa Huh Tou Kes Hei Elo Syy Lok Mar Jou
2019: Tam Hel Maa Huh Tou Kes Hei Elo Syy Lok Mar Jou
2018: Tam Hel Maa Huh Tou Kes Hei Elo Syy Lok Mar Jou
2017: Tam Hel Maa Huh Tou Kes Hei Elo Syy Lok Mar Jou

Raportti 2021 Lokakuu
                   Monthly Climatological Summary for Oct 2021

Name: Weatherstation Konginkangas   City: Konginkangas   State: Keski-Suomi
Elevation: 104 m  Lat: N 62 45 28   Lon: E 025 47 48

                  Temperature (¬°C), Rain (mm), Wind Speed (m/s)

                                      Heat  Cool        Avg
    Mean                              Deg   Deg         Wind                 Dom
Day Temp  High   Time   Low    Time   Days  Days  Rain  Speed High   Time    Dir
----------------------------------------------------------------------------------
01   7.7   9.1   15:03   6.2   07:17  10.6   0.0   0.0   0.1   4.0   15:34     N
02   9.1  10.7   12:26   7.4   23:59   9.2   0.0   0.0   0.3   5.0   14:00     N
03   9.1  13.4   14:43   4.7   07:44   9.2   0.0   0.0   0.6   6.0   14:17     N
04  11.5  13.8   15:43   9.2   07:52   6.8   0.0   0.0   1.2   7.0   12:11     N
05  10.1  11.7   01:10   9.1   09:09   8.2   0.0   4.0   0.5   6.0   02:30     N
06  10.0  12.3   23:58   8.4   07:12   8.2   0.0   2.8   0.7   7.0   13:19     N
07  10.7  12.3   00:26   7.7   23:55   7.5   0.0   3.4   0.6   6.0   14:50     N
08   9.8  12.7   13:22   6.6   01:38   8.5   0.0   1.8   0.1   4.0   12:46     N
09  11.3  13.6   14:33   9.7   19:51   7.0   0.0   0.0   0.0   4.0   11:50     N
10  10.9  12.1   12:08   9.8   23:17   7.3   0.0   0.4   0.3   6.0   15:10     N
11  10.0  11.5   13:18   6.7   23:58   8.3   0.0   0.8   0.8   7.0   11:53     N
12   6.2   9.1   16:11  -0.2   23:48  12.0   0.0   4.0   0.0   4.0   02:01     N
13   3.2   7.0   13:51  -0.3   21:32  15.1   0.0   0.0   0.0   1.0   11:20     N
14   3.4   6.7   23:58  -0.2   00:00  14.8   0.0   0.2   0.5   6.0   22:53     N
15   7.1   8.1   18:37   5.8   23:59  11.1   0.0   4.8   1.1   7.0   13:29     N
16   3.3   5.8   00:00   1.6   06:30  15.0   0.0   2.0   0.9   8.0   15:25     N
17   3.0   5.4   14:56   1.7   06:50  15.2   0.0   1.8   0.6   7.0   20:26     N
18   2.5   4.2   13:42  -0.3   23:57  15.7   0.0   1.2   0.2   5.0   13:15     N
19  -1.2   1.8   13:28  -3.1   08:38  19.4   0.0   0.2   0.0   4.0   12:01     N
20   2.0   6.6   23:14  -1.1   00:00  16.2   0.0  11.2   1.1   8.0   11:31     N
21   8.1  10.2   11:27   6.3   00:00  10.1   0.0   2.2   0.1   4.0   02:11     N
22   2.9   6.9   00:16   0.3   21:02  15.3   0.0  11.0   1.1   8.0   04:08     N
23  -0.6   0.6   00:47  -4.3   23:59  18.8   0.0   1.8   0.1   4.0   04:16     N
24  -2.6   0.6   20:16  -6.8   04:17  20.9   0.0   0.6   0.0   0.0   00:00     N
25   3.9   6.2   19:36   0.6   00:00  14.3   0.0  11.4   0.0   3.0   07:45     N
26   6.6   7.8   15:19   5.6   01:29  11.7   0.0   1.0   0.1   5.0   17:00     N
27   5.5   6.4   01:48   4.7   23:13  12.8   0.0   1.2   0.0   3.0   13:07     N
28   5.8   8.1   23:53   4.3   08:16  12.5   0.0   3.4   0.2   5.0   17:35     N
29   9.4  10.6   06:18   7.7   23:42   8.9   0.0   0.2   0.1   4.0   05:50     N
30   7.7   8.8   14:10   6.8   04:06  10.5   0.0   0.0   0.1   4.0   23:02     N
31   7.2   7.7   21:15   6.8   01:24  11.6   0.0   0.2   0.1   4.0   12:34     N
----------------------------------------------------------------------------------
     6.2  13.8     4    -6.8    24   372.7   0.0  71.6   0.4   8.0    16       N

Max >=  27.0  0
Max <=   0.0  0
Min <=   0.0  8
Min <= -18.0  0
Max Rain: 11.4 on day 25
Days of Rain: 24 (>= 0.2 mm)  11 (>= 2.0 mm)  0 (>= 20.0 mm)
Heat Base: 18.3  Cool Base: 18.3  Method: Integration