NOAA-Style Climate Reports

Select a Year or Month report
2022: Tam Hel Maa Huh Tou Kes Hei Elo Syy Lok Mar Jou
2021: Tam Hel Maa Huh Tou Kes Hei Elo Syy Lok Mar Jou
2020: Tam Hel Maa Huh Tou Kes Hei Elo Syy Lok Mar Jou
2019: Tam Hel Maa Huh Tou Kes Hei Elo Syy Lok Mar Jou
2018: Tam Hel Maa Huh Tou Kes Hei Elo Syy Lok Mar Jou
2017: Tam Hel Maa Huh Tou Kes Hei Elo Syy Lok Mar Jou

Raportti 2021 Marraskuu
                   Monthly Climatological Summary for Nov 2021

Name: Weatherstation Konginkangas   City: Konginkangas   State: Keski-Suomi
Elevation: 104 m  Lat: N 62 45 28   Lon: E 025 47 48

                  Temperature (¬°C), Rain (mm), Wind Speed (m/s)

                                      Heat  Cool        Avg
    Mean                              Deg   Deg         Wind                 Dom
Day Temp  High   Time   Low    Time   Days  Days  Rain  Speed High   Time    Dir
----------------------------------------------------------------------------------
01   7.4   8.6   12:10   6.8   08:21  10.8   0.0   0.0   0.4   4.0   12:30     N
02   6.8   8.8   00:53   5.5   22:23  11.4   0.0   0.0   1.0   5.0   07:00     N
03   4.9   5.8   05:05   4.2   14:02  13.4   0.0   1.0   0.8   6.0   07:25     N
04   6.2   7.2   15:26   5.0   00:00  12.1   0.0   2.2   0.0   3.0   18:06     N
05   4.6   6.6   00:47   3.0   19:13  13.6   0.0   1.6   0.0   4.0   01:44     N
06   2.3   4.1   12:26   0.2   16:40  15.9   0.0   0.0   0.0   2.0   01:48     N
07   1.1   2.1   02:34  -0.1   18:08  17.1   0.0   0.2   0.3   7.0   22:19     N
08  -2.5   0.4   01:21  -6.5   23:30  20.8   0.0   0.0   0.4  10.0   00:45     N
09  -2.3   2.1   23:49  -6.6   01:28  20.5   0.0   0.0   0.4   8.0   14:42     N
10   3.9   5.2   11:16   2.1   00:00  14.4   0.0   2.8   0.1   5.0   01:47     N
11   2.4   4.0   20:39   1.0   02:43  15.9   0.0   1.0   0.0   4.0   07:15     N
12   2.3   3.4   00:00   0.9   06:08  15.9   0.0   0.2   0.0   3.0   02:59     N
13   0.8   1.7   00:00  -0.7   22:12  17.4   0.0   0.0   0.0   2.0   00:37     N
14  -1.3  -0.1   11:53  -3.4   23:59  19.6   0.0   0.2   0.0   1.0   03:27     N
15  -1.0   2.9   20:10  -5.2   02:39  19.2   0.0   0.6   0.3   6.0   18:56     N
16   3.7   4.3   11:21   2.7   07:09  14.6   0.0   0.2   0.2   4.0   04:23     N
17   4.2   4.6   12:00   3.2   18:00  14.1   0.0   0.8   0.1   5.0   05:55     N
18   3.0   4.7   01:32   0.5   20:03  15.3   0.0   3.0   0.2   5.0   04:22     N
19   0.8   1.9   14:52  -0.3   21:50  17.5   0.0   0.0   0.0   4.0   03:49     N
20   0.9   1.8   12:18  -0.8   23:55  17.4   0.0   0.4   0.0   5.0   16:58     N
21  -2.6  -0.2   03:05  -6.5   23:58  20.8   0.0   0.0   0.1   4.0   18:23     N
22  -6.1  -3.2   23:05  -8.2   04:03  24.3   0.0   0.0   0.0   1.0   21:03     N
23  -3.0  -1.8   23:59  -3.8   17:28  21.2   0.0   0.0   0.1   4.0   21:59     N
24  -1.3   1.1   05:41  -5.6   23:58  19.5   0.0   0.0   0.2   4.0   08:29     N
25  -4.0  -0.6   13:40  -6.2   23:59  22.2   0.0   0.0   0.3   4.0   07:16     N
26  -8.8  -6.1   00:01 -11.7   23:51  27.1   0.0   0.0   0.0   1.0   03:39     N
27 -14.0  -8.2   18:28 -20.3   09:36  32.2   0.0   0.0   0.2   2.0   18:04   NNW
28 -12.5  -8.3   03:54 -16.3   21:57  30.7   0.0   0.0   0.4   4.0   05:11     N
29 -13.2 -11.0   23:57 -16.2   09:24  31.4   0.0   0.0   0.6   4.0   20:33     N
30  -9.4  -7.9   21:07 -11.0   00:00  27.6   0.0   0.0   0.4   6.0   22:02   NNE
----------------------------------------------------------------------------------
    -0.9   8.8     2   -20.3    27   573.9   0.0  14.2   0.2  10.0     8       N

Max >=  27.0  0
Max <=   0.0 10
Min <=   0.0 18
Min <= -18.0  1
Max Rain: 3.0 on day 18
Days of Rain: 13 (>= 0.2 mm)  3 (>= 2.0 mm)  0 (>= 20.0 mm)
Heat Base: 18.3  Cool Base: 18.3  Method: Integration