NOAA-Style Climate Reports

Select a Year or Month report
2022: Tam Hel Maa Huh Tou Kes Hei Elo Syy Lok Mar Jou
2021: Tam Hel Maa Huh Tou Kes Hei Elo Syy Lok Mar Jou
2020: Tam Hel Maa Huh Tou Kes Hei Elo Syy Lok Mar Jou
2019: Tam Hel Maa Huh Tou Kes Hei Elo Syy Lok Mar Jou
2018: Tam Hel Maa Huh Tou Kes Hei Elo Syy Lok Mar Jou
2017: Tam Hel Maa Huh Tou Kes Hei Elo Syy Lok Mar Jou

Raportti 2022 Tammikuu
                   Monthly Climatological Summary for Jan 2022

Name: Weatherstation Konginkangas   City: Konginkangas   State: Keski-Suomi
Elevation: 104 m  Lat: N 62 45 28   Lon: E 025 47 48

                  Temperature (¬°C), Rain (mm), Wind Speed (m/s)

                                      Heat  Cool        Avg
    Mean                              Deg   Deg         Wind                 Dom
Day Temp  High   Time   Low    Time   Days  Days  Rain  Speed High   Time    Dir
----------------------------------------------------------------------------------
01  -7.4  -4.0   00:00 -10.4   08:27  25.6   0.0   0.0   0.0   0.0   00:00     N
02  -9.8  -6.9   21:56 -14.4   07:11  28.0   0.0   0.0   0.0   0.0   01:07     N
03  -6.9  -6.0   13:20  -7.7   22:25  25.1   0.0   0.0   0.0   0.0   00:00     N
04  -7.5  -7.0   13:41  -8.0   08:57  25.7   0.0   0.0   0.0   0.0   00:00     N
05  -3.6  -1.8   14:01  -7.1   00:00  21.8   0.0   0.0   0.0   0.0   00:00     N
06 -10.0  -3.8   00:00 -16.3   23:52  28.2   0.0   0.0   0.0   0.0   00:00     N
07 -13.0 -10.3   21:26 -16.7   01:11  31.2   0.0   0.0   0.0   0.0   00:00     N
08 -17.8 -13.4   00:01 -20.5   23:59  36.0   0.0   0.0   0.0   0.0   00:00     N
09 -18.3 -15.0   15:30 -22.6   23:59  36.5   0.0   0.0   0.0   0.0   00:00     N
10 -22.8 -18.2   14:29 -25.7   23:46  41.0   0.0   0.0   0.0   0.0   00:00     N
11 -17.4  -4.8   23:59 -27.2   05:43  35.6   0.0   0.0   0.0   0.0   00:00     N
12  -1.4   0.6   23:47  -4.8   00:00  19.6   0.0   0.0   0.0   5.0   23:46     N
13   1.2   2.6   04:42   0.0   18:33  17.0   0.0  16.6   0.4   7.0   04:42     N
14  -1.7   1.4   00:12  -2.7   17:22  19.9   0.0   0.2   0.5   7.0   00:24     N
15  -3.9  -0.4   08:53  -8.7   22:11  22.2   0.0   0.0   0.1   6.0   12:36     N
16  -2.8   0.1   19:11  -8.4   00:00  21.0   0.0   0.0   0.3   6.0   19:51     N
17  -4.1  -2.7   02:16  -5.9   06:39  22.4   0.0   0.0   0.6   8.0   13:04     N
18  -6.0   0.3   23:54 -10.1   08:25  24.2   0.0   0.0   0.0   5.0   01:07     N
19   0.4   1.7   23:40  -1.1   02:53  17.8   0.0   2.6   0.2   5.0   13:34     N
20  -1.6   1.7   01:06  -6.0   23:43  19.9   0.0   5.6   0.0   4.0   13:04     N
21  -4.6  -2.9   12:43  -7.3   23:11  22.8   0.0   0.0   0.1   4.0   06:27     N
22 -11.6  -6.6   02:04 -15.8   21:44  29.8   0.0   0.0   0.0   3.0   01:32     N
23  -4.0  -0.6   20:40 -12.8   00:00  22.2   0.0   0.0   0.0   2.0   11:01     N
24   0.2   1.1   12:16  -2.1   00:00  18.0   0.0   0.0   0.3   6.0   11:56     N
25  -6.7  -1.4   00:00 -12.4   23:56  24.9   0.0   0.0   0.0   2.0   00:28     N
26  -6.1  -1.6   23:26 -13.4   01:53  24.3   0.0   0.0   0.0   2.0   18:54     N
27  -1.1  -0.3   11:57  -1.7   00:00  19.3   0.0   0.0   0.0   1.0   00:03     N
28  -3.0  -1.2   00:02  -8.6   23:57  21.2   0.0   0.0   0.0   2.0   18:25     N
29  -5.5  -1.6   20:38 -12.1   02:53  23.7   0.0   0.0   0.5   4.0   11:58     N
30  -4.7  -2.6   00:00  -6.6   23:35  22.9   0.0   0.0   1.3   7.0   09:37     N
31  -7.4  -6.4   12:37  -9.6   23:55  25.6   0.0   0.0   0.4   4.0   19:38     N
----------------------------------------------------------------------------------
    -6.7   2.6    13   -27.2    11   773.4   0.0  25.0   0.2   8.0    17       N

Max >=  27.0  0
Max <=   0.0 23
Min <=   0.0 31
Min <= -18.0  4
Max Rain: 16.6 on day 13
Days of Rain: 4 (>= 0.2 mm)  3 (>= 2.0 mm)  0 (>= 20.0 mm)
Heat Base: 18.3  Cool Base: 18.3  Method: Integration