NOAA-Style Climate Reports

Select a Year or Month report
2022: Tam Hel Maa Huh Tou Kes Hei Elo Syy Lok Mar Jou
2021: Tam Hel Maa Huh Tou Kes Hei Elo Syy Lok Mar Jou
2020: Tam Hel Maa Huh Tou Kes Hei Elo Syy Lok Mar Jou
2019: Tam Hel Maa Huh Tou Kes Hei Elo Syy Lok Mar Jou
2018: Tam Hel Maa Huh Tou Kes Hei Elo Syy Lok Mar Jou
2017: Tam Hel Maa Huh Tou Kes Hei Elo Syy Lok Mar Jou

Raportti 2022 Helmikuu
                   Monthly Climatological Summary for Feb 2022

Name: Weatherstation Konginkangas   City: Konginkangas   State: Keski-Suomi
Elevation: 104 m  Lat: N 62 45 28   Lon: E 025 47 48

                  Temperature (¬°C), Rain (mm), Wind Speed (m/s)

                                      Heat  Cool        Avg
    Mean                              Deg   Deg         Wind                 Dom
Day Temp  High   Time   Low    Time   Days  Days  Rain  Speed High   Time    Dir
----------------------------------------------------------------------------------
01  -9.8  -8.6   14:49 -11.6   08:59  28.0   0.0   0.0   0.1   3.0   00:20     N
02 -10.6  -8.1   13:34 -19.0   23:59  28.8   0.0   0.0   0.0   1.0   10:08     N
03 -18.8 -15.9   13:48 -25.5   23:48  37.0   0.0   0.0   0.0   0.0   00:33     N
04 -11.7  -5.1   17:23 -25.1   00:00  29.9   0.0   0.0   0.8   7.0   19:42     N
05  -4.5  -3.7   13:07  -5.6   00:00  22.7   0.0   0.0   1.0   7.0   00:42     N
06  -1.8   0.4   20:37  -3.9   00:00  20.0   0.0   0.0   0.5   4.0   09:52     N
07  -1.5   0.1   13:16  -4.1   19:36  19.7   0.0   0.0   0.0   2.0   13:16     N
08  -3.7  -2.8   04:22  -4.9   07:31  22.0   0.0   0.0   0.1   4.0   14:47     N
09  -2.7  -1.4   14:42  -6.1   09:16  21.0   0.0   0.0   0.0   4.0   16:34     N
10  -4.0  -1.7   13:00  -6.8   05:02  22.2   0.0   0.0   0.0   2.0   11:54     N
11  -6.8  -2.9   13:57 -11.0   23:59  25.0   0.0   0.0   0.0   2.0   16:06     N
12  -7.7  -1.9   14:02 -14.5   03:37  25.9   0.0   0.0   0.0   1.0   10:00     N
13  -4.0   0.8   23:40 -14.4   02:50  22.2   0.0   0.0   0.0   4.0   14:04     N
14   0.8   2.0   11:52  -1.4   23:55  17.4   0.0  26.2   0.1   4.0   05:29     N
15  -0.7   0.7   22:15  -1.9   07:49  18.9   0.0   0.0   0.4   4.0   08:08     N
16   0.8   1.7   12:20   0.3   21:56  17.4   0.0   5.2   0.4   4.0   20:05     N
17   0.2   0.6   01:08  -0.2   02:48  18.1   0.0   0.6   1.0   6.0   08:32     N
18  -4.6  -0.1   00:00  -6.3   17:28  22.8   0.0   0.0   0.0   3.0   13:17     N
19  -5.8  -3.8   12:58  -9.3   06:50  24.0   0.0   0.0   0.0   2.0   10:16     N
20  -4.9  -2.0   14:46  -8.6   09:15  23.1   0.0   0.0   0.0   3.0   01:54     N
21  -5.6  -4.5   12:57  -8.3   01:28  23.8   0.0   0.0   0.7   6.0   23:20     N
22  -8.0  -5.3   00:00 -11.8   23:59  26.2   0.0   0.0   0.4   4.0   00:00     N
23 -12.1  -7.8   23:58 -16.2   09:17  30.3   0.0   0.0   0.0   4.0   22:09     N
24  -0.3   2.4   14:19  -7.8   00:00  18.5   0.0  15.0   1.1   8.0   10:47     N
25   0.6   1.9   12:36  -3.3   23:59  17.7   0.0   7.4   0.1   4.0   03:16     N
26  -6.3  -2.7   12:36 -13.7   22:22  24.5   0.0   0.0   0.1   5.0   06:17     N
27  -3.4   1.4   14:10 -12.8   00:00  21.6   0.0   0.2   0.3   5.0   15:57     N
28  -1.2   4.5   15:15  -5.2   07:50  19.5   0.0   1.6   0.0   2.0   11:13     N
----------------------------------------------------------------------------------
    -4.9   4.5    28   -25.5     3   648.2   0.0  56.2   0.3   8.0    24       N

Max >=  27.0  0
Max <=   0.0 17
Min <=   0.0 27
Min <= -18.0  3
Max Rain: 26.2 on day 14
Days of Rain: 7 (>= 0.2 mm)  4 (>= 2.0 mm)  1 (>= 20.0 mm)
Heat Base: 18.3  Cool Base: 18.3  Method: Integration