NOAA-Style Climate Reports

Select a Year or Month report
2022: Tam Hel Maa Huh Tou Kes Hei Elo Syy Lok Mar Jou
2021: Tam Hel Maa Huh Tou Kes Hei Elo Syy Lok Mar Jou
2020: Tam Hel Maa Huh Tou Kes Hei Elo Syy Lok Mar Jou
2019: Tam Hel Maa Huh Tou Kes Hei Elo Syy Lok Mar Jou
2018: Tam Hel Maa Huh Tou Kes Hei Elo Syy Lok Mar Jou
2017: Tam Hel Maa Huh Tou Kes Hei Elo Syy Lok Mar Jou

Raportti 2022 Huhtikuu
                   Monthly Climatological Summary for Apr 2022

Name: Weatherstation Konginkangas   City: Konginkangas   State: Keski-Suomi
Elevation: 104 m  Lat: N 62 45 28   Lon: E 025 47 48

                  Temperature (¬°C), Rain (mm), Wind Speed (m/s)

                                      Heat  Cool        Avg
    Mean                              Deg   Deg         Wind                 Dom
Day Temp  High   Time   Low    Time   Days  Days  Rain  Speed High   Time    Dir
----------------------------------------------------------------------------------
01  -7.9   0.7   14:16 -17.9   06:55  26.1   0.0   0.2   0.2   3.0   14:36     N
02  -6.2   2.5   16:48 -17.7   06:38  24.4   0.0   0.0   0.3   5.0   12:28     N
03  -1.8   3.5   14:19  -7.8   23:29  20.0   0.0   0.2   0.2   5.0   14:57     N
04  -3.8   1.9   16:13 -11.9   05:05  22.0   0.0   3.2   0.3   4.0   11:55     N
05  -0.9   0.8   13:33  -5.1   23:58  19.2   0.0   6.8   0.8   5.0   13:41     N
06  -3.6  -1.4   15:05  -6.1   06:26  21.8   0.0   0.2   0.3   4.0   12:51     N
07  -0.3   3.4   14:35  -2.8   06:51  18.5   0.0   8.4   0.7   6.0   17:10     N
08   2.3   5.1   17:47  -0.4   00:00  15.9   0.0  12.8   2.2  10.0   10:17     N
09   1.8   5.2   16:10  -1.9   04:30  16.5   0.0   0.2   0.9   7.0   17:32     N
10   0.9   4.4   16:07  -1.1   05:02  17.4   0.0   1.0   0.9   7.0   16:42     N
11   2.3   5.9   14:26   0.1   23:57  15.9   0.0   4.8   0.3   5.0   00:02     N
12   2.0   9.9   16:02  -3.3   06:14  16.2   0.0   0.0   0.1   4.0   11:59     N
13   1.9   9.8   16:04  -5.1   05:15  16.3   0.0   0.0   0.1   4.0   15:54     N
14   2.0   6.0   15:44  -1.3   02:04  16.2   0.0   0.0   0.1   3.0   11:24     N
15   2.5   6.8   16:52  -1.2   00:00  15.7   0.0   0.0   0.4   6.0   10:58     N
16   2.7   7.6   15:51  -2.7   03:23  15.6   0.0   0.0   0.3   4.0   12:06     N
17   3.9  12.8   16:29  -4.2   06:08  14.4   0.0   0.0   0.0   3.0   11:20     N
18   5.1  11.4   14:06  -0.2   23:59  13.2   0.0   0.0   0.0   2.0   15:34     N
19   5.5  14.9   16:21  -2.5   05:13  12.8   0.0   0.0   0.1   2.0   13:14     N
20   6.2  15.7   13:48  -2.3   05:36  12.1   0.0   0.0   0.1   2.0   12:45    NE
21   4.8  11.6   13:03  -2.5   05:43  13.4   0.0   0.0   0.6   5.0   15:57     N
22   5.2  12.8   15:05  -3.5   05:53  13.1   0.0   0.0   0.2   4.0   12:56     N
23   3.9   6.9   15:47   1.2   03:52  14.3   0.0   0.0   0.4   4.0   17:30     N
24   3.9   8.1   16:54  -2.2   23:59  14.3   0.0   0.0   0.5   5.0   10:31     N
25   3.1  10.3   16:21  -5.3   05:32  15.1   0.0   0.0   0.4   4.0   14:21     N
26   2.2   5.7   13:54  -2.8   23:56  16.0   0.0   0.0   0.5   7.0   11:53     N
27  -0.2   5.3   16:45  -6.2   05:34  18.4   0.0   0.0   0.3   4.0   12:37     N
28  -0.3   6.2   12:11  -7.1   04:23  18.5   0.0   1.0   0.4   5.0   12:43     N
29  -0.4   4.2   12:08  -6.0   05:08  18.6   0.0   1.4   0.2   4.0   18:20     N
30   2.3   9.2   12:20  -6.2   03:53  15.9   0.0   0.0   0.4   6.0   10:41     N
----------------------------------------------------------------------------------
     1.3  15.7    20   -17.9     1   507.8   0.0  40.2   0.4  10.0     8       N

Max >=  27.0  0
Max <=   0.0  1
Min <=   0.0 28
Min <= -18.0  0
Max Rain: 12.8 on day 8
Days of Rain: 12 (>= 0.2 mm)  5 (>= 2.0 mm)  0 (>= 20.0 mm)
Heat Base: 18.3  Cool Base: 18.3  Method: Integration