NOAA-Style Climate Reports

Select a Year or Month report
2022: Tam Hel Maa Huh Tou Kes Hei Elo Syy Lok Mar Jou
2021: Tam Hel Maa Huh Tou Kes Hei Elo Syy Lok Mar Jou
2020: Tam Hel Maa Huh Tou Kes Hei Elo Syy Lok Mar Jou
2019: Tam Hel Maa Huh Tou Kes Hei Elo Syy Lok Mar Jou
2018: Tam Hel Maa Huh Tou Kes Hei Elo Syy Lok Mar Jou
2017: Tam Hel Maa Huh Tou Kes Hei Elo Syy Lok Mar Jou

Raportti 2022 Toukokuu
                   Monthly Climatological Summary for May 2022

Name: Weatherstation Konginkangas   City: Konginkangas   State: Keski-Suomi
Elevation: 104 m  Lat: N 62 45 28   Lon: E 025 47 48

                  Temperature (¬°C), Rain (mm), Wind Speed (m/s)

                                      Heat  Cool        Avg
    Mean                              Deg   Deg         Wind                 Dom
Day Temp  High   Time   Low    Time   Days  Days  Rain  Speed High   Time    Dir
----------------------------------------------------------------------------------
01   3.5   9.1   14:05  -1.6   23:50  14.7   0.0   0.0   0.2   4.0   18:06     N
02   5.6  11.5   15:02  -1.8   00:19  12.7   0.0   0.0   0.9   9.0   15:35     N
03   1.4   4.8   16:52  -3.0   23:55  16.8   0.0   0.0   0.8   8.0   11:17     N
04   2.0   8.1   15:33  -4.8   04:51  16.2   0.0   0.0   0.3   4.0   11:04     N
05   5.4  14.3   17:17  -2.8   04:31  12.9   0.0   0.0   0.5   5.0   17:32     N
06  11.1  17.7   16:04   3.7   23:57   7.2   0.0   0.0   0.6   4.0   13:31     N
07   7.4  14.8   11:50   1.7   23:55  10.8   0.0   4.0   0.3   6.0   08:55     N
08   4.4  10.2   15:51  -1.9   23:55  13.9   0.0   0.0   0.4   5.0   14:15     N
09   5.7  12.1   15:53  -2.6   02:39  12.6   0.0   0.0   0.4   5.0   11:36     N
10  11.0  18.4   15:22   2.3   03:22   7.3   0.0   0.0   0.9   8.0   11:32     N
11   8.7  12.7   18:34   6.1   23:57   9.6   0.0   3.2   0.8   6.0   09:27     N
12   8.1  13.6   16:24   3.3   03:49  10.2   0.0   2.8   0.2   4.0   16:54     N
13  10.4  17.4   15:35   4.3   23:59   7.9   0.0   0.0   0.3   4.0   11:31     N
14   9.6  16.3   15:16  -0.5   05:12   8.7   0.0   3.2   0.4   4.0   22:01     N
15   8.4  12.5   16:19   4.9   05:28   9.9   0.0   3.6   0.3   6.0   18:06     N
16   8.5  14.8   13:28   3.6   23:33   9.7   0.0   0.0   0.5   6.0   12:14     N
17   4.9   8.1   17:31   1.6   02:48  13.3   0.0   0.0   0.4   5.0   10:50     N
18   9.3  16.8   16:53   0.7   02:11   8.9   0.0   0.0   0.4   4.0   10:32     N
19   8.0  12.2   15:45   1.5   23:59  10.2   0.0   0.0   1.4   6.0   00:48     N
20   8.0  15.2   15:01  -2.2   03:37  10.2   0.0   0.0   0.8   5.0   18:08     N
21   8.6  14.9   16:21  -1.5   04:29   9.7   0.0   0.0   0.8   7.0   14:44     N
22  10.1  17.9   16:28  -1.8   04:33   8.2   0.0   0.0   0.4   3.0   08:45     N
23  12.4  19.2   17:03   2.7   04:07   5.9   0.0   0.0   0.8   4.0   12:34     N
24  13.6  20.9   15:00   1.6   04:51   5.2   0.5   0.0   0.6   4.0   10:49     N
25  15.3  22.8   15:59   3.1   04:50   4.1   1.1   0.0   0.6   5.0   13:11     S
26  12.3  16.1   14:40   6.9   03:24   6.0   0.0   0.0   0.2   4.0   16:45     N
27  10.8  16.6   13:06   4.7   04:23   7.5   0.0   0.8   0.3   5.0   13:54     N
28  11.4  16.4   16:06   7.4   04:27   6.8   0.0   0.2   0.4   4.0   14:16     N
29  12.2  18.4   17:04   4.7   04:29   6.1   0.0   0.2   0.7   7.0   12:35     N
30  13.4  19.1   14:44   4.3   04:49   4.9   0.0   0.2   1.2   7.0   14:49     N
31  14.4  18.7   13:10  10.8   02:56   3.9   0.0   1.6   2.1  10.0   13:20     N
----------------------------------------------------------------------------------
     8.9  22.8    25    -4.8     4   292.0   1.6  19.8   0.6  10.0    31       N

Max >=  27.0  0
Max <=   0.0  0
Min <=   0.0 11
Min <= -18.0  0
Max Rain: 4.0 on day 7
Days of Rain: 10 (>= 0.2 mm)  5 (>= 2.0 mm)  0 (>= 20.0 mm)
Heat Base: 18.3  Cool Base: 18.3  Method: Integration