NOAA-Style Climate Reports

Select a Year or Month report
2022: Tam Hel Maa Huh Tou Kes Hei Elo Syy Lok Mar Jou
2021: Tam Hel Maa Huh Tou Kes Hei Elo Syy Lok Mar Jou
2020: Tam Hel Maa Huh Tou Kes Hei Elo Syy Lok Mar Jou
2019: Tam Hel Maa Huh Tou Kes Hei Elo Syy Lok Mar Jou
2018: Tam Hel Maa Huh Tou Kes Hei Elo Syy Lok Mar Jou
2017: Tam Hel Maa Huh Tou Kes Hei Elo Syy Lok Mar Jou

Raportti 2022 Heinäkuu
                   Monthly Climatological Summary for Jul 2022

Name: Weatherstation Konginkangas   City: Konginkangas   State: Keski-Suomi
Elevation: 104 m  Lat: N 62 45 28   Lon: E 025 47 48

                  Temperature (¬°C), Rain (mm), Wind Speed (m/s)

                                      Heat  Cool        Avg
    Mean                              Deg   Deg         Wind                 Dom
Day Temp  High   Time   Low    Time   Days  Days  Rain  Speed High   Time    Dir
----------------------------------------------------------------------------------
01  22.1  30.2   16:31  10.1   04:43   1.7   5.5   0.0   0.4   4.0   14:38     E
02  23.3  28.9   13:46  17.3   05:58   0.1   5.1   2.8   0.2   6.0   14:33     N
03  22.1  27.9   15:56  16.4   23:56   0.0   3.9   0.0   0.2   4.0   16:38   NNW
04  19.8  26.9   17:13  10.3   04:13   1.8   3.2   0.0   0.4   4.0   14:58   SSW
05  17.2  23.8   15:09  11.3   03:17   2.4   1.3   4.2   0.4   8.0   12:52   NNW
06  14.6  20.4   17:19   9.0   04:18   3.9   0.2   5.0   0.1   4.0   12:40   NNW
07  14.1  22.0   13:57   7.2   04:34   4.5   0.3   3.6   0.2   5.0   13:57   NNW
08  15.5  21.6   17:03   9.4   03:56   3.2   0.4   0.2   0.3   5.0   13:44    NW
09  14.6  19.9   14:54   7.2   05:00   3.8   0.1   1.0   0.1   3.0   12:22     N
10  16.4  21.7   16:25  11.9   04:53   2.3   0.5   0.0   0.3   4.0   13:53     N
11  16.9  21.3   16:03  10.9   02:25   2.2   0.9   0.2   0.4   4.0   12:53   NNW
12  18.1  22.4   17:04  12.9   04:49   1.4   1.2   0.0   0.5   4.0   12:05     N
13  18.4  22.4   17:34  15.3   03:30   0.7   0.8  15.8   0.1   4.0   21:59     N
14  17.1  20.3   12:05  12.2   23:57   1.4   0.2   5.6   0.1   4.0   19:28   NNE
15  15.0  19.2   16:31  11.1   05:15   3.3   0.0   0.2   0.3   5.0   12:35     N
16  13.5  16.7   17:27   9.7   05:07   4.8   0.0   5.2   0.2   4.0   11:07   NNE
17  14.5  19.1   16:04  11.7   02:11   3.8   0.0   0.0   0.1   4.0   14:28   NNW
18  14.2  19.2   14:57  10.4   03:29   4.1   0.0   1.8   0.1   4.0   12:22     N
19  13.4  20.0   13:10   7.6   05:00   4.9   0.0   4.6   0.1   4.0   14:05     N
20  16.2  23.9   16:42   7.7   04:17   3.4   1.3   0.0   0.4   4.0   11:23   NNW
21  19.4  26.8   15:51   8.9   05:04   2.3   3.4   0.0   0.3   4.0   13:17     N
22  20.6  25.8   13:39  14.4   05:36   0.8   3.1   3.2   0.3   4.0   14:10    SE
23  15.2  17.4   00:00  11.9   23:59   3.1   0.0  17.2   0.2   4.0   14:43     S
24  15.7  21.9   16:38   9.4   04:47   3.2   0.6   0.0   0.3   4.0   14:04   NNW
25  17.7  24.6   17:01   7.7   04:53   2.8   2.3   0.0   0.3   4.0   14:49   NNE
26  19.3  22.9   14:10  16.8   06:53   0.3   1.2   2.8   0.4   6.0   13:55     N
27  17.6  22.3   15:25  14.6   23:04   1.4   0.7   0.6   0.5   6.0   10:23     N
28  15.0  17.9   15:56  13.2   03:57   3.3   0.0   0.8   0.1   4.0   16:15   NNW
29  14.6  17.5   14:48  12.4   05:54   3.7   0.0   0.0   0.3   4.0   10:04   NNW
30  12.4  13.9   13:08  10.4   23:05   5.9   0.0   7.2   0.0   4.0   04:27     N
31  15.1  21.8   15:09  10.3   02:25   3.6   0.5   0.2   0.1   4.0   14:59   NNW
----------------------------------------------------------------------------------
    16.8  30.2     1     7.2     7    84.1  36.7  82.2   0.2   8.0     5       N

Max >=  27.0  3
Max <=   0.0  0
Min <=   0.0  0
Min <= -18.0  0
Max Rain: 17.2 on day 23
Days of Rain: 20 (>= 0.2 mm)  12 (>= 2.0 mm)  0 (>= 20.0 mm)
Heat Base: 18.3  Cool Base: 18.3  Method: Integration