Laukaa, Finland
Kieli:  Suomi
CurCond
Päivitetty27/11/2022 21:04 
 

NOAA-Style Climate Reports


Raportti 2022 Elokuu
                   Monthly Climatological Summary for Aug 2022

Name: Weatherstation Vihtavuori   City: Vihtavuori, Laukaa   State: Finland
Elevation: 104 m  Lat: N 62 22 04   Lon: E 025 54 14

                  Temperature (°C), Rain (mm), Wind Speed (m/s)

                                      Heat  Cool        Avg
    Mean                              Deg   Deg         Wind                 Dom
Day Temp  High   Time   Low    Time   Days  Days  Rain  Speed High   Time    Dir
----------------------------------------------------------------------------------
01  17.7  25.4   15:36  10.3   04:28   2.7   2.0   0.2   0.0   4.0   13:02   SSE
02  17.5  23.2   14:52  11.6   23:59   1.7   0.9   0.0   0.5  10.0   16:38    SW
03  16.4  23.2   16:03   8.1   05:26   3.2   1.4   0.0   0.2   7.0   16:19     S
04  20.9  25.7   15:37  17.2   03:20   0.3   2.8   0.6   0.3   9.0   18:52   SSW
05  22.0  29.2   15:34  15.9   02:39   0.6   4.3   0.0   0.2   8.0   15:38     S
06  18.5  21.4   00:00  12.1   23:01   0.7   0.9   0.8   1.0  14.0   20:55   SSW
07  13.8  18.2   15:32   9.6   23:58   4.5   0.0   0.2   1.3  11.0   15:48    SW
08  13.0  20.3   14:40   6.8   04:12   5.4   0.1   0.0   0.0   6.0   15:34    SW
09  14.6  23.2   15:01   6.0   05:45   4.8   1.1   0.0   0.0   3.0   15:10   ESE
10  15.8  22.6   16:54   7.3   05:57   3.7   1.2   0.0   0.4   8.0   10:49    SW
11  18.6  23.3   13:31  14.4   23:57   1.2   1.5   0.0   0.8  10.0   15:21    SW
12  16.0  21.8   17:46  12.4   23:58   2.7   0.5   0.4   0.0   5.0   17:50    SW
13  15.0  23.9   17:49   6.4   06:32   4.4   1.1   0.0   0.0   4.0   15:49     E
14  18.5  27.8   17:48   9.2   05:40   2.9   3.1   0.0   0.0   5.0   14:51   SSE
15  19.8  28.1   17:06  11.3   06:27   2.0   3.5   0.0   0.1   4.0   11:35     E
16  21.6  30.4   16:07  12.8   05:17   1.6   4.8   0.0   0.1   5.0   12:53   ESE
17  20.8  30.2   16:23  14.1   05:46   1.0   3.5   5.6   0.2  10.0   18:28    SE
18  20.0  24.8   16:43  15.7   06:02   0.5   2.2   0.0   0.0   3.0   14:42     E
19  22.9  29.7   15:26  16.6   05:32   0.3   4.8   0.2   0.2   6.0   14:23   ESE
20  23.2  28.0   15:41  18.3   06:26   0.0   4.9   0.0   0.4   8.0   14:49    SE
21  20.1  24.3   15:05  15.2   06:06   0.4   2.3   0.0   0.4   6.0   12:23   ESE
22  17.4  23.2   17:43  11.9   23:56   1.6   0.7  12.6   0.0   5.0   17:49   SSW
23  15.6  22.0   16:52   8.4   05:36   3.6   0.9   0.0   0.0   3.0   15:36   ENE
24  17.2  19.4   17:54  15.2   23:57   1.2   0.1  15.6   0.0   3.0   10:03   NNW
25  15.8  21.3   17:33  11.1   23:58   3.0   0.5   0.0   0.1   6.0   11:06   NNW
26  15.3  23.2   17:28   7.5   06:26   4.0   1.1   0.0   0.0   4.0   13:46   ENE
27  18.0  23.8   17:32  14.8   07:12   1.6   1.2   0.0   0.0   4.0   17:02   SSW
28  16.5  18.6   12:52  12.8   23:31   1.8   0.0   1.2   0.0   4.0   16:49   WNW
29  13.9  19.5   16:55   9.7   23:39   4.5   0.1   2.0   0.0   6.0   13:37     N
30  11.9  17.1   13:39   8.4   06:36   6.4   0.0   0.0   0.2   6.0   14:05     N
31   9.0  12.1   13:56   6.6   23:58   9.3   0.0   0.4   0.2   8.0   15:31   NNW
----------------------------------------------------------------------------------
    17.3  30.4    16     6.0     9    81.6  51.5  39.8   0.2  14.0     6     SSW

Max >=  27.0  7
Max <=   0.0  0
Min <=   0.0  0
Min <= -18.0  0
Max Rain: 15.6 on day 24
Days of Rain: 12 (>= 0.2 mm)  4 (>= 2.0 mm)  0 (>= 20.0 mm)
Heat Base: 18.3  Cool Base: 18.3  Method: Integration