Laukaa, Finland
Kieli:  Suomi
CurCond
Päivitetty27/11/2022 21:54 
 

NOAA-Style Climate Reports


Raportti 2022 Syyskuu
                   Monthly Climatological Summary for Sep 2022

Name: Weatherstation Vihtavuori   City: Vihtavuori, Laukaa   State: Finland
Elevation: 104 m  Lat: N 62 22 04   Lon: E 025 54 14

                  Temperature (°C), Rain (mm), Wind Speed (m/s)

                                      Heat  Cool        Avg
    Mean                              Deg   Deg         Wind                 Dom
Day Temp  High   Time   Low    Time   Days  Days  Rain  Speed High   Time    Dir
----------------------------------------------------------------------------------
01   7.9  13.6   14:24   4.5   23:54  10.4   0.0   2.0   0.3   8.0   11:18   NNW
02   6.8  11.9   15:46   2.9   06:40  11.5   0.0   0.4   0.1   7.0   11:42   NNW
03   7.9  12.5   16:01   4.6   01:03  10.4   0.0   0.0   0.0   6.0   11:28    NW
04   7.8   9.7   15:21   5.2   23:52  10.5   0.0   0.2   0.1   5.0   13:53   NNW
05   8.3  13.1   16:28   4.9   23:58  10.0   0.0   0.0   0.0   4.0   08:20   NNW
06   8.8  13.2   16:39   2.1   03:17   9.5   0.0   0.0   0.4   5.0   06:52    SW
07   7.6  11.1   14:07   3.9   23:59  10.7   0.0   0.0   0.0   6.0   10:57     N
08   5.5  12.4   15:24  -0.2   06:10  12.7   0.0   0.0   0.0   3.0   11:18    NE
09   6.6  14.6   13:30  -1.5   07:01  11.7   0.0   0.0   0.1   5.0   13:29    SW
10  10.0  15.2   13:28   6.0   08:06   8.3   0.0   0.0   0.0   3.0   13:00    SW
11  10.5  15.2   14:53   7.1   23:56   7.7   0.0   0.0   0.0   2.0   12:55     E
12  10.2  16.7   16:02   5.3   03:33   8.1   0.0   0.0   0.0   4.0   12:35    SW
13   9.7  12.2   16:46   5.5   02:07   8.6   0.0   0.0   0.0   6.0   10:58    SE
14  11.4  13.5   12:28  10.1   04:43   6.9   0.0   1.0   0.7   7.0   16:06     E
15  10.9  12.7   14:54   9.9   03:05   7.4   0.0   4.6   0.4   6.0   00:35     E
16  10.8  13.7   14:20   9.6   20:16   7.5   0.0   4.6   0.1   5.0   15:50     E
17  10.8  14.7   16:40   8.2   23:55   7.5   0.0   0.8   0.0   4.0   13:10   NNE
18  10.1  14.6   16:49   7.8   04:10   8.2   0.0   0.2   0.0   3.0   13:18   SSW
19  10.1  14.0   13:20   8.2   07:08   8.2   0.0   1.6   0.0   6.0   22:17    NW
20   8.6  10.1   15:48   6.4   23:52   9.7   0.0   0.6   0.4   8.0   05:25    NW
21   6.4  10.2   17:14   0.9   23:46  11.9   0.0   0.2   0.0   3.0   04:35    NW
22   4.3  11.2   14:49  -1.6   07:24  14.0   0.0   0.0   0.0   2.0   14:36   SSW
23   5.7  14.0   15:43  -0.8   06:47  12.6   0.0   0.2   0.0   4.0   14:02     E
24   7.7  11.7   13:54   3.2   00:00  10.6   0.0   0.0   0.0   3.0   12:20     E
25   5.5  10.6   14:22   0.6   07:42  12.8   0.0   0.0   0.1   6.0   12:11   NNE
26   7.0  10.6   17:12   2.7   23:56  11.2   0.0   0.4   0.1   3.0   09:58     E
27   6.8  11.3   17:57   2.2   00:54  11.5   0.0   0.0   0.0   3.0   16:44   ENE
28   6.8   8.8   14:57   3.2   00:00  11.5   0.0   0.4   0.3   5.0   12:14   NNE
29   5.9   6.9   09:41   4.6   23:11  12.4   0.0   2.6   0.6   7.0   11:55   NNE
30   5.9   7.2   17:17   4.5   00:19  12.4   0.0   1.0   0.0   4.0   00:19    NE
----------------------------------------------------------------------------------
     8.1  16.7    12    -1.6    22   306.4   0.0  20.8   0.1   8.0     1      NE

Max >=  27.0  0
Max <=   0.0  0
Min <=   0.0  4
Min <= -18.0  0
Max Rain: 4.6 on day 15
Days of Rain: 16 (>= 0.2 mm)  4 (>= 2.0 mm)  0 (>= 20.0 mm)
Heat Base: 18.3  Cool Base: 18.3  Method: Integration