Laukaa, Finland
Kieli:  Suomi
CurCond
Päivitetty27/11/2022 21:13 
 

NOAA-Style Climate Reports


Raportti 2022 Lokakuu
                   Monthly Climatological Summary for Oct 2022

Name: Weatherstation Vihtavuori   City: Vihtavuori, Laukaa   State: Finland
Elevation: 104 m  Lat: N 62 22 04   Lon: E 025 54 14

                  Temperature (°C), Rain (mm), Wind Speed (m/s)

                                      Heat  Cool        Avg
    Mean                              Deg   Deg         Wind                 Dom
Day Temp  High   Time   Low    Time   Days  Days  Rain  Speed High   Time    Dir
----------------------------------------------------------------------------------
01   6.8   9.0   14:44   4.3   07:36  11.5   0.0   1.2   0.1   4.0   05:07   SSW
02   6.4   8.7   15:37   3.9   22:51  11.9   0.0   0.0   0.0   2.0   07:37   ESE
03   6.5   8.7   15:59   4.4   00:00  11.8   0.0   0.2   0.1   5.0   16:50   NNW
04   5.7   7.7   13:49   1.1   23:55  12.6   0.0   0.2   0.6   6.0   05:54   NNW
05   5.0   9.7   23:59  -0.4   02:13  13.2   0.0   2.0   0.0   4.0   12:32    SE
06  10.6  12.1   07:29   8.5   23:56   7.7   0.0   6.0   1.3   9.0   07:55   SSW
07   9.9  12.3   14:10   7.7   04:05   8.4   0.0   1.2   2.1  11.0   12:30   SSW
08  10.0  11.4   00:00   6.3   23:56   8.3   0.0   5.8   1.3  11.0   12:15   SSW
09   6.3  10.4   16:34   3.2   07:39  12.0   0.0   0.2   1.1   8.0   10:39    SW
10   8.5  13.7   16:03   3.7   04:47   9.8   0.0   0.0   0.9   8.0   14:50     S
11   8.1   9.7   00:13   6.2   21:03  10.2   0.0   3.4   1.2  12.0   19:41     S
12   4.4   7.8   16:31   0.4   23:19  13.9   0.0   0.0   0.9   8.0   11:55    SW
13   5.1  10.9   15:32  -0.8   06:31  13.2   0.0   0.2   0.4   6.0   16:14     S
14   9.1  10.2   13:23   8.2   23:44   9.2   0.0   0.4   0.3   5.0   00:21     S
15   9.1  10.1   16:12   8.2   00:00   9.2   0.0   0.8   0.1   5.0   23:24   SSE
16  10.2  11.2   17:00   9.4   00:00   8.1   0.0   7.8   0.3   6.0   13:35   SSE
17   7.0  10.1   00:00   4.1   23:49  11.3   0.0   8.8   0.6   8.0   09:52    SW
18   5.4   7.5   15:16   2.4   23:59  12.9   0.0   0.8   0.4   5.0   16:01   WSW
19   2.2   5.2   16:38  -0.2   07:57  16.1   0.0   0.2   0.6   6.0   08:50   WNW
20   3.4   5.6   15:55   0.8   09:08  14.9   0.0   0.0   0.2   5.0   00:35    SW
21   4.1   5.4   15:24   3.0   02:08  14.1   0.0   1.4   0.0   2.0   14:00     E
22   5.7   7.1   14:35   4.3   05:41  12.6   0.0   0.2   0.6   8.0   19:45   SSW
23   3.9   6.1   00:00  -0.2   23:49  14.4   0.0   0.0   0.4   5.0   01:21    SW
24  -0.2   4.0   14:33  -2.7   08:05  18.4   0.0   0.0   0.1   3.0   14:30    SW
25  -1.1   1.9   23:48  -5.0   07:57  19.4   0.0   0.0   0.4   7.0   15:48   ENE
26   3.6   5.4   19:49   1.9   03:14  14.7   0.0   1.4   0.3   5.0   03:07     E
27   4.7   7.2   23:54   3.3   09:05  13.6   0.0   4.0   0.1   4.0   10:17   SSW
28   7.8   9.2   16:48   6.6   08:42  10.5   0.0   0.2   0.6   5.0   17:12   SSW
29   8.5  10.8   15:09   4.0   23:55   9.8   0.0   5.4   1.2  11.0   16:47    SW
30   2.3   4.2   15:50  -0.1   23:52  16.7   0.0   0.0   0.9   9.0   14:08   WNW
31   0.9   5.7   23:54  -3.3   08:23  17.4   0.0   4.2   0.0   2.0   18:36     N
----------------------------------------------------------------------------------
     5.8  13.7    10    -5.0    25   387.8   0.0  56.0   0.6  12.0    11     SSW

Max >=  27.0  0
Max <=   0.0  0
Min <=   0.0  8
Min <= -18.0  0
Max Rain: 8.8 on day 17
Days of Rain: 23 (>= 0.2 mm)  9 (>= 2.0 mm)  0 (>= 20.0 mm)
Heat Base: 18.3  Cool Base: 18.3  Method: Integration