NOAA-Style Climate Reports

Select a Year or Month report
2021: Tam Hel Maa Huh Tou Kes Hei Elo Syy Lok Mar Jou
2020: Tam Hel Maa Huh Tou Kes Hei Elo Syy Lok Mar Jou
2019: Tam Hel Maa Huh Tou Kes Hei Elo Syy Lok Mar Jou
2018: Tam Hel Maa Huh Tou Kes Hei Elo Syy Lok Mar Jou
2017: Tam Hel Maa Huh Tou Kes Hei Elo Syy Lok Mar Jou

Raportti 2021 Kesäkuu
                   Monthly Climatological Summary for Jun 2021

Name: Weatherstation Konginkangas   City: Konginkangas   State: Keski-Suomi
Elevation: 104 m  Lat: N 62 45 28   Lon: E 025 47 48

                  Temperature (¬°C), Rain (mm), Wind Speed (m/s)

                                      Heat  Cool        Avg
    Mean                              Deg   Deg         Wind                 Dom
Day Temp  High   Time   Low    Time   Days  Days  Rain  Speed High   Time    Dir
----------------------------------------------------------------------------------
01  12.7  20.4   16:40   1.8   04:23   5.8   0.3   0.2   0.6   4.0   13:39    NE
02  16.4  24.3   17:04   5.1   04:40   3.6   1.7   0.0   0.6   4.0   13:55    SE
03  17.0  24.3   16:41   6.3   04:31   3.4   2.1   0.0   0.5   4.0   13:10   NNW
04  18.0  26.1   16:16   6.1   04:14   3.1   2.8   0.0   0.5   4.0   12:17     N
05  18.9  25.6   18:36   8.0   04:35   2.4   3.0   0.0   0.2   3.0   12:06   WNW
06  20.1  24.8   17:06  12.9   05:17   1.0   2.8   0.0   0.8   5.0   20:33    NE
07  18.4  23.2   16:31  12.3   04:10   1.2   1.3   0.0   1.2   5.0   17:29   ENE
08  17.4  22.2   17:06  12.6   23:59   1.4   0.5   0.0   0.5   4.0   05:35     E
09  17.4  23.8   14:58   8.4   04:37   2.7   1.8   0.0   0.3   4.0   17:22   ESE
10  18.9  26.2   16:28   8.7   04:35   2.5   3.1   0.0   0.4   3.0   15:36    SE
11  19.7  26.8   13:25   8.1   04:35   2.3   3.7   0.0   0.5   4.0   14:26   ESE
12  17.8  23.3   12:47  13.6   23:49   1.7   1.1  10.0   0.4   7.0   13:15     S
13  14.0  18.3   17:10   9.0   23:59   4.3   0.0   7.0   0.1   4.0   18:28     W
14  14.8  21.3   15:54   6.9   05:09   4.0   0.5   0.2   0.5   7.0   11:49     N
15  14.4  18.1   14:48  10.1   23:57   3.9   0.0   0.4   1.1   8.0   08:17   NNW
16  12.6  15.4   18:24   8.3   03:54   5.6   0.0   0.0   0.3   5.0   15:17   NNW
17  16.8  24.4   14:35   7.2   04:48   3.2   1.7   0.0   0.3   5.0   14:42     N
18  21.0  26.7   17:04  11.8   04:35   1.3   4.0   0.0   0.6   7.0   13:30   NNW
19  18.2  21.7   00:00  14.1   06:17   0.9   0.8   4.6   0.2   3.0   04:41   NNE
20  23.2  30.8   16:18  13.3   02:16   0.9   5.8   0.0   0.4   6.0   15:47   NNW
----------------------------------------------------------------------------------
    17.4  30.8    20     1.8     1    55.2  37.0  22.4   0.5   8.0    15     NNE

Max >=  27.0  1
Max <=   0.0  0
Min <=   0.0  0
Min <= -18.0  0
Max Rain: 10.0 on day 12
Days of Rain: 6 (>= 0.2 mm)  3 (>= 2.0 mm)  0 (>= 20.0 mm)
Heat Base: 18.3  Cool Base: 18.3  Method: Integration