NOAA-Style Climate Reports

Select a Year or Month report
2022: Tam Hel Maa Huh Tou Kes Hei Elo Syy Lok Mar Jou
2021: Tam Hel Maa Huh Tou Kes Hei Elo Syy Lok Mar Jou
2020: Tam Hel Maa Huh Tou Kes Hei Elo Syy Lok Mar Jou
2019: Tam Hel Maa Huh Tou Kes Hei Elo Syy Lok Mar Jou
2018: Tam Hel Maa Huh Tou Kes Hei Elo Syy Lok Mar Jou
2017: Tam Hel Maa Huh Tou Kes Hei Elo Syy Lok Mar Jou

Raportti 2017 Elokuu
                   Monthly Climatological Summary for Aug 2017

Name: Weatherstation Konginkangas   City: Konginkangas   State: Keski-Suomi
Elevation: 104 m  Lat: N 62 45 28   Lon: E 025 47 49

                  Temperature (¬°C), Rain (mm), Wind Speed (m/s)

                                      Heat  Cool        Avg
    Mean                              Deg   Deg         Wind                 Dom
Day Temp  High   Time   Low    Time   Days  Days  Rain  Speed High   Time    Dir
----------------------------------------------------------------------------------
01  18.7  25.4   16:54  11.9   04:41   1.6   2.0   0.0   1.3   7.0   11:28     S
02  14.7  18.0   19:08  10.6   04:06   3.6   0.0   6.0   0.2   3.0   07:13   SSE
03  16.6  25.9   16:17  12.0   23:58   2.8   1.1   4.8   0.4   5.0   11:12     S
04  14.9  20.7   14:00   7.5   05:08   3.7   0.3   3.0   2.2   8.0   19:26   ENE
05  16.8  23.1   17:41  14.4   02:27   2.0   0.5   7.5   0.4   4.0   00:07     E
06  15.2  16.7   10:03  12.8   23:49   3.1   0.0   2.7   1.0   5.0   15:44   ENE
07  13.3  18.4   17:29  11.4   05:11   5.0   0.0   0.0   0.3   3.0   11:39   ESE
08  15.4  20.7   12:43   6.9   04:31   3.2   0.3   0.0   0.3   3.0   15:36   SSE
09  17.5  25.1   16:00  12.2   01:17   2.1   1.3   0.0   0.5   4.0   14:22     S
10  16.5  23.9   17:01  11.5   03:21   2.6   0.8   4.8   0.8   6.0   15:45   SSE
11  18.6  26.4   15:33  12.2   03:53   1.8   2.1   0.0   0.8   6.0   16:29   SSE
12  18.1  22.8   11:43  13.1   04:40   1.5   1.3   2.7   0.5   4.0   11:25    SE
13  17.3  21.4   12:37  12.6   23:37   1.2   0.2  12.0   1.0   6.0   14:14   SSE
14  14.6  20.7   12:33  11.0   08:29   5.7   0.9   5.4   0.7   7.0   13:46     E
15  15.0  24.6   15:14   6.5   04:08   4.2   1.0   0.0   0.5   4.0   13:16     S
16  16.3  22.4   13:01   9.6   04:03   2.7   0.7   4.8   0.6   6.0   15:06    SE
17  18.6  24.2   15:02  13.9   22:29   1.9   1.0   0.3   0.3   3.0   09:06    SE
18  18.1  20.8   16:26  11.0   00:05   9.0   0.2   7.2   0.2   3.0   13:39   ESE
19  16.6  20.7   14:11  12.8   06:18   1.9   0.2   2.1   0.6   5.0   21:32   ESE
20  14.7  22.4   17:27  11.0   03:43   4.3   0.7   0.0   1.2   8.0   12:14     S
21  15.2  21.0   08:02  10.4   23:58   3.3   0.2  15.6   0.5   3.0   08:12    SE
22  13.4  18.5   10:07   8.0   03:48   4.7   0.0   0.0   0.3   2.0   17:41     S
23  12.9  16.0   09:12  11.1   23:32   5.4   0.0   0.0   0.3   3.0   08:54   SSE
24  12.3  16.6   15:58   9.2   22:32   5.9   0.0   0.0   0.9   5.0   12:13    SE
25  10.0  17.7   15:12   3.5   05:59   8.3   0.0   0.0   0.4   4.0   09:25     W
26   8.8  12.7   17:44   4.1   00:00   9.3   0.0   3.9   0.2   4.0   17:15    NW
27  10.2  16.7   16:02   7.3   02:11   7.9   0.0   0.3   0.3   4.0   18:00    SE
28  10.1  15.3   15:14   4.7   23:48   8.2   0.0   0.0   0.2   2.0   11:35   SSW
29  11.4  16.7   12:10   3.7   03:28   6.8   0.0   2.1   0.8   5.0   10:58     W
30  15.3  20.5   16:40  11.4   23:52   3.1   0.1   8.7   0.7   5.0   04:07   WNW
31  12.9  16.4   16:28   8.0   06:09   5.4   0.0   3.0   0.2   3.0   16:37   ESE
----------------------------------------------------------------------------------
    14.8  26.4    11     3.5    25   132.2  14.9  96.9   0.6   8.0     4      SE

Max >=  27.0  0
Max <=   0.0  0
Min <=   0.0  0
Min <= -18.0  0
Max Rain: 15.6 on day 21
Days of Rain: 19 (>= 0.2 mm)  17 (>= 2.0 mm)  0 (>= 20.0 mm)
Heat Base: 18.3  Cool Base: 18.3  Method: Integration