NOAA-Style Climate Reports

Select a Year or Month report
2022: Tam Hel Maa Huh Tou Kes Hei Elo Syy Lok Mar Jou
2021: Tam Hel Maa Huh Tou Kes Hei Elo Syy Lok Mar Jou
2020: Tam Hel Maa Huh Tou Kes Hei Elo Syy Lok Mar Jou
2019: Tam Hel Maa Huh Tou Kes Hei Elo Syy Lok Mar Jou
2018: Tam Hel Maa Huh Tou Kes Hei Elo Syy Lok Mar Jou
2017: Tam Hel Maa Huh Tou Kes Hei Elo Syy Lok Mar Jou

Raportti 2018 Huhtikuu
                   Monthly Climatological Summary for Apr 2018

Name: Weatherstation Konginkangas   City: Konginkangas   State: Keski-Suomi
Elevation: 104 m  Lat: N 62 45 28   Lon: E 025 47 49

                  Temperature (¬°C), Rain (mm), Wind Speed (m/s)

                                      Heat  Cool        Avg
    Mean                              Deg   Deg         Wind                 Dom
Day Temp  High   Time   Low    Time   Days  Days  Rain  Speed High   Time    Dir
----------------------------------------------------------------------------------
01  -4.0   9.3   16:04 -16.6   06:43  22.3   0.0   0.0   0.3   4.0   13:19    SE
02  -2.7   0.6   13:30  -8.7   02:48  21.0   0.0   0.0   0.8   6.0   14:19   ENE
03  -1.5   2.8   16:11  -7.7   23:56  19.8   0.0   0.3   0.6   4.0   00:04     E
04  -0.4   8.3   15:39 -11.1   05:53  18.7   0.0   5.7   1.0   6.0   14:51    SE
05   3.8   5.7   13:19   1.5   00:00  14.5   0.0   2.7   0.5   3.0   16:16   ESE
06   4.3   7.9   14:20   0.6   23:53  13.9   0.0   7.5   0.5   6.0   23:38     S
07   3.1  10.0   15:52  -3.6   06:25  15.1   0.0   0.9   0.8   7.0   11:25    SW
08   3.4   8.5   15:59   0.5   01:17  14.9   0.0   0.0   0.3   3.0   05:34     E
09   2.4   7.4   13:34  -2.0   23:27  15.9   0.0   6.3   0.2   4.0   16:56     N
10   1.9   9.8   17:22  -3.9   23:58  16.4   0.0   0.0   0.7   4.0   13:47    NE
11   2.4  14.5   15:52  -8.9   05:47  15.8   0.0   0.0   0.4   4.0   12:07    SW
12   2.1  11.3   14:57  -6.9   05:34  16.2   0.0   0.0   0.3   3.0   16:45     E
13   3.8  15.2   16:37  -6.5   05:44  14.5   0.0   0.0   0.4   3.0   12:38     E
14   6.3  18.4   16:00  -5.1   05:58  12.0   0.0   0.0   0.4   5.0   13:06     S
15   6.6  19.0   16:20  -3.6   06:04  11.7   0.0   0.0   0.4   2.0   14:24     E
16   6.7  15.5   17:08  -0.1   00:33  11.6   0.0   0.0   0.1   2.0   14:09     E
17   4.5   6.9   14:22   2.1   04:16  13.8   0.0   6.9   0.1   2.0   18:34     E
18   7.6  17.5   15:23   3.1   23:33  10.6   0.0   0.6   0.2   2.0   13:10     E
19   9.8  19.7   16:13   2.5   23:59   8.5   0.0   0.0   0.3   6.0   20:10   ESE
20   5.4  13.7   17:34   0.0   01:50  12.9   0.0   0.3   0.1   2.0   16:23     S
21   4.0   9.4   16:02   1.4   02:06  14.3   0.0   0.0   0.6   4.0   21:31   ENE
22   2.0   7.0   16:31  -2.5   23:47  16.3   0.0   0.6   0.8   4.0   14:00     E
23   5.4  12.7   16:10  -3.7   02:07  12.8   0.0   1.2   0.6   5.0   14:49    SE
24   4.6   8.1   15:39   2.5   04:15  13.6   0.0   0.6   1.1   6.0   11:19    SE
25   6.2  10.8   16:00   2.7   23:57  12.1   0.0   1.8   0.4   3.0   11:19    SE
26   6.8  13.4   14:44   1.8   05:30  11.5   0.0   0.0   0.3   3.0   16:14     S
27   5.7  13.3   16:50   0.5   04:52  12.5   0.0   5.4   0.3   7.0   15:24     E
28   6.4  15.4   17:05  -1.5   05:09  11.9   0.0   0.0   0.3   4.0   16:13     E
29   6.0  13.8   12:21  -1.8   04:49  12.3   0.0   2.7   0.3   4.0   14:05     E
30   5.9  12.6   15:37   0.0   05:49  12.4   0.0   0.0   0.3   2.0   14:56     E
----------------------------------------------------------------------------------
     4.0  19.7    19   -16.6     1   429.8   0.0  43.5   0.5   7.0     7     ESE

Max >=  27.0  0
Max <=   0.0  0
Min <=   0.0 19
Min <= -18.0  0
Max Rain: 7.5 on day 6
Days of Rain: 15 (>= 0.2 mm)  7 (>= 2.0 mm)  0 (>= 20.0 mm)
Heat Base: 18.3  Cool Base: 18.3  Method: Integration