NOAA-Style Climate Reports

Select a Year or Month report
2022: Tam Hel Maa Huh Tou Kes Hei Elo Syy Lok Mar Jou
2021: Tam Hel Maa Huh Tou Kes Hei Elo Syy Lok Mar Jou
2020: Tam Hel Maa Huh Tou Kes Hei Elo Syy Lok Mar Jou
2019: Tam Hel Maa Huh Tou Kes Hei Elo Syy Lok Mar Jou
2018: Tam Hel Maa Huh Tou Kes Hei Elo Syy Lok Mar Jou
2017: Tam Hel Maa Huh Tou Kes Hei Elo Syy Lok Mar Jou

Raportti 2019 Huhtikuu
                   Monthly Climatological Summary for Apr 2019

Name: Weatherstation Konginkangas   City: Konginkangas   State: Keski-Suomi
Elevation: 104 m  Lat: N 62 45 28   Lon: E 025 47 48

                  Temperature (¬°C), Rain (mm), Wind Speed (m/s)

                                      Heat  Cool        Avg
    Mean                              Deg   Deg         Wind                 Dom
Day Temp  High   Time   Low    Time   Days  Days  Rain  Speed High   Time    Dir
----------------------------------------------------------------------------------
01   1.0   6.1   14:56  -4.1   06:51  17.2   0.0   0.0   0.5   4.0   15:39   WSW
02   3.3   9.7   15:00  -2.2   06:24  15.0   0.0   0.0   0.4   4.0   11:34   WSW
03   4.5  11.5   14:30  -2.2   07:01  13.8   0.0   0.0   0.4   6.0   15:12    SW
04   5.4  10.9   14:05   0.1   23:51  12.9   0.0   0.0   0.3   5.0   13:53    SW
05   1.1   3.8   17:01  -2.1   23:59  17.2   0.0   1.4   0.2   4.0   15:33   ENE
06   3.1  13.5   15:10  -5.4   06:35  15.2   0.0   0.0   0.2   4.0   14:52   ESE
07   2.9  11.8   14:38  -5.8   06:24  15.4   0.0   0.0   0.2   3.0   14:49   ESE
08   2.2   6.2   12:45  -0.3   05:29  16.1   0.0   3.4   1.1   7.0   15:51   ENE
09  -1.1   0.2   14:54  -3.4   23:47  19.4   0.0   0.6   0.6   4.0   03:06   ENE
10  -2.3   1.3   14:43  -5.0   06:13  20.6   0.0   3.2   0.2   5.0   15:27   ENE
11  -1.9   3.9   15:00  -6.9   06:17  20.2   0.0   4.0   0.2   4.0   15:27     N
12   1.3   6.9   12:45  -5.8   00:34  17.0   0.0   0.6   0.3   5.0   17:13   ENE
13   2.6   6.8   13:39  -0.7   04:42  15.7   0.0   0.0   0.3   4.0   12:32   ENE
14   2.4   7.2   16:02  -2.6   23:55  15.9   0.0   0.0   0.1   4.0   12:06     E
15   2.7  11.2   15:19  -5.6   05:55  15.6   0.0   0.0   0.2   3.0   13:32   ESE
16   3.7  11.6   16:02  -4.3   06:04  14.4   0.0   0.0   0.3   3.0   13:07     E
17   5.6  15.8   15:28  -4.4   06:00  12.7   0.0   0.0   0.1   3.0   14:02     E
18   5.8  14.9   15:42  -3.4   05:33  12.5   0.0   0.0   0.2   2.0   12:12     E
19   6.0  12.2   13:20   0.7   23:56  12.3   0.0   0.0   0.0   4.0   13:30    SW
20   3.4  11.6   14:34  -3.1   05:09  14.9   0.0   0.0   0.1   2.0   15:18   ESE
21   6.9  13.7   15:06  -2.4   03:46  11.4   0.0   0.0   0.3   6.0   14:53    SW
22   8.9  17.1   15:50   1.9   23:45   9.3   0.0   0.2   0.0   4.0   13:37    SW
23   9.4  20.7   16:15   0.8   02:01   9.0   0.2   0.0   0.0   4.0   18:49    NW
24   9.4  22.6   16:35  -0.5   05:08   9.3   0.4   0.0   0.0   4.0   11:56   SSW
25   7.9  23.2   16:48  -2.5   05:09  10.8   0.4   0.0   0.0   0.0   12:54     N
26   9.6  25.7   16:20  -2.2   05:00   9.4   0.7   0.0   0.0   1.0   12:46     N
27   9.6  23.0   15:20  -1.2   05:17   9.3   0.6   0.0   0.2   4.0   20:08   WSW
28   4.8  18.1   16:03  -2.9   23:58  13.5   0.0   0.0   0.0   4.0   09:11   WSW
29   6.5  17.3   13:35  -4.3   04:08  11.8   0.0   0.0   0.0   3.0   10:35   WSW
30   9.2  22.6   16:52  -0.6   04:54   9.4   0.3   0.0   0.0   3.0   15:07   WSW
----------------------------------------------------------------------------------
     4.5  25.7    26    -6.9    11   417.2   2.6  13.4   0.2   7.0     8       E

Max >=  27.0  0
Max <=   0.0  0
Min <=   0.0 26
Min <= -18.0  0
Max Rain: 4.0 on day 11
Days of Rain: 7 (>= 0.2 mm)  3 (>= 2.0 mm)  0 (>= 20.0 mm)
Heat Base: 18.3  Cool Base: 18.3  Method: Integration