NOAA-Style Climate Reports

Select a Year or Month report
2022: Tam Hel Maa Huh Tou Kes Hei Elo Syy Lok Mar Jou
2021: Tam Hel Maa Huh Tou Kes Hei Elo Syy Lok Mar Jou
2020: Tam Hel Maa Huh Tou Kes Hei Elo Syy Lok Mar Jou
2019: Tam Hel Maa Huh Tou Kes Hei Elo Syy Lok Mar Jou
2018: Tam Hel Maa Huh Tou Kes Hei Elo Syy Lok Mar Jou
2017: Tam Hel Maa Huh Tou Kes Hei Elo Syy Lok Mar Jou

Raportti 2019 Marraskuu
                   Monthly Climatological Summary for Nov 2019

Name: Weatherstation Konginkangas   City: Konginkangas   State: Keski-Suomi
Elevation: 104 m  Lat: N 62 45 28   Lon: E 025 47 48

                  Temperature (¬°C), Rain (mm), Wind Speed (m/s)

                                      Heat  Cool        Avg
    Mean                              Deg   Deg         Wind                 Dom
Day Temp  High   Time   Low    Time   Days  Days  Rain  Speed High   Time    Dir
----------------------------------------------------------------------------------
01  -0.6   0.2   12:24  -1.4   21:55  18.9   0.0   0.0   0.0   4.0   04:57     N
02   0.4   2.3   21:25  -1.9   01:38  17.9   0.0   1.2   0.3   4.0   08:33     N
03  -0.2   2.1   00:00  -4.8   23:34  18.4   0.0   1.4   0.0   2.0   11:47     N
04  -3.6  -1.9   12:53  -5.2   23:31  21.8   0.0   0.0   0.3   4.0   11:25     N
05  -7.4  -4.9   00:00 -10.8   22:14  25.6   0.0   0.0   0.3   4.0   02:28     N
06  -7.2  -5.9   14:15 -10.0   00:00  25.4   0.0   0.0   0.1   3.0   10:52     E
07  -8.6  -6.4   23:56 -10.6   02:51  26.3   0.0   0.0   0.5   4.0   08:11   ESE
08  -4.1  -2.6   23:39  -6.4   00:00  22.3   0.0   0.0   0.5   4.0   07:35   ESE
09   0.3   1.6   13:34  -2.7   00:01  17.9   0.0   7.6   0.3   4.0   01:51    SE
10   0.4   1.0   03:39  -0.8   23:47  17.8   0.0   3.8   0.0   3.0   15:23     E
11  -2.0  -0.7   00:00  -3.9   23:09  20.2   0.0   0.0   0.0   0.0   00:00     N
12  -2.4  -0.7   23:56  -3.8   00:00  20.6   0.0   0.0   0.0   0.0   00:00     N
13   1.4   2.7   22:09  -0.8   00:00  16.8   0.0  15.6   0.0   2.0   05:44     N
14   4.2   7.5   20:30   1.1   23:41  14.1   0.0   9.4   0.1   4.0   21:30     N
15   0.6   1.7   02:40  -0.5   23:46  17.6   0.0   0.2   0.0   4.0   09:21     N
16  -1.3  -0.4   00:50  -2.7   23:26  19.5   0.0   0.0   0.4   4.0   14:11     N
17   0.7   3.9   21:36  -2.7   00:17  17.5   0.0   6.8   0.6   6.0   04:18     N
18   2.6   3.8   04:04   1.6   17:42  15.6   0.0   1.2   0.0   2.0   23:09     N
19   4.1   4.7   19:22   3.1   00:17  14.1   0.0   0.4   0.9   5.0   04:34     N
20   4.9   5.4   13:59   4.3   00:56  13.4   0.0   0.2   0.6   5.0   06:11     N
21   3.4   5.0   00:00   1.8   18:15  14.9   0.0   0.0   0.1   4.0   16:37     N
22   1.3   2.4   04:02  -0.8   23:25  17.0   0.0   0.2   0.2   4.0   10:16     N
23  -1.3  -0.7   00:00  -2.6   19:15  19.6   0.0   0.0   0.2   4.0   04:10     N
24  -1.8  -1.3   05:01  -2.4   23:08  20.0   0.0   0.0   0.0   3.0   10:01     N
25  -1.8  -1.2   12:46  -2.4   00:00  20.1   0.0   0.0   0.0   3.0   01:20     N
26  -0.1   0.7   13:05  -1.9   00:00  18.4   0.0   0.0   0.0   3.0   12:48     N
27  -0.5   0.3   07:47  -1.3   15:50  18.7   0.0   0.2   0.0   0.0   00:05     N
28   0.5   1.2   23:56  -0.4   00:00  17.7   0.0   0.2   0.0   3.0   23:17     N
29  -0.5   3.2   10:32  -5.6   23:10  18.7   0.0  15.8   0.1   4.0   01:00     N
30  -7.4  -4.4   12:32 -10.3   23:03  25.6   0.0   0.0   0.0   1.0   00:00     N
----------------------------------------------------------------------------------
    -0.9   7.5    14   -10.8     5   572.4   0.0  64.2   0.2   6.0    17     NNE

Max >=  27.0  0
Max <=   0.0 12
Min <=   0.0 25
Min <= -18.0  0
Max Rain: 15.8 on day 29
Days of Rain: 15 (>= 0.2 mm)  6 (>= 2.0 mm)  0 (>= 20.0 mm)
Heat Base: 18.3  Cool Base: 18.3  Method: Integration