NOAA-Style Climate Reports

Select a Year or Month report
2022: Tam Hel Maa Huh Tou Kes Hei Elo Syy Lok Mar Jou
2021: Tam Hel Maa Huh Tou Kes Hei Elo Syy Lok Mar Jou
2020: Tam Hel Maa Huh Tou Kes Hei Elo Syy Lok Mar Jou
2019: Tam Hel Maa Huh Tou Kes Hei Elo Syy Lok Mar Jou
2018: Tam Hel Maa Huh Tou Kes Hei Elo Syy Lok Mar Jou
2017: Tam Hel Maa Huh Tou Kes Hei Elo Syy Lok Mar Jou

Raportti 2020 Elokuu
                   Monthly Climatological Summary for Aug 2020

Name: Weatherstation Konginkangas   City: Konginkangas   State: Keski-Suomi
Elevation: 104 m  Lat: N 62 45 28   Lon: E 025 47 48

                  Temperature (¬°C), Rain (mm), Wind Speed (m/s)

                                      Heat  Cool        Avg
    Mean                              Deg   Deg         Wind                 Dom
Day Temp  High   Time   Low    Time   Days  Days  Rain  Speed High   Time    Dir
----------------------------------------------------------------------------------
01  14.2  20.4   16:44   7.8   05:57   4.3   0.2   0.0   0.4   4.0   12:35   NNE
02  15.2  20.2   14:01  11.3   00:00   3.2   0.2  12.2   0.2   3.0   11:13   ENE
03  15.2  19.9   16:54  10.5   03:25   3.2   0.1   2.6   0.1   3.0   16:45   SSE
04  16.6  22.1   14:42  10.3   04:55   2.5   0.9   0.4   0.3   5.0   14:51     N
05  15.9  22.7   15:42   8.6   05:45   3.1   0.8   0.0   0.1   4.0   17:05   NNW
06  14.8  17.6   19:34  11.9   04:18   3.5   0.0   1.0   0.0   3.0   12:29     N
07  18.3  24.8   16:29  12.6   04:44   1.5   1.5   0.0   0.1   4.0   11:57    NE
08  20.4  29.9   16:11  11.5   05:17   1.7   3.8   0.0   0.2   3.0   14:40     N
09  19.7  25.8   14:00  12.7   23:58   1.1   2.5   0.0   0.1   4.0   19:29    SW
10  14.9  19.1   16:04   9.6   06:04   3.4   0.0   0.0   0.5   7.0   09:40   NNW
11  13.7  16.8   17:14  10.0   05:03   4.6   0.0   0.0   0.4   4.0   09:38     N
12  13.3  17.7   16:26  10.3   03:53   5.0   0.0   0.0   0.1   3.0   09:23   NNE
13  13.9  20.2   16:14   7.8   03:37   4.5   0.1   0.0   0.3   4.0   16:10   ENE
14  14.3  20.4   16:18   6.2   05:58   4.3   0.3   0.0   0.2   5.0   13:04     N
15  18.3  23.7   15:49  13.8   05:21   1.4   1.4   0.0   0.2   4.0   13:03   NNW
16  14.9  19.7   15:54   6.4   23:58   3.5   0.1   0.0   0.4   4.0   10:22     N
17  11.7  18.7   17:28   4.8   03:46   6.6   0.0   0.0   0.2   5.0   10:35     N
18  12.6  22.9   16:13   1.6   05:38   6.3   0.7   0.0   0.3   3.0   18:20   NNW
19  16.4  25.1   16:40   7.0   02:22   3.4   1.5   2.6   0.2   3.0   16:11     N
20  18.6  25.3   16:27  11.8   05:17   1.9   2.2   0.0   0.3   4.0   13:07     N
21  17.2  24.9   17:16   8.3   05:51   3.1   2.0   0.0   0.4   5.0   11:33   NNW
22  16.9  20.5   13:12  13.9   03:12   1.6   0.2   4.6   0.3   6.0   13:27   NNE
23  17.8  21.9   16:00  13.1   23:54   1.2   0.7   1.8   0.4   6.0   12:49     N
24  13.6  19.1   12:49   6.7   23:59   4.7   0.0   6.2   0.1   4.0   12:01     N
25  10.5  17.7   15:45   3.3   04:34   7.7   0.0   0.0   0.1   3.0   10:15     N
26  11.0  17.2   13:43   6.3   23:47   7.2   0.0   0.2   0.2   4.0   12:26     N
27   9.7  16.9   16:04   3.3   05:37   8.6   0.0   0.2   0.2   4.0   12:29     N
28   9.1  16.9   17:20   2.7   06:39   9.2   0.0   0.0   0.7   4.0   11:16   NNW
29   9.9  17.5   15:43   1.6   06:14   8.3   0.0   0.0   0.3   3.0   14:04     N
30  11.0  16.4   13:11   3.8   05:57   7.2   0.0   0.0   0.6   5.0   10:47     N
31  12.2  17.2   15:47   6.2   23:58   6.1   0.0   0.0   0.9   6.0   13:34     N
----------------------------------------------------------------------------------
    14.6  29.9     8     1.6    18   133.9  19.2  31.8   0.3   7.0    10       N

Max >=  27.0  1
Max <=   0.0  0
Min <=   0.0  0
Min <= -18.0  0
Max Rain: 12.2 on day 2
Days of Rain: 10 (>= 0.2 mm)  5 (>= 2.0 mm)  0 (>= 20.0 mm)
Heat Base: 18.3  Cool Base: 18.3  Method: Integration