NOAA-Style Climate Reports

Select a Year or Month report
2022: Tam Hel Maa Huh Tou Kes Hei Elo Syy Lok Mar Jou
2021: Tam Hel Maa Huh Tou Kes Hei Elo Syy Lok Mar Jou
2020: Tam Hel Maa Huh Tou Kes Hei Elo Syy Lok Mar Jou
2019: Tam Hel Maa Huh Tou Kes Hei Elo Syy Lok Mar Jou
2018: Tam Hel Maa Huh Tou Kes Hei Elo Syy Lok Mar Jou
2017: Tam Hel Maa Huh Tou Kes Hei Elo Syy Lok Mar Jou

Raportti 2022 Maaliskuu
                   Monthly Climatological Summary for Mar 2022

Name: Weatherstation Konginkangas   City: Konginkangas   State: Keski-Suomi
Elevation: 104 m  Lat: N 62 45 28   Lon: E 025 47 48

                  Temperature (¬°C), Rain (mm), Wind Speed (m/s)

                                      Heat  Cool        Avg
    Mean                              Deg   Deg         Wind                 Dom
Day Temp  High   Time   Low    Time   Days  Days  Rain  Speed High   Time    Dir
----------------------------------------------------------------------------------
01   0.2   4.8   15:20  -4.4   02:05  18.0   0.0   0.6   0.5   8.0   11:50     N
02   1.4   4.4   13:45  -1.9   23:44  16.8   0.0   2.6   0.4   5.0   10:12     N
03  -1.1   1.4   12:36  -5.8   00:00  19.4   0.0   0.0   0.3   6.0   10:31     N
04  -6.3  -0.3   13:52 -12.7   23:58  24.5   0.0   0.0   0.1   4.0   14:46     N
05  -7.5   1.4   13:46 -16.4   07:18  25.7   0.0   0.0   0.2   4.0   14:14     N
06  -1.9   2.5   13:23  -6.4   07:12  20.1   0.0   0.2   0.1   5.0   12:06     N
07  -4.7  -1.7   00:00  -7.1   23:59  22.9   0.0   0.0   0.4   5.0   05:38     N
08  -5.7  -3.4   14:54  -7.8   06:48  23.9   0.0   0.0   0.6   6.0   01:33     N
09  -4.7  -3.2   15:37  -6.3   06:39  23.0   0.0   0.0   0.4   4.0   13:27     N
10  -1.6   1.1   15:29  -5.8   05:08  19.9   0.0   1.0   0.6   6.0   15:13     N
11   1.1   3.9   13:47  -3.2   23:04  17.2   0.0   1.4   0.1   5.0   00:21     N
12  -1.3   6.5   15:33  -8.7   07:11  19.5   0.0   0.2   0.0   2.0   12:29     N
13  -3.7   5.4   15:43 -10.2   06:13  21.9   0.0   0.0   0.0   1.0   13:15     N
14  -3.1   8.6   14:20 -12.4   05:22  21.4   0.0   0.0   0.0   2.0   12:00     N
15  -1.8   8.9   15:41 -10.3   06:23  20.1   0.0   0.0   0.0   2.0   11:11     N
16  -2.0   8.8   14:38 -10.1   07:06  20.2   0.0   0.0   0.0   2.0   11:56     N
17  -1.2   9.6   15:36 -10.3   07:16  19.4   0.0   0.0   0.1   4.0   11:47     N
18   0.8   5.0   13:22  -5.6   05:12  17.4   0.0   0.0   0.3   6.0   12:34     N
19   1.7   7.4   15:36  -4.6   06:55  16.6   0.0   0.0   0.3   5.0   12:00     N
20   4.8  10.9   15:41   0.2   00:00  13.5   0.0   0.0   0.1   4.0   05:35     N
21   2.8  10.4   12:28  -3.9   06:34  15.4   0.0   0.0   0.2   7.0   11:00     N
22   1.2   8.2   15:36  -4.0   06:25  17.0   0.0   0.0   0.1   4.0   12:18     N
23  -0.2   8.0   15:34  -6.9   06:14  18.5   0.0   0.0   0.1   2.0   14:21     N
24   4.0   9.2   15:09  -0.3   05:49  14.3   0.0   0.0   0.1   6.0   10:23     N
25   2.5   4.1   15:07   1.1   23:59  15.7   0.0   5.2   0.2   6.0   23:49     N
26  -2.0   1.1   00:00  -5.8   23:58  20.2   0.0   0.8   1.0   7.0   11:19     N
27  -4.6  -0.2   15:02  -9.9   06:58  22.8   0.0   0.0   0.4   5.0   18:54     N
28  -4.0   0.6   08:50  -9.9   23:59  22.2   0.0   0.2   0.5   4.0   10:34     N
29  -8.3  -1.6   14:04 -16.9   07:51  26.5   0.0   0.2   0.3   6.0   15:27     N
30  -4.1   0.4   16:41  -7.8   02:20  22.3   0.0   0.0   0.1   5.0   15:48     N
31  -5.1   0.4   14:50 -10.4   23:59  23.3   0.0   0.0   0.1   4.0   12:24     N
----------------------------------------------------------------------------------
    -1.8  10.9    20   -16.9    29   619.6   0.0  12.4   0.2   8.0     1       N

Max >=  27.0  0
Max <=   0.0  6
Min <=   0.0 29
Min <= -18.0  0
Max Rain: 5.2 on day 25
Days of Rain: 10 (>= 0.2 mm)  2 (>= 2.0 mm)  0 (>= 20.0 mm)
Heat Base: 18.3  Cool Base: 18.3  Method: Integration