NOAA-Style Climate Reports

Select a Year or Month report
2022: Tam Hel Maa Huh Tou Kes Hei Elo Syy Lok Mar Jou
2021: Tam Hel Maa Huh Tou Kes Hei Elo Syy Lok Mar Jou
2020: Tam Hel Maa Huh Tou Kes Hei Elo Syy Lok Mar Jou
2019: Tam Hel Maa Huh Tou Kes Hei Elo Syy Lok Mar Jou
2018: Tam Hel Maa Huh Tou Kes Hei Elo Syy Lok Mar Jou
2017: Tam Hel Maa Huh Tou Kes Hei Elo Syy Lok Mar Jou

Raportti 2022 Kesäkuu
                   Monthly Climatological Summary for Jun 2022

Name: Weatherstation Konginkangas   City: Konginkangas   State: Keski-Suomi
Elevation: 104 m  Lat: N 62 45 28   Lon: E 025 47 48

                  Temperature (¬°C), Rain (mm), Wind Speed (m/s)

                                      Heat  Cool        Avg
    Mean                              Deg   Deg         Wind                 Dom
Day Temp  High   Time   Low    Time   Days  Days  Rain  Speed High   Time    Dir
----------------------------------------------------------------------------------
01  14.1  18.6   17:59  10.9   04:45   4.2   0.0   0.0   0.9   6.0   11:18     N
02  12.3  16.1   09:22  10.1   05:09   5.9   0.0  10.6   1.4   9.0   10:46     N
03  11.9  16.7   16:56   8.9   23:57   6.3   0.0   3.4   0.4   4.0   00:16     N
04  12.5  17.0   16:47   6.8   02:11   5.8   0.0   3.4   0.1   4.0   10:24     N
05  11.7  16.1   16:44   7.2   23:59   6.6   0.0   0.0   0.2   4.0   09:03     N
06  11.8  19.1   16:06   3.3   04:11   6.5   0.0   0.0   0.4   5.0   16:11     N
07  14.5  23.4   16:28   1.7   04:17   5.1   1.3   0.0   0.6   5.0   15:03     N
08  13.4  20.8   10:15   8.3   02:50   5.1   0.2   0.6   0.3   4.0   12:59     N
09  15.0  19.4   10:45  11.2   23:58   3.3   0.0   0.0   0.2   4.0   14:57     N
10  14.5  19.4   17:58   9.4   02:45   3.8   0.1   0.0   0.2   4.0   08:54     N
11  17.5  23.0   17:02  11.2   05:14   2.0   1.2   0.0   0.3   5.0   16:59     N
12  17.5  23.1   16:52  11.7   04:59   2.0   1.3   0.0   0.6   5.0   17:12     N
13  14.7  20.8   16:20   9.4   03:32   3.7   0.2   4.0   0.2   4.0   10:44     N
14  14.7  19.6   15:33   9.9   04:55   3.7   0.1   4.6   0.1   4.0   17:47     N
15  15.9  21.7   15:50   9.1   05:06   3.1   0.6   0.0   0.6   6.0   11:08     N
16  10.0  12.6   01:27   8.3   23:22   8.2   0.0   5.4   0.6   5.0   09:05     N
17  11.3  16.8   17:47   8.4   00:00   6.9   0.0   0.2   0.4   7.0   14:45     N
18  12.1  17.8   11:19   4.7   03:57   6.2   0.0   4.2   0.4   5.0   11:56     N
19  11.4  12.8   00:00   9.7   09:30   6.8   0.0   1.2   0.2   4.0   13:09     N
20  13.8  18.4   16:20   9.2   23:59   4.5   0.0   0.2   0.7   5.0   13:22     N
21  14.3  20.8   17:13   4.6   03:57   4.3   0.4   0.8   0.2   4.0   13:47     N
22  16.1  22.7   14:23   9.0   02:51   2.8   0.6   0.0   0.3   5.0   18:05     N
23  17.0  21.2   18:27  13.2   05:01   2.0   0.6   0.0   0.3   5.0   10:06     N
24  20.5  29.2   16:29   9.2   04:17   2.1   4.3   0.0   0.2   4.0   13:06     N
25  23.0  30.4   16:41  13.4   04:38   0.7   5.4   0.0   0.1   5.0   15:50   NNW
26  23.2  30.8   16:31  12.5   04:42   1.0   5.9   0.0   0.2   4.0   11:09   NNW
27  23.7  31.4   17:02  14.2   04:18   0.7   6.1   0.0   0.2   4.0   15:11    SE
28  21.6  25.9   16:25  15.3   04:34   0.4   3.6   0.0   1.2   7.0   18:55     N
29  22.0  27.0   16:14  15.4   23:59   0.1   3.9   0.0   0.4   5.0   11:12   NNE
30  20.9  28.4   16:27   9.3   04:31   1.9   4.5   0.0   0.4   3.0   13:41    SE
----------------------------------------------------------------------------------
    15.8  31.4    27     1.7     7   115.7  40.3  38.6   0.4   9.0     2       N

Max >=  27.0  6
Max <=   0.0  0
Min <=   0.0  0
Min <= -18.0  0
Max Rain: 10.6 on day 2
Days of Rain: 12 (>= 0.2 mm)  7 (>= 2.0 mm)  0 (>= 20.0 mm)
Heat Base: 18.3  Cool Base: 18.3  Method: Integration