NOAA-Style Climate Reports
Select a Year or Month report
2024: Tam Hel Maa Huh Tou Kes Hei Elo Syy Lok Mar Jou
2023: Tam Hel Maa Huh Tou Kes Hei Elo Syy Lok Mar Jou
2022: Tam Hel Maa Huh Tou Kes Hei Elo Syy Lok Mar Jou
2021: Tam Hel Maa Huh Tou Kes Hei Elo Syy Lok Mar Jou
2020: Tam Hel Maa Huh Tou Kes Hei Elo Syy Lok Mar Jou
2019: Tam Hel Maa Huh Tou Kes Hei Elo Syy Lok Mar Jou
2018: Tam Hel Maa Huh Tou Kes Hei Elo Syy Lok Mar Jou
2017: Tam Hel Maa Huh Tou Kes Hei Elo Syy Lok Mar Jou
2016: Tam Hel Maa Huh Tou Kes Hei Elo Syy Lok Mar Jou
2015: Tam Hel Maa Huh Tou Kes Hei Elo Syy Lok Mar Jou
2014: Tam Hel Maa Huh Tou Kes Hei Elo Syy Lok Mar Jou
2013: Tam Hel Maa Huh Tou Kes Hei Elo Syy Lok Mar Jou
2012: Tam Hel Maa Huh Tou Kes Hei Elo Syy Lok Mar Jou
2024: Tam Hel Maa Huh Tou Kes Hei Elo Syy Lok Mar Jou
2023: Tam Hel Maa Huh Tou Kes Hei Elo Syy Lok Mar Jou
2022: Tam Hel Maa Huh Tou Kes Hei Elo Syy Lok Mar Jou
2021: Tam Hel Maa Huh Tou Kes Hei Elo Syy Lok Mar Jou
2020: Tam Hel Maa Huh Tou Kes Hei Elo Syy Lok Mar Jou
2019: Tam Hel Maa Huh Tou Kes Hei Elo Syy Lok Mar Jou
2018: Tam Hel Maa Huh Tou Kes Hei Elo Syy Lok Mar Jou
2017: Tam Hel Maa Huh Tou Kes Hei Elo Syy Lok Mar Jou
2016: Tam Hel Maa Huh Tou Kes Hei Elo Syy Lok Mar Jou
2015: Tam Hel Maa Huh Tou Kes Hei Elo Syy Lok Mar Jou
2014: Tam Hel Maa Huh Tou Kes Hei Elo Syy Lok Mar Jou
2013: Tam Hel Maa Huh Tou Kes Hei Elo Syy Lok Mar Jou
2012: Tam Hel Maa Huh Tou Kes Hei Elo Syy Lok Mar Jou
Raportti 2024 Maaliskuu
Monthly Climatological Summary for Mar 2024 Name: Weatherstation Vihtavuori City: Vihtavuori, Laukaa State: Finland Elevation: 104 m Lat: N 62 22 04 Lon: E 025 54 14 Temperature (°C), Rain (mm), Wind Speed (m/s) Heat Cool Avg Mean Deg Deg Wind Dom Day Temp High Time Low Time Days Days Rain Speed High Time Dir ---------------------------------------------------------------------------------- 01 0.1 0.9 12:34 -1.2 23:39 18.2 0.0 0.2 1.0 6.0 08:23 SSE 02 -0.4 0.7 15:48 -1.4 02:35 18.7 0.0 0.2 0.2 4.0 08:12 SE 03 0.1 0.9 16:13 -0.7 04:45 18.2 0.0 0.0 0.0 4.0 00:43 SE 04 0.2 1.4 15:30 -2.5 23:57 18.1 0.0 0.0 0.1 5.0 19:02 NE 05 -2.8 3.3 16:53 -7.6 23:54 21.1 0.0 0.0 0.0 3.0 12:09 ESE 06 -5.0 0.3 16:18 -10.7 07:25 23.2 0.0 0.0 0.2 4.0 11:19 NNW 07 -3.5 -2.3 16:15 -4.3 23:57 21.8 0.0 0.0 0.2 4.0 22:10 WNW 08 -2.7 -0.3 16:10 -5.2 06:14 21.0 0.0 0.0 0.3 5.0 14:32 NNW 09 -2.4 -0.6 16:55 -5.1 21:47 20.7 0.0 0.0 0.2 4.0 12:57 NNW 10 -1.0 3.3 15:45 -5.4 02:24 19.2 0.0 0.0 0.0 2.0 17:56 SW 11 -1.5 4.8 16:14 -7.5 23:59 19.8 0.0 0.0 0.2 4.0 11:09 SW 12 -4.6 3.8 14:54 -12.2 07:24 22.8 0.0 0.0 0.1 4.0 15:18 S 13 -3.0 3.2 12:38 -10.6 05:49 21.2 0.0 0.0 0.2 4.0 22:55 S 14 2.0 4.1 23:41 0.3 00:00 16.3 0.0 1.2 1.8 8.0 12:50 S 15 4.6 7.3 13:40 3.3 23:05 13.7 0.0 3.0 1.5 9.0 07:46 SSW 16 1.9 3.9 03:38 -2.6 23:59 16.3 0.0 6.0 0.7 6.0 17:00 WNW 17 -4.1 -1.4 16:51 -10.0 23:57 22.4 0.0 0.4 1.3 8.0 09:44 N 18 -6.7 3.2 17:16 -14.6 06:48 25.0 0.0 0.6 0.0 5.0 13:07 E ---------------------------------------------------------------------------------- -1.6 7.3 15 -14.6 18 357.7 0.0 11.6 0.4 9.0 15 SSW Max >= 27.0 0 Max <= 0.0 4 Min <= 0.0 16 Min <= -18.0 0 Max Rain: 6.0 on day 16 Days of Rain: 7 (>= 0.2 mm) 2 (>= 2.0 mm) 0 (>= 20.0 mm) Heat Base: 18.3 Cool Base: 18.3 Method: Integration