Laukaa, Finland
Kieli:  Suomi
CurCond
Päivitetty08/10/2019 09:50 
 

NOAA-Style Climate Reports


Raportti 2019 Helmikuu
                   Monthly Climatological Summary for Feb 2019

Name: Weatherstation Vihtavuori   City: Vihtavuori, Laukaa   State: Finland
Elevation: 104 m  Lat: N 62 22 04   Lon: E 025 54 14

                  Temperature (°C), Rain (mm), Wind Speed (m/s)

                                      Heat  Cool        Avg
    Mean                              Deg   Deg         Wind                 Dom
Day Temp  High   Time   Low    Time   Days  Days  Rain  Speed High   Time    Dir
----------------------------------------------------------------------------------
01 -12.6 -10.0   04:25 -18.3   22:24  30.9   0.0   0.0   0.0   2.0   11:26    NE
02 -13.9 -12.1   19:40 -18.0   00:00  32.2   0.0   0.0   0.4   5.0   21:29   NNE
03 -11.2  -6.9   23:57 -13.2   04:59  29.5   0.0   0.0   1.7   8.0   14:45    NE
04  -7.3  -3.9   07:55 -12.7   23:58  25.6   0.0   0.0   0.6   6.0   08:17   SSW
05  -8.0  -4.7   15:09 -12.8   00:22  26.3   0.0   0.0   0.0   3.0   22:10   NNW
06 -11.4  -7.9   00:00 -15.6   09:47  29.6   0.0   0.0   0.0   4.0   03:20   NNW
07  -4.2  -1.1   17:37  -8.6   00:00  22.4   0.0   0.0   0.1   4.0   01:20     S
08  -0.5   0.9   21:34  -2.1   05:03  18.8   0.0   0.0   0.7   8.0   23:16   SSE
09   0.6   1.3   15:42  -0.2   08:08  17.7   0.0   2.8   1.4   9.0   05:27     S
10   1.0   2.0   15:56   0.1   05:00  17.3   0.0   7.6   1.4   7.0   00:57   SSE
11   0.7   1.3   06:57  -1.0   23:57  17.6   0.0   2.4   0.5   5.0   00:04     S
12  -5.1  -1.0   00:00 -10.7   23:59  23.4   0.0   0.2   0.5   6.0   03:06   WNW
13  -5.9  -0.4   23:58 -13.0   03:33  24.2   0.0   0.0   0.1   4.0   18:50     S
14  -0.4   2.2   23:34  -3.3   09:53  18.7   0.0   0.0   1.5   9.0   19:12   SSW
15   4.0   6.8   13:56  -1.7   22:43  14.3   0.0   1.6   2.1  13.0   04:44   WSW
16   1.7   4.7   15:37  -2.1   03:56  16.6   0.0   0.0   2.0  12.0   22:01   SSW
17  -0.1   1.8   13:55  -5.9   23:59  18.4   0.0   0.0   2.0  13.0   03:26   WNW
18  -3.3   2.3   23:59  -9.6   06:14  21.6   0.0   0.2   1.6  10.0   21:06     S
19   2.1   2.9   11:34   1.2   20:21  16.2   0.0   1.4   1.6   9.0   00:10   SSW
20  -3.1   1.6   01:06  -7.7   23:56  21.4   0.0   0.0   2.0  13.0   20:55   WNW
21  -9.7  -6.2   16:25 -12.6   07:50  28.0   0.0   0.0   1.0   9.0   00:19   NNW
22 -11.4  -5.4   15:01 -19.4   08:39  29.6   0.0   0.0   1.0   9.0   22:11   SSW
23   1.9   7.8   15:21  -6.6   00:00  16.4   0.0   1.8   1.5   9.0   04:17    SW
24   1.7   4.0   23:17  -1.4   05:01  16.6   0.0   0.4   1.4   9.0   12:09    SW
25   4.4   6.7   15:09   1.8   23:59  13.9   0.0   0.0   1.7  13.0   09:04     W
26   1.2   4.6   14:11  -1.4   22:22  17.1   0.0   0.0   0.4   6.0   10:42    NW
27   3.1   6.9   13:50  -0.4   00:00  15.2   0.0   0.2   2.7  13.0   14:24    SW
28  -1.1   4.3   00:00  -7.8   23:38  19.4   0.0   0.0   1.7   8.0   15:16   NNW
----------------------------------------------------------------------------------
    -3.1   7.8    23   -19.4    22   598.9   0.0  18.6   1.1  13.0    15      SW

Max >=  27.0  0
Max <=   0.0 11
Min <=   0.0 25
Min <= -18.0  3
Max Rain: 7.6 on day 10
Days of Rain: 10 (>= 0.2 mm)  3 (>= 2.0 mm)  0 (>= 20.0 mm)
Heat Base: 18.3  Cool Base: 18.3  Method: Integration