Laukaa, Finland
Kieli:  Suomi
CurCond
Päivitetty03/08/2020 23:09 
 

NOAA-Style Climate Reports


Raportti 2020 Tammikuu
                   Monthly Climatological Summary for Jan 2020

Name: Weatherstation Vihtavuori   City: Vihtavuori, Laukaa   State: Finland
Elevation: 104 m  Lat: N 62 22 04   Lon: E 025 54 14

                  Temperature (°C), Rain (mm), Wind Speed (m/s)

                                      Heat  Cool        Avg
    Mean                              Deg   Deg         Wind                 Dom
Day Temp  High   Time   Low    Time   Days  Days  Rain  Speed High   Time    Dir
----------------------------------------------------------------------------------
01   0.0   4.4   23:59  -3.6   00:00  18.3   0.0   0.4   1.5  10.0   22:29    SW
02   3.9   5.6   00:27   2.7   15:56  14.4   0.0   0.0   2.7  13.0   21:29    SW
03   3.1   4.9   05:25  -0.4   22:54  15.2   0.0   1.2   3.6  13.0   00:31   SSW
04  -0.6   0.4   12:03  -1.3   02:28  18.9   0.0   0.0   2.6  10.0   07:05    SW
05  -4.9  -1.1   00:00  -8.4   17:41  23.2   0.0   0.0   1.2  11.0   02:02   WNW
06  -1.2   0.5   17:43  -4.7   01:41  19.5   0.0   0.4   0.9   6.0   13:00     S
07   1.9   3.4   17:15  -0.3   01:05  16.4   0.0   1.4   1.6   8.0   21:08     S
08   3.4   5.2   18:07   0.9   23:58  14.9   0.0   5.8   2.6  12.0   09:12     S
09   0.6   1.7   13:35  -1.4   23:40  17.8   0.0   0.0   2.7  11.0   11:11    SW
10  -2.5  -0.9   13:27  -4.4   10:05  20.8   0.0   0.0   1.0   5.0   03:34    SW
11  -1.7   1.5   18:55  -5.1   05:24  20.0   0.0   0.6   1.4  12.0   20:07     S
12   1.9   3.6   11:42  -0.5   18:53  16.4   0.0   2.6   2.0   9.0   02:49   SSW
13  -0.7   0.0   23:59  -2.4   06:30  19.0   0.0   0.0   1.6   9.0   23:59   SSW
14   1.2   2.3   18:24  -0.1   00:00  17.1   0.0   1.2   2.8  11.0   06:05     S
15   3.5   6.2   15:02   1.4   00:31  14.8   0.0   4.6   2.7  14.0   17:03   SSW
16   2.4   3.6   00:00   1.4   19:41  15.9   0.0   0.0   1.3   9.0   00:13   SSW
17   2.2   3.1   23:17   1.4   01:58  16.1   0.0   2.8   1.5   8.0   03:33   SSW
18   2.5   3.7   03:23   0.8   17:49  15.8   0.0   0.4   0.8   7.0   08:04     S
19   0.5   3.7   02:13  -2.9   22:46  17.8   0.0   1.6   1.2   8.0   10:49    SW
20   0.5   4.2   23:57  -3.1   02:24  17.8   0.0   0.0   2.7  12.0   16:24   SSW
21   4.1   7.9   03:37   0.8   22:37  14.2   0.0   0.0   2.9  13.0   09:24   WSW
22  -0.8   1.5   01:12  -3.1   23:58  19.1   0.0   0.0   1.6   9.0   11:05   WNW
23  -2.6   0.8   23:25  -4.6   10:16  20.9   0.0   0.0   1.1  11.0   23:23   SSW
24  -0.4   1.6   04:49  -2.3   18:41  18.7   0.0   0.0   1.1   7.0   00:02    SW
25  -2.5  -0.4   02:10  -9.1   23:57  20.8   0.0   0.0   1.2   9.0   05:17   WSW
26  -4.6  -2.1   14:18  -9.6   23:57  22.9   0.0   0.0   0.1   5.0   18:10     N
27  -9.8  -6.1   23:51 -13.6   04:11  28.1   0.0   0.0   0.5   4.0   15:59   ENE
28  -3.9  -1.6   21:57  -6.1   00:00  22.2   0.0   0.0   0.5   4.0   07:08     E
29  -0.8   0.1   10:29  -1.7   00:00  19.1   0.0   0.0   0.6   7.0   15:11     E
30  -2.1  -1.2   10:34  -3.4   23:17  20.3   0.0   0.0   0.9   6.0   10:21   ENE
31  -3.1  -2.4   12:49  -4.2   23:48  21.4   0.0   0.0   0.5   4.0   04:44   ENE
----------------------------------------------------------------------------------
    -0.3   7.9    21   -13.6    27   577.8   0.0  23.0   1.6  14.0    15     SSW

Max >=  27.0  0
Max <=   0.0  9
Min <=   0.0 24
Min <= -18.0  0
Max Rain: 5.8 on day 8
Days of Rain: 12 (>= 0.2 mm)  4 (>= 2.0 mm)  0 (>= 20.0 mm)
Heat Base: 18.3  Cool Base: 18.3  Method: Integration