NOAA-Style Climate Reports

Select a Year or Month report
2021: Tam Hel Maa Huh Tou Kes Hei Elo Syy Lok Mar Jou
2020: Tam Hel Maa Huh Tou Kes Hei Elo Syy Lok Mar Jou
2019: Tam Hel Maa Huh Tou Kes Hei Elo Syy Lok Mar Jou
2018: Tam Hel Maa Huh Tou Kes Hei Elo Syy Lok Mar Jou
2017: Tam Hel Maa Huh Tou Kes Hei Elo Syy Lok Mar Jou

Raportti 2021 Helmikuu
                   Monthly Climatological Summary for Feb 2021

Name: Weatherstation Konginkangas   City: Konginkangas   State: Keski-Suomi
Elevation: 104 m  Lat: N 62 45 28   Lon: E 025 47 48

                  Temperature (¬°C), Rain (mm), Wind Speed (m/s)

                                      Heat  Cool        Avg
    Mean                              Deg   Deg         Wind                 Dom
Day Temp  High   Time   Low    Time   Days  Days  Rain  Speed High   Time    Dir
----------------------------------------------------------------------------------
01 -10.6  -7.9   14:27 -13.6   03:47  28.8   0.0   0.0   0.0   1.0   08:46     N
02 -17.7 -10.9   00:00 -22.4   10:18  35.9   0.0   0.0   0.0   0.0   00:00     N
03 -16.6 -13.9   13:45 -19.7   00:15  34.8   0.0   0.0   0.0   1.0   06:29     N
04 -14.7 -11.6   13:41 -17.8   00:43  32.9   0.0   0.0   0.0   1.0   14:01     N
05 -15.1 -11.9   22:42 -17.6   08:00  33.2   0.0   0.0   0.0   1.0   13:50     N
06 -11.8  -9.9   23:51 -13.5   01:22  29.5   0.0   0.0   0.0   0.0   22:11     N
07  -7.9  -5.6   14:31  -9.9   00:00  26.1   0.0   0.0   0.0   2.0   13:53     N
08 -10.6  -8.2   00:34 -15.9   18:56  28.8   0.0   0.0   0.0   1.0   00:23     N
09 -11.6  -9.1   15:27 -15.4   03:20  29.8   0.0   0.0   0.0   0.0   00:00     N
10 -15.2 -10.7   00:00 -19.4   18:56  33.4   0.0   0.0   0.0   0.0   00:00     N
11 -15.6 -11.1   14:16 -20.9   02:34  33.2   0.0   0.0   0.0   1.0   13:41     N
12 -11.5  -7.2   14:37 -15.3   03:31  29.7   0.0   0.0   0.0   0.0   08:24     N
13  -5.5  -3.3   13:52 -10.0   02:34  23.7   0.0   0.0   0.0   1.0   14:21     N
14 -11.2  -5.4   00:00 -13.9   19:49  29.4   0.0   0.0   0.0   2.0   13:44     N
15  -9.0  -4.3   16:57 -15.6   06:13  27.2   0.0   0.0   0.0   4.0   23:19     N
16 -10.1  -4.1   02:24 -20.8   23:59  28.3   0.0   0.0   0.2   4.0   03:58     N
17 -23.8 -18.8   14:45 -28.3   08:27  42.0   0.0   0.0   0.0   1.0   11:18     N
18 -20.7 -10.6   23:52 -31.0   06:39  38.9   0.0   0.0   0.0   3.0   21:41     N
19  -7.9  -6.7   15:49 -10.7   00:00  26.1   0.0   0.0   0.0   2.0   17:43     N
20  -7.9  -7.3   00:00  -8.8   06:57  26.1   0.0   0.0   0.2   4.0   22:44     N
21 -10.4  -7.3   01:46 -11.8   13:50  28.6   0.0   0.0   1.5   5.0   05:19     N
22 -12.7 -11.0   00:02 -13.7   09:04  30.9   0.0   0.0   1.1   7.0   09:38     N
23 -13.8 -12.6   23:21 -15.1   06:51  32.0   0.0   0.0   0.7   5.0   01:47     N
24  -8.6   0.1   23:31 -13.1   04:16  26.8   0.0   0.0   0.1   4.0   15:31     N
25   1.2   2.8   15:15   0.1   00:00  17.0   0.0  25.4   0.0   4.0   13:31   WNW
26   1.3   4.6   13:52  -1.4   08:10  17.0   0.0  21.4   0.1   4.0   15:56   NNW
----------------------------------------------------------------------------------
   -11.5   4.6    26   -31.0    18   770.1   0.0  46.8   0.2   7.0    22       N

Max >=  27.0  0
Max <=   0.0 23
Min <=   0.0 25
Min <= -18.0  7
Max Rain: 25.4 on day 25
Days of Rain: 2 (>= 0.2 mm)  2 (>= 2.0 mm)  2 (>= 20.0 mm)
Heat Base: 18.3  Cool Base: 18.3  Method: Integration