Laukaa, Finland
Kieli:  Suomi
CurCond
Päivitetty27/01/2023 03:56 
 

NOAA-Style Climate Reports


Raportti 2023 Tammikuu
                   Monthly Climatological Summary for Jan 2023

Name: Weatherstation Vihtavuori   City: Vihtavuori, Laukaa   State: Finland
Elevation: 104 m  Lat: N 62 22 04   Lon: E 025 54 14

                  Temperature (°C), Rain (mm), Wind Speed (m/s)

                                      Heat  Cool        Avg
    Mean                              Deg   Deg         Wind                 Dom
Day Temp  High   Time   Low    Time   Days  Days  Rain  Speed High   Time    Dir
----------------------------------------------------------------------------------
01  -0.9   3.3   00:10  -3.9   20:32  19.2   0.0   1.4   1.7   8.0   17:16    SW
02  -5.5  -3.0   07:02  -8.1   18:04  23.8   0.0   0.0   0.4   5.0   00:43    SW
03  -5.5  -4.8   18:57  -7.2   00:00  23.8   0.0   0.0   0.0   2.0   08:34     N
04  -9.2  -5.4   02:02 -14.3   23:59  27.5   0.0   0.0   0.1   4.0   09:22   NNW
05  -9.8  -7.3   14:42 -15.3   03:10  28.1   0.0   0.0   0.2   4.0   16:20     N
06  -9.7  -8.1   00:00 -11.7   23:25  28.0   0.0   0.0   0.0   2.0   00:50   NNW
07 -10.2  -8.7   13:37 -12.8   05:57  28.5   0.0   0.0   0.4   5.0   20:08    SE
08  -9.3  -8.8   05:44 -10.1   10:03  27.6   0.0   0.0   1.7   7.0   19:48   ESE
09  -7.9  -7.0   12:19  -9.0   00:00  26.2   0.0   0.0   1.6   7.0   12:21   ESE
10  -7.9  -5.2   23:59  -8.7   12:12  26.2   0.0   0.0   0.9   5.0   04:35     E
11   0.3   1.4   13:02  -5.3   00:00  18.0   0.0   6.8   0.8   9.0   23:32   SSE
12   0.9   1.6   19:46   0.6   07:39  17.4   0.0   5.6   1.1   7.0   06:23   SSE
13   0.9   2.0   02:39   0.2   21:19  17.3   0.0   1.2   0.3   5.0   00:53     S
14   2.2   2.8   12:43   0.8   00:00  16.1   0.0   4.0   0.4   8.0   04:51   SSE
15   1.2   1.7   10:50   0.3   15:05  17.1   0.0   4.4   0.7   9.0   14:12    SE
16   1.2   2.1   15:06  -0.6   22:57  17.1   0.0   2.6   1.4  10.0   20:40     S
17   0.2   0.8   11:35  -0.7   21:42  18.0   0.0   0.2   1.0  12.0   00:14   ESE
18   0.0   0.8   13:41  -0.9   03:04  18.3   0.0   0.4   0.4   8.0   00:51     E
19  -0.5   0.3   00:00  -2.5   23:08  18.8   0.0   0.0   0.0   4.0   07:00   NNW
20  -3.7  -1.1   05:21 -10.5   23:25  22.0   0.0   0.0   0.0   0.0   00:00     N
21  -2.9  -1.3   13:41  -9.8   00:00  21.1   0.0   0.0   0.0   0.0   00:00     N
22  -5.0  -2.7   00:00  -7.4   23:53  23.3   0.0   0.0   0.0   0.0   00:00     N
23  -6.6  -2.8   23:19  -9.2   06:26  24.9   0.0   0.0   0.3   6.0   23:46     S
24  -1.5   0.1   21:49  -3.7   04:32  19.8   0.0   0.0   0.8   6.0   09:52   SSW
25   1.5   3.3   17:42  -0.5   03:05  16.8   0.0  12.8   2.1  10.0   17:55   SSW
26   0.4   2.9   00:00  -3.6   23:54  17.9   0.0   0.0   0.2   6.0   00:20   WSW
----------------------------------------------------------------------------------
    -3.4   3.3     1   -15.3     5   562.8   0.0  39.4   0.7  12.0    17     SSE

Max >=  27.0  0
Max <=   0.0 13
Min <=   0.0 22
Min <= -18.0  0
Max Rain: 12.8 on day 25
Days of Rain: 10 (>= 0.2 mm)  6 (>= 2.0 mm)  0 (>= 20.0 mm)
Heat Base: 18.3  Cool Base: 18.3  Method: Integration