NOAA-Style Climate Reports
Select a Year or Month report
2024: Tam Hel Maa Huh Tou Kes Hei Elo Syy Lok Mar Jou
2023: Tam Hel Maa Huh Tou Kes Hei Elo Syy Lok Mar Jou
2022: Tam Hel Maa Huh Tou Kes Hei Elo Syy Lok Mar Jou
2021: Tam Hel Maa Huh Tou Kes Hei Elo Syy Lok Mar Jou
2020: Tam Hel Maa Huh Tou Kes Hei Elo Syy Lok Mar Jou
2019: Tam Hel Maa Huh Tou Kes Hei Elo Syy Lok Mar Jou
2018: Tam Hel Maa Huh Tou Kes Hei Elo Syy Lok Mar Jou
2017: Tam Hel Maa Huh Tou Kes Hei Elo Syy Lok Mar Jou
2016: Tam Hel Maa Huh Tou Kes Hei Elo Syy Lok Mar Jou
2015: Tam Hel Maa Huh Tou Kes Hei Elo Syy Lok Mar Jou
2014: Tam Hel Maa Huh Tou Kes Hei Elo Syy Lok Mar Jou
2013: Tam Hel Maa Huh Tou Kes Hei Elo Syy Lok Mar Jou
2012: Tam Hel Maa Huh Tou Kes Hei Elo Syy Lok Mar Jou
2024: Tam Hel Maa Huh Tou Kes Hei Elo Syy Lok Mar Jou
2023: Tam Hel Maa Huh Tou Kes Hei Elo Syy Lok Mar Jou
2022: Tam Hel Maa Huh Tou Kes Hei Elo Syy Lok Mar Jou
2021: Tam Hel Maa Huh Tou Kes Hei Elo Syy Lok Mar Jou
2020: Tam Hel Maa Huh Tou Kes Hei Elo Syy Lok Mar Jou
2019: Tam Hel Maa Huh Tou Kes Hei Elo Syy Lok Mar Jou
2018: Tam Hel Maa Huh Tou Kes Hei Elo Syy Lok Mar Jou
2017: Tam Hel Maa Huh Tou Kes Hei Elo Syy Lok Mar Jou
2016: Tam Hel Maa Huh Tou Kes Hei Elo Syy Lok Mar Jou
2015: Tam Hel Maa Huh Tou Kes Hei Elo Syy Lok Mar Jou
2014: Tam Hel Maa Huh Tou Kes Hei Elo Syy Lok Mar Jou
2013: Tam Hel Maa Huh Tou Kes Hei Elo Syy Lok Mar Jou
2012: Tam Hel Maa Huh Tou Kes Hei Elo Syy Lok Mar Jou
Raportti 2024 Huhtikuu
Monthly Climatological Summary for Apr 2024 Name: Weatherstation Vihtavuori City: Vihtavuori, Laukaa State: Finland Elevation: 104 m Lat: N 62 22 04 Lon: E 025 54 14 Temperature (°C), Rain (mm), Wind Speed (m/s) Heat Cool Avg Mean Deg Deg Wind Dom Day Temp High Time Low Time Days Days Rain Speed High Time Dir ---------------------------------------------------------------------------------- 01 2.3 4.9 16:09 -0.7 02:42 15.9 0.0 1.4 0.0 4.0 19:42 NNW 02 -1.0 0.9 00:00 -2.3 23:00 19.2 0.0 0.2 1.2 8.0 16:59 N 03 -3.0 -1.7 16:33 -4.6 23:54 21.3 0.0 0.0 2.2 9.0 16:03 N 04 -4.9 0.2 15:54 -9.3 07:02 23.1 0.0 0.0 0.9 8.0 00:13 NNW 05 -5.4 -1.4 16:18 -10.7 03:36 23.7 0.0 0.0 1.5 9.0 13:33 E 06 -2.4 1.3 17:38 -6.2 23:58 20.7 0.0 0.2 0.2 5.0 14:24 NW 07 -1.6 6.2 23:50 -8.7 03:37 19.9 0.0 8.6 0.9 8.0 23:01 S 08 6.6 10.7 13:34 3.9 07:16 11.7 0.0 0.4 1.6 9.0 00:40 SSW 09 6.1 14.9 17:36 0.4 02:28 12.1 0.0 0.0 0.1 4.0 14:40 ESE 10 5.9 13.1 14:10 -0.3 03:12 12.4 0.0 0.0 0.6 9.0 17:49 S 11 6.4 11.4 15:37 3.2 23:54 11.9 0.0 1.8 3.1 14.0 13:59 SW 12 5.4 11.2 17:05 -0.2 23:58 12.9 0.0 2.4 0.4 7.0 16:04 WSW 13 6.0 14.7 16:59 -2.0 06:40 12.3 0.0 0.6 0.6 7.0 11:11 SSW 14 7.3 13.1 17:29 3.8 07:17 11.0 0.0 0.4 0.5 8.0 03:43 SSW 15 4.4 7.2 15:50 2.6 03:11 13.9 0.0 0.0 0.7 6.0 12:50 NNW 16 3.5 6.0 15:31 1.4 23:53 14.8 0.0 1.2 0.1 4.0 14:21 NNW 17 -1.0 1.4 00:00 -2.1 23:06 19.3 0.0 0.2 0.8 6.0 08:19 N ---------------------------------------------------------------------------------- 2.0 14.9 9 -10.7 5 276.1 0.0 17.4 0.9 14.0 11 WSW Max >= 27.0 0 Max <= 0.0 2 Min <= 0.0 11 Min <= -18.0 0 Max Rain: 8.6 on day 7 Days of Rain: 11 (>= 0.2 mm) 2 (>= 2.0 mm) 0 (>= 20.0 mm) Heat Base: 18.3 Cool Base: 18.3 Method: Integration